{"id":62674,"date":"2025-09-01T03:04:32","date_gmt":"2025-09-01T01:04:32","guid":{"rendered":"https:\/\/zdesmedicpro-velepro.kuhada.net\/?post_type=product&#038;p=62674"},"modified":"2026-03-20T00:42:17","modified_gmt":"2026-03-19T23:42:17","slug":"podtape-za-bandazu-7cm-x-27m-crni","status":"publish","type":"product","link":"https:\/\/medicpro.hr\/veleprodaja\/proizvod\/podtape-za-bandazu-7cm-x-27m-crni\/","title":{"rendered":"PODTAPE ZA BANDA\u017dU 7cm x 27m, CRNI"},"content":{"rendered":"<ul>\n<li>Podtape za banda\u017eu<strong> izra\u0111en od meke, sitneti\u010dke poliuretanske pjene koja je rastezljiva, lagana i prozra\u010dna<\/strong>.<\/li>\n<li><strong>Pru\u017ea za\u0161titni sloj izme\u0111u ko\u017ee i tape-a kako bi sprije\u010dio iritaciju i nelagodu<\/strong>.<\/li>\n<li>Pobolj\u0161ava prianjanje trake i smanjuje rizik od njenog klizanja.<\/li>\n<li>Lagan i prozra\u010dan materijal osigurava <strong>ugodno kori\u0161tenje tijekom fizi\u010dke aktivnosti<\/strong>.<\/li>\n<li>Jednostavno i bezbolno uklanjanje bez \u010dupanja ko\u017ee.<\/li>\n<li><strong>Pogodan za razli\u010dite dijelove tijela, uklju\u010duju\u0107i zglobove i osjetljiva podru\u010dja<\/strong>.<\/li>\n<li>U skladu s me\u0111unarodnim standardima kvalitete.<\/li>\n<li>Dostupan i u <a href=\"https:\/\/medicpro.hr\/veleprodaja\/proizvod\/podtape-za-bandazu-7cm-x-27m-bijeli\/\">bijeloj<\/a> te <a href=\"https:\/\/medicpro.hr\/veleprodaja\/proizvod\/podtape-za-bandazu-7cm-x-27m-bez\/\">be\u017e<\/a> boji.<\/li>\n<li>Cijena se odnosi na jedan komad.<\/li>\n<\/ul>\n","protected":false},"excerpt":{"rendered":"<p>Podtape za banda\u017eu izra\u0111en od meke, sitneti\u010dke poliuretanske pjene koja je rastezljiva, lagana i prozra\u010dna. Pru\u017ea za\u0161titni sloj izme\u0111u ko\u017ee<\/p>\n","protected":false},"featured_media":54860,"comment_status":"closed","ping_status":"closed","template":"","meta":[],"product_brand":[],"product_cat":[765,838,839,805],"product_tag":[],"class_list":{"0":"post-62674","1":"product","2":"type-product","3":"status-publish","4":"has-post-thumbnail","6":"product_cat-kutak-za-sportase","7":"product_cat-d3-tape-kutak-za-sportase","8":"product_cat-sportske-bandaze-d3-tape-kutak-za-sportase","9":"product_cat-sportske-bandaze","11":"first","12":"instock","13":"taxable","14":"shipping-taxable","15":"purchasable","16":"product-type-simple"},"acf":[],"yoast_head":"<!-- This site is optimized with the Yoast SEO plugin v27.3 - https:\/\/yoast.com\/product\/yoast-seo-wordpress\/ -->\n<title>PODTAPE ZA BANDA\u017dU 7cm x 27m, CRNI - Medicpro<\/title>\n<meta name=\"robots\" content=\"index, follow, max-snippet:-1, max-image-preview:large, max-video-preview:-1\" \/>\n<link rel=\"canonical\" href=\"https:\/\/medicpro.hr\/veleprodaja\/proizvod\/podtape-za-bandazu-7cm-x-27m-crni\/\" \/>\n<meta property=\"og:locale\" content=\"hr_HR\" \/>\n<meta property=\"og:type\" content=\"article\" \/>\n<meta property=\"og:title\" content=\"PODTAPE ZA BANDA\u017dU 7cm x 27m, CRNI - Medicpro\" \/>\n<meta property=\"og:description\" content=\"Podtape za banda\u017eu izra\u0111en od meke, sitneti\u010dke poliuretanske pjene koja je rastezljiva, lagana i prozra\u010dna. Pru\u017ea za\u0161titni sloj izme\u0111u ko\u017ee\" \/>\n<meta property=\"og:url\" content=\"https:\/\/medicpro.hr\/veleprodaja\/proizvod\/podtape-za-bandazu-7cm-x-27m-crni\/\" \/>\n<meta property=\"og:site_name\" content=\"Medicpro\" \/>\n<meta property=\"article:modified_time\" content=\"2026-03-19T23:42:17+00:00\" \/>\n<meta property=\"og:image\" content=\"https:\/\/medicpro.hr\/veleprodaja\/wp-content\/uploads\/2025\/06\/podtape-za-bandazu-7-cm-x-27-m-crni-2.png\" \/>\n\t<meta property=\"og:image:width\" content=\"1890\" \/>\n\t<meta property=\"og:image:height\" content=\"1890\" \/>\n\t<meta property=\"og:image:type\" content=\"image\/png\" \/>\n<meta name=\"twitter:card\" content=\"summary_large_image\" \/>\n<meta name=\"twitter:label1\" content=\"Procijenjeno vrijeme \u010ditanja\" \/>\n\t<meta name=\"twitter:data1\" content=\"1 minuta\" \/>\n<script type=\"application\/ld+json\" class=\"yoast-schema-graph\">{\"@context\":\"https:\\\/\\\/schema.org\",\"@graph\":[{\"@type\":\"WebPage\",\"@id\":\"https:\\\/\\\/medicpro.hr\\\/veleprodaja\\\/proizvod\\\/podtape-za-bandazu-7cm-x-27m-crni\\\/\",\"url\":\"https:\\\/\\\/medicpro.hr\\\/veleprodaja\\\/proizvod\\\/podtape-za-bandazu-7cm-x-27m-crni\\\/\",\"name\":\"PODTAPE ZA BANDA\u017dU 7cm x 27m, CRNI - Medicpro\",\"isPartOf\":{\"@id\":\"https:\\\/\\\/medicpro.hr\\\/veleprodaja\\\/#website\"},\"primaryImageOfPage\":{\"@id\":\"https:\\\/\\\/medicpro.hr\\\/veleprodaja\\\/proizvod\\\/podtape-za-bandazu-7cm-x-27m-crni\\\/#primaryimage\"},\"image\":{\"@id\":\"https:\\\/\\\/medicpro.hr\\\/veleprodaja\\\/proizvod\\\/podtape-za-bandazu-7cm-x-27m-crni\\\/#primaryimage\"},\"thumbnailUrl\":\"https:\\\/\\\/medicpro.hr\\\/veleprodaja\\\/wp-content\\\/uploads\\\/2025\\\/06\\\/podtape-za-bandazu-7-cm-x-27-m-crni-2.png\",\"datePublished\":\"2025-09-01T01:04:32+00:00\",\"dateModified\":\"2026-03-19T23:42:17+00:00\",\"breadcrumb\":{\"@id\":\"https:\\\/\\\/medicpro.hr\\\/veleprodaja\\\/proizvod\\\/podtape-za-bandazu-7cm-x-27m-crni\\\/#breadcrumb\"},\"inLanguage\":\"hr\",\"potentialAction\":[{\"@type\":\"ReadAction\",\"target\":[\"https:\\\/\\\/medicpro.hr\\\/veleprodaja\\\/proizvod\\\/podtape-za-bandazu-7cm-x-27m-crni\\\/\"]}]},{\"@type\":\"ImageObject\",\"inLanguage\":\"hr\",\"@id\":\"https:\\\/\\\/medicpro.hr\\\/veleprodaja\\\/proizvod\\\/podtape-za-bandazu-7cm-x-27m-crni\\\/#primaryimage\",\"url\":\"https:\\\/\\\/medicpro.hr\\\/veleprodaja\\\/wp-content\\\/uploads\\\/2025\\\/06\\\/podtape-za-bandazu-7-cm-x-27-m-crni-2.png\",\"contentUrl\":\"https:\\\/\\\/medicpro.hr\\\/veleprodaja\\\/wp-content\\\/uploads\\\/2025\\\/06\\\/podtape-za-bandazu-7-cm-x-27-m-crni-2.png\",\"width\":1890,\"height\":1890},{\"@type\":\"BreadcrumbList\",\"@id\":\"https:\\\/\\\/medicpro.hr\\\/veleprodaja\\\/proizvod\\\/podtape-za-bandazu-7cm-x-27m-crni\\\/#breadcrumb\",\"itemListElement\":[{\"@type\":\"ListItem\",\"position\":1,\"name\":\"Po\u010detna stranica\",\"item\":\"https:\\\/\\\/medicpro.hr\\\/veleprodaja\\\/\"},{\"@type\":\"ListItem\",\"position\":2,\"name\":\"Veleprodaja\",\"item\":\"https:\\\/\\\/medicpro.hr\\\/veleprodaja\\\/trgovina\\\/\"},{\"@type\":\"ListItem\",\"position\":3,\"name\":\"PODTAPE ZA BANDA\u017dU 7cm x 27m, CRNI\"}]},{\"@type\":\"WebSite\",\"@id\":\"https:\\\/\\\/medicpro.hr\\\/veleprodaja\\\/#website\",\"url\":\"https:\\\/\\\/medicpro.hr\\\/veleprodaja\\\/\",\"name\":\"Medicpro.hr\",\"description\":\"Medicinski potro\u0161ni materijal i oprema\",\"publisher\":{\"@id\":\"https:\\\/\\\/medicpro.hr\\\/veleprodaja\\\/#organization\"},\"potentialAction\":[{\"@type\":\"SearchAction\",\"target\":{\"@type\":\"EntryPoint\",\"urlTemplate\":\"https:\\\/\\\/medicpro.hr\\\/veleprodaja\\\/?s={search_term_string}\"},\"query-input\":{\"@type\":\"PropertyValueSpecification\",\"valueRequired\":true,\"valueName\":\"search_term_string\"}}],\"inLanguage\":\"hr\"},{\"@type\":\"Organization\",\"@id\":\"https:\\\/\\\/medicpro.hr\\\/veleprodaja\\\/#organization\",\"name\":\"Medicpro d.o.o.\",\"url\":\"https:\\\/\\\/medicpro.hr\\\/veleprodaja\\\/\",\"logo\":{\"@type\":\"ImageObject\",\"inLanguage\":\"hr\",\"@id\":\"https:\\\/\\\/medicpro.hr\\\/veleprodaja\\\/#\\\/schema\\\/logo\\\/image\\\/\",\"url\":\"https:\\\/\\\/medicpro.hr\\\/veleprodaja\\\/wp-content\\\/uploads\\\/2025\\\/05\\\/medicpro_logo.svg\",\"contentUrl\":\"https:\\\/\\\/medicpro.hr\\\/veleprodaja\\\/wp-content\\\/uploads\\\/2025\\\/05\\\/medicpro_logo.svg\",\"width\":226,\"height\":42,\"caption\":\"Medicpro d.o.o.\"},\"image\":{\"@id\":\"https:\\\/\\\/medicpro.hr\\\/veleprodaja\\\/#\\\/schema\\\/logo\\\/image\\\/\"}}]}<\/script>\n<!-- \/ Yoast SEO plugin. -->","yoast_head_json":{"title":"PODTAPE ZA BANDA\u017dU 7cm x 27m, CRNI - Medicpro","robots":{"index":"index","follow":"follow","max-snippet":"max-snippet:-1","max-image-preview":"max-image-preview:large","max-video-preview":"max-video-preview:-1"},"canonical":"https:\/\/medicpro.hr\/veleprodaja\/proizvod\/podtape-za-bandazu-7cm-x-27m-crni\/","og_locale":"hr_HR","og_type":"article","og_title":"PODTAPE ZA BANDA\u017dU 7cm x 27m, CRNI - Medicpro","og_description":"Podtape za banda\u017eu izra\u0111en od meke, sitneti\u010dke poliuretanske pjene koja je rastezljiva, lagana i prozra\u010dna. Pru\u017ea za\u0161titni sloj izme\u0111u ko\u017ee","og_url":"https:\/\/medicpro.hr\/veleprodaja\/proizvod\/podtape-za-bandazu-7cm-x-27m-crni\/","og_site_name":"Medicpro","article_modified_time":"2026-03-19T23:42:17+00:00","og_image":[{"width":1890,"height":1890,"url":"https:\/\/medicpro.hr\/veleprodaja\/wp-content\/uploads\/2025\/06\/podtape-za-bandazu-7-cm-x-27-m-crni-2.png","type":"image\/png"}],"twitter_card":"summary_large_image","twitter_misc":{"Procijenjeno vrijeme \u010ditanja":"1 minuta"},"schema":{"@context":"https:\/\/schema.org","@graph":[{"@type":"WebPage","@id":"https:\/\/medicpro.hr\/veleprodaja\/proizvod\/podtape-za-bandazu-7cm-x-27m-crni\/","url":"https:\/\/medicpro.hr\/veleprodaja\/proizvod\/podtape-za-bandazu-7cm-x-27m-crni\/","name":"PODTAPE ZA BANDA\u017dU 7cm x 27m, CRNI - Medicpro","isPartOf":{"@id":"https:\/\/medicpro.hr\/veleprodaja\/#website"},"primaryImageOfPage":{"@id":"https:\/\/medicpro.hr\/veleprodaja\/proizvod\/podtape-za-bandazu-7cm-x-27m-crni\/#primaryimage"},"image":{"@id":"https:\/\/medicpro.hr\/veleprodaja\/proizvod\/podtape-za-bandazu-7cm-x-27m-crni\/#primaryimage"},"thumbnailUrl":"https:\/\/medicpro.hr\/veleprodaja\/wp-content\/uploads\/2025\/06\/podtape-za-bandazu-7-cm-x-27-m-crni-2.png","datePublished":"2025-09-01T01:04:32+00:00","dateModified":"2026-03-19T23:42:17+00:00","breadcrumb":{"@id":"https:\/\/medicpro.hr\/veleprodaja\/proizvod\/podtape-za-bandazu-7cm-x-27m-crni\/#breadcrumb"},"inLanguage":"hr","potentialAction":[{"@type":"ReadAction","target":["https:\/\/medicpro.hr\/veleprodaja\/proizvod\/podtape-za-bandazu-7cm-x-27m-crni\/"]}]},{"@type":"ImageObject","inLanguage":"hr","@id":"https:\/\/medicpro.hr\/veleprodaja\/proizvod\/podtape-za-bandazu-7cm-x-27m-crni\/#primaryimage","url":"https:\/\/medicpro.hr\/veleprodaja\/wp-content\/uploads\/2025\/06\/podtape-za-bandazu-7-cm-x-27-m-crni-2.png","contentUrl":"https:\/\/medicpro.hr\/veleprodaja\/wp-content\/uploads\/2025\/06\/podtape-za-bandazu-7-cm-x-27-m-crni-2.png","width":1890,"height":1890},{"@type":"BreadcrumbList","@id":"https:\/\/medicpro.hr\/veleprodaja\/proizvod\/podtape-za-bandazu-7cm-x-27m-crni\/#breadcrumb","itemListElement":[{"@type":"ListItem","position":1,"name":"Po\u010detna stranica","item":"https:\/\/medicpro.hr\/veleprodaja\/"},{"@type":"ListItem","position":2,"name":"Veleprodaja","item":"https:\/\/medicpro.hr\/veleprodaja\/trgovina\/"},{"@type":"ListItem","position":3,"name":"PODTAPE ZA BANDA\u017dU 7cm x 27m, CRNI"}]},{"@type":"WebSite","@id":"https:\/\/medicpro.hr\/veleprodaja\/#website","url":"https:\/\/medicpro.hr\/veleprodaja\/","name":"Medicpro.hr","description":"Medicinski potro\u0161ni materijal i oprema","publisher":{"@id":"https:\/\/medicpro.hr\/veleprodaja\/#organization"},"potentialAction":[{"@type":"SearchAction","target":{"@type":"EntryPoint","urlTemplate":"https:\/\/medicpro.hr\/veleprodaja\/?s={search_term_string}"},"query-input":{"@type":"PropertyValueSpecification","valueRequired":true,"valueName":"search_term_string"}}],"inLanguage":"hr"},{"@type":"Organization","@id":"https:\/\/medicpro.hr\/veleprodaja\/#organization","name":"Medicpro d.o.o.","url":"https:\/\/medicpro.hr\/veleprodaja\/","logo":{"@type":"ImageObject","inLanguage":"hr","@id":"https:\/\/medicpro.hr\/veleprodaja\/#\/schema\/logo\/image\/","url":"https:\/\/medicpro.hr\/veleprodaja\/wp-content\/uploads\/2025\/05\/medicpro_logo.svg","contentUrl":"https:\/\/medicpro.hr\/veleprodaja\/wp-content\/uploads\/2025\/05\/medicpro_logo.svg","width":226,"height":42,"caption":"Medicpro d.o.o."},"image":{"@id":"https:\/\/medicpro.hr\/veleprodaja\/#\/schema\/logo\/image\/"}}]}},"_links":{"self":[{"href":"https:\/\/medicpro.hr\/veleprodaja\/wp-json\/wp\/v2\/product\/62674","targetHints":{"allow":["GET"]}}],"collection":[{"href":"https:\/\/medicpro.hr\/veleprodaja\/wp-json\/wp\/v2\/product"}],"about":[{"href":"https:\/\/medicpro.hr\/veleprodaja\/wp-json\/wp\/v2\/types\/product"}],"replies":[{"embeddable":true,"href":"https:\/\/medicpro.hr\/veleprodaja\/wp-json\/wp\/v2\/comments?post=62674"}],"wp:featuredmedia":[{"embeddable":true,"href":"https:\/\/medicpro.hr\/veleprodaja\/wp-json\/wp\/v2\/media\/54860"}],"wp:attachment":[{"href":"https:\/\/medicpro.hr\/veleprodaja\/wp-json\/wp\/v2\/media?parent=62674"}],"wp:term":[{"taxonomy":"product_brand","embeddable":true,"href":"https:\/\/medicpro.hr\/veleprodaja\/wp-json\/wp\/v2\/product_brand?post=62674"},{"taxonomy":"product_cat","embeddable":true,"href":"https:\/\/medicpro.hr\/veleprodaja\/wp-json\/wp\/v2\/product_cat?post=62674"},{"taxonomy":"product_tag","embeddable":true,"href":"https:\/\/medicpro.hr\/veleprodaja\/wp-json\/wp\/v2\/product_tag?post=62674"}],"curies":[{"name":"wp","href":"https:\/\/api.w.org\/{rel}","templated":true}]}}