{"id":62586,"date":"2025-09-01T03:04:13","date_gmt":"2025-09-01T01:04:13","guid":{"rendered":"https:\/\/zdesmedicpro-velepro.kuhada.net\/?post_type=product&#038;p=62586"},"modified":"2025-09-12T11:02:40","modified_gmt":"2025-09-12T09:02:40","slug":"rashladni-uredaj-za-pokojnike-db-2","status":"publish","type":"product","link":"https:\/\/medicpro.hr\/veleprodaja\/proizvod\/rashladni-uredaj-za-pokojnike-db-2\/","title":{"rendered":"RASHLADNI URE\u0110AJ ZA POKOJNIKE DB 2"},"content":{"rendered":"<ul>\n<li>Rashladna komora za pokojnike izra\u0111ena od visokokvalitetnih i izdr\u017eljivih materijala.<\/li>\n<li>Sastavljena je od panela debljine 50 mm izoliranih poliuretanskom pjenom.<\/li>\n<li>Unutar komore nalaze se \u010dvrste police s vodilicama i sklopivim nogama koje podupiru otvorene police.<\/li>\n<li>Rashladna jedinica osigurava sna\u017eno hla\u0111enje i koristi ekolo\u0161ki prihvatljiv rashladni plin R290.<\/li>\n<li><strong>Tehni\u010dki podaci:<\/strong>\n<ul>\n<li>Vanjske dimenzije: 232 cm x 104 cm x 170 cm (\u0160xDxV).<\/li>\n<li>Unutarnje dimenzije: 221 cm x 94 cm x 154 cm (\u0160xDxV).<\/li>\n<li>Debljina izolacije: 5 cm.<\/li>\n<li>\u0160irina s otvorenim vratima: 340 cm.<\/li>\n<li>Materijal vanjskog oplo\u0161ja: crni plastificirani lim.<\/li>\n<li>Materijal unutarnjeg oplo\u0161ja: srebrni plastificirani lim.<\/li>\n<\/ul>\n<\/li>\n<li><strong>Zna\u010dajke:<\/strong>\n<ul>\n<li>Kapacitet: za 2 pojedina\u010dna tijela.<\/li>\n<li>Vrata: 1 (puna).<\/li>\n<li>Kvaka: Da (mogu\u0107nost ugradnje kvake s klju\u010dem).<\/li>\n<li>Nogice: od nehr\u0111aju\u0107eg \u010delika (podesiva visina 10 mm).<\/li>\n<li>Rashladna jedinica: dodatna, montirana na strop.<\/li>\n<li>Tip rashladne jedinice: horizontalna.<\/li>\n<li>Rashladni kapacitet: 835 W.<\/li>\n<li>Temperaturni raspon: 0\u00b0C \u2013 8\u00b0C.<\/li>\n<li>Vrsta kontrole: digitalno upravljanje s naponskom za\u0161titom, podesivo.<\/li>\n<\/ul>\n<\/li>\n<li><strong>Uskla\u0111enost sa standardima i zakonima<\/strong>:\n<ul>\n<li>Certifikati: CE, ISO 9001, ISO 14001.<\/li>\n<\/ul>\n<\/li>\n<li><strong>Rashladna jedinica je uklju\u010dena u cijenu komore.<\/strong><\/li>\n<\/ul>\n","protected":false},"excerpt":{"rendered":"<p>Rashladna komora za pokojnike izra\u0111ena od visokokvalitetnih i izdr\u017eljivih materijala. Sastavljena je od panela debljine 50 mm izoliranih poliuretanskom pjenom.<\/p>\n","protected":false},"featured_media":54678,"comment_status":"closed","ping_status":"closed","template":"","meta":[],"product_brand":[],"product_cat":[819,824,825],"product_tag":[],"class_list":{"0":"post-62586","1":"product","2":"type-product","3":"status-publish","4":"has-post-thumbnail","6":"product_cat-rashladni-uredaji","7":"product_cat-rashladni-uredaji-za-pokojnike","8":"product_cat-rashladni-uredaji-za-pokojnike-db-2","10":"first","11":"onbackorder","12":"taxable","13":"shipping-taxable","14":"purchasable","15":"product-type-simple"},"acf":[],"yoast_head":"<!-- This site is optimized with the Yoast SEO plugin v27.3 - https:\/\/yoast.com\/product\/yoast-seo-wordpress\/ -->\n<title>RASHLADNI URE\u0110AJ ZA POKOJNIKE DB 2 - Medicpro<\/title>\n<meta name=\"robots\" content=\"index, follow, max-snippet:-1, max-image-preview:large, max-video-preview:-1\" \/>\n<link rel=\"canonical\" href=\"https:\/\/medicpro.hr\/veleprodaja\/proizvod\/rashladni-uredaj-za-pokojnike-db-2\/\" \/>\n<meta property=\"og:locale\" content=\"hr_HR\" \/>\n<meta property=\"og:type\" content=\"article\" \/>\n<meta property=\"og:title\" content=\"RASHLADNI URE\u0110AJ ZA POKOJNIKE DB 2 - Medicpro\" \/>\n<meta property=\"og:description\" content=\"Rashladna komora za pokojnike izra\u0111ena od visokokvalitetnih i izdr\u017eljivih materijala. Sastavljena je od panela debljine 50 mm izoliranih poliuretanskom pjenom.\" \/>\n<meta property=\"og:url\" content=\"https:\/\/medicpro.hr\/veleprodaja\/proizvod\/rashladni-uredaj-za-pokojnike-db-2\/\" \/>\n<meta property=\"og:site_name\" content=\"Medicpro\" \/>\n<meta property=\"article:modified_time\" content=\"2025-09-12T09:02:40+00:00\" \/>\n<meta property=\"og:image\" content=\"https:\/\/medicpro.hr\/veleprodaja\/wp-content\/uploads\/2025\/06\/DB2-2-3.png\" \/>\n\t<meta property=\"og:image:width\" content=\"940\" \/>\n\t<meta property=\"og:image:height\" content=\"788\" \/>\n\t<meta property=\"og:image:type\" content=\"image\/png\" \/>\n<meta name=\"twitter:card\" content=\"summary_large_image\" \/>\n<meta name=\"twitter:label1\" content=\"Procijenjeno vrijeme \u010ditanja\" \/>\n\t<meta name=\"twitter:data1\" content=\"1 minuta\" \/>\n<script type=\"application\/ld+json\" class=\"yoast-schema-graph\">{\"@context\":\"https:\\\/\\\/schema.org\",\"@graph\":[{\"@type\":\"WebPage\",\"@id\":\"https:\\\/\\\/medicpro.hr\\\/veleprodaja\\\/proizvod\\\/rashladni-uredaj-za-pokojnike-db-2\\\/\",\"url\":\"https:\\\/\\\/medicpro.hr\\\/veleprodaja\\\/proizvod\\\/rashladni-uredaj-za-pokojnike-db-2\\\/\",\"name\":\"RASHLADNI URE\u0110AJ ZA POKOJNIKE DB 2 - Medicpro\",\"isPartOf\":{\"@id\":\"https:\\\/\\\/medicpro.hr\\\/veleprodaja\\\/#website\"},\"primaryImageOfPage\":{\"@id\":\"https:\\\/\\\/medicpro.hr\\\/veleprodaja\\\/proizvod\\\/rashladni-uredaj-za-pokojnike-db-2\\\/#primaryimage\"},\"image\":{\"@id\":\"https:\\\/\\\/medicpro.hr\\\/veleprodaja\\\/proizvod\\\/rashladni-uredaj-za-pokojnike-db-2\\\/#primaryimage\"},\"thumbnailUrl\":\"https:\\\/\\\/medicpro.hr\\\/veleprodaja\\\/wp-content\\\/uploads\\\/2025\\\/06\\\/DB2-2-3.png\",\"datePublished\":\"2025-09-01T01:04:13+00:00\",\"dateModified\":\"2025-09-12T09:02:40+00:00\",\"breadcrumb\":{\"@id\":\"https:\\\/\\\/medicpro.hr\\\/veleprodaja\\\/proizvod\\\/rashladni-uredaj-za-pokojnike-db-2\\\/#breadcrumb\"},\"inLanguage\":\"hr\",\"potentialAction\":[{\"@type\":\"ReadAction\",\"target\":[\"https:\\\/\\\/medicpro.hr\\\/veleprodaja\\\/proizvod\\\/rashladni-uredaj-za-pokojnike-db-2\\\/\"]}]},{\"@type\":\"ImageObject\",\"inLanguage\":\"hr\",\"@id\":\"https:\\\/\\\/medicpro.hr\\\/veleprodaja\\\/proizvod\\\/rashladni-uredaj-za-pokojnike-db-2\\\/#primaryimage\",\"url\":\"https:\\\/\\\/medicpro.hr\\\/veleprodaja\\\/wp-content\\\/uploads\\\/2025\\\/06\\\/DB2-2-3.png\",\"contentUrl\":\"https:\\\/\\\/medicpro.hr\\\/veleprodaja\\\/wp-content\\\/uploads\\\/2025\\\/06\\\/DB2-2-3.png\",\"width\":940,\"height\":788},{\"@type\":\"BreadcrumbList\",\"@id\":\"https:\\\/\\\/medicpro.hr\\\/veleprodaja\\\/proizvod\\\/rashladni-uredaj-za-pokojnike-db-2\\\/#breadcrumb\",\"itemListElement\":[{\"@type\":\"ListItem\",\"position\":1,\"name\":\"Po\u010detna stranica\",\"item\":\"https:\\\/\\\/medicpro.hr\\\/veleprodaja\\\/\"},{\"@type\":\"ListItem\",\"position\":2,\"name\":\"Veleprodaja\",\"item\":\"https:\\\/\\\/medicpro.hr\\\/veleprodaja\\\/trgovina\\\/\"},{\"@type\":\"ListItem\",\"position\":3,\"name\":\"RASHLADNI URE\u0110AJ ZA POKOJNIKE DB 2\"}]},{\"@type\":\"WebSite\",\"@id\":\"https:\\\/\\\/medicpro.hr\\\/veleprodaja\\\/#website\",\"url\":\"https:\\\/\\\/medicpro.hr\\\/veleprodaja\\\/\",\"name\":\"Medicpro.hr\",\"description\":\"Medicinski potro\u0161ni materijal i oprema\",\"publisher\":{\"@id\":\"https:\\\/\\\/medicpro.hr\\\/veleprodaja\\\/#organization\"},\"potentialAction\":[{\"@type\":\"SearchAction\",\"target\":{\"@type\":\"EntryPoint\",\"urlTemplate\":\"https:\\\/\\\/medicpro.hr\\\/veleprodaja\\\/?s={search_term_string}\"},\"query-input\":{\"@type\":\"PropertyValueSpecification\",\"valueRequired\":true,\"valueName\":\"search_term_string\"}}],\"inLanguage\":\"hr\"},{\"@type\":\"Organization\",\"@id\":\"https:\\\/\\\/medicpro.hr\\\/veleprodaja\\\/#organization\",\"name\":\"Medicpro d.o.o.\",\"url\":\"https:\\\/\\\/medicpro.hr\\\/veleprodaja\\\/\",\"logo\":{\"@type\":\"ImageObject\",\"inLanguage\":\"hr\",\"@id\":\"https:\\\/\\\/medicpro.hr\\\/veleprodaja\\\/#\\\/schema\\\/logo\\\/image\\\/\",\"url\":\"https:\\\/\\\/medicpro.hr\\\/veleprodaja\\\/wp-content\\\/uploads\\\/2025\\\/05\\\/medicpro_logo.svg\",\"contentUrl\":\"https:\\\/\\\/medicpro.hr\\\/veleprodaja\\\/wp-content\\\/uploads\\\/2025\\\/05\\\/medicpro_logo.svg\",\"width\":226,\"height\":42,\"caption\":\"Medicpro d.o.o.\"},\"image\":{\"@id\":\"https:\\\/\\\/medicpro.hr\\\/veleprodaja\\\/#\\\/schema\\\/logo\\\/image\\\/\"}}]}<\/script>\n<!-- \/ Yoast SEO plugin. -->","yoast_head_json":{"title":"RASHLADNI URE\u0110AJ ZA POKOJNIKE DB 2 - Medicpro","robots":{"index":"index","follow":"follow","max-snippet":"max-snippet:-1","max-image-preview":"max-image-preview:large","max-video-preview":"max-video-preview:-1"},"canonical":"https:\/\/medicpro.hr\/veleprodaja\/proizvod\/rashladni-uredaj-za-pokojnike-db-2\/","og_locale":"hr_HR","og_type":"article","og_title":"RASHLADNI URE\u0110AJ ZA POKOJNIKE DB 2 - Medicpro","og_description":"Rashladna komora za pokojnike izra\u0111ena od visokokvalitetnih i izdr\u017eljivih materijala. Sastavljena je od panela debljine 50 mm izoliranih poliuretanskom pjenom.","og_url":"https:\/\/medicpro.hr\/veleprodaja\/proizvod\/rashladni-uredaj-za-pokojnike-db-2\/","og_site_name":"Medicpro","article_modified_time":"2025-09-12T09:02:40+00:00","og_image":[{"width":940,"height":788,"url":"https:\/\/medicpro.hr\/veleprodaja\/wp-content\/uploads\/2025\/06\/DB2-2-3.png","type":"image\/png"}],"twitter_card":"summary_large_image","twitter_misc":{"Procijenjeno vrijeme \u010ditanja":"1 minuta"},"schema":{"@context":"https:\/\/schema.org","@graph":[{"@type":"WebPage","@id":"https:\/\/medicpro.hr\/veleprodaja\/proizvod\/rashladni-uredaj-za-pokojnike-db-2\/","url":"https:\/\/medicpro.hr\/veleprodaja\/proizvod\/rashladni-uredaj-za-pokojnike-db-2\/","name":"RASHLADNI URE\u0110AJ ZA POKOJNIKE DB 2 - Medicpro","isPartOf":{"@id":"https:\/\/medicpro.hr\/veleprodaja\/#website"},"primaryImageOfPage":{"@id":"https:\/\/medicpro.hr\/veleprodaja\/proizvod\/rashladni-uredaj-za-pokojnike-db-2\/#primaryimage"},"image":{"@id":"https:\/\/medicpro.hr\/veleprodaja\/proizvod\/rashladni-uredaj-za-pokojnike-db-2\/#primaryimage"},"thumbnailUrl":"https:\/\/medicpro.hr\/veleprodaja\/wp-content\/uploads\/2025\/06\/DB2-2-3.png","datePublished":"2025-09-01T01:04:13+00:00","dateModified":"2025-09-12T09:02:40+00:00","breadcrumb":{"@id":"https:\/\/medicpro.hr\/veleprodaja\/proizvod\/rashladni-uredaj-za-pokojnike-db-2\/#breadcrumb"},"inLanguage":"hr","potentialAction":[{"@type":"ReadAction","target":["https:\/\/medicpro.hr\/veleprodaja\/proizvod\/rashladni-uredaj-za-pokojnike-db-2\/"]}]},{"@type":"ImageObject","inLanguage":"hr","@id":"https:\/\/medicpro.hr\/veleprodaja\/proizvod\/rashladni-uredaj-za-pokojnike-db-2\/#primaryimage","url":"https:\/\/medicpro.hr\/veleprodaja\/wp-content\/uploads\/2025\/06\/DB2-2-3.png","contentUrl":"https:\/\/medicpro.hr\/veleprodaja\/wp-content\/uploads\/2025\/06\/DB2-2-3.png","width":940,"height":788},{"@type":"BreadcrumbList","@id":"https:\/\/medicpro.hr\/veleprodaja\/proizvod\/rashladni-uredaj-za-pokojnike-db-2\/#breadcrumb","itemListElement":[{"@type":"ListItem","position":1,"name":"Po\u010detna stranica","item":"https:\/\/medicpro.hr\/veleprodaja\/"},{"@type":"ListItem","position":2,"name":"Veleprodaja","item":"https:\/\/medicpro.hr\/veleprodaja\/trgovina\/"},{"@type":"ListItem","position":3,"name":"RASHLADNI URE\u0110AJ ZA POKOJNIKE DB 2"}]},{"@type":"WebSite","@id":"https:\/\/medicpro.hr\/veleprodaja\/#website","url":"https:\/\/medicpro.hr\/veleprodaja\/","name":"Medicpro.hr","description":"Medicinski potro\u0161ni materijal i oprema","publisher":{"@id":"https:\/\/medicpro.hr\/veleprodaja\/#organization"},"potentialAction":[{"@type":"SearchAction","target":{"@type":"EntryPoint","urlTemplate":"https:\/\/medicpro.hr\/veleprodaja\/?s={search_term_string}"},"query-input":{"@type":"PropertyValueSpecification","valueRequired":true,"valueName":"search_term_string"}}],"inLanguage":"hr"},{"@type":"Organization","@id":"https:\/\/medicpro.hr\/veleprodaja\/#organization","name":"Medicpro d.o.o.","url":"https:\/\/medicpro.hr\/veleprodaja\/","logo":{"@type":"ImageObject","inLanguage":"hr","@id":"https:\/\/medicpro.hr\/veleprodaja\/#\/schema\/logo\/image\/","url":"https:\/\/medicpro.hr\/veleprodaja\/wp-content\/uploads\/2025\/05\/medicpro_logo.svg","contentUrl":"https:\/\/medicpro.hr\/veleprodaja\/wp-content\/uploads\/2025\/05\/medicpro_logo.svg","width":226,"height":42,"caption":"Medicpro d.o.o."},"image":{"@id":"https:\/\/medicpro.hr\/veleprodaja\/#\/schema\/logo\/image\/"}}]}},"_links":{"self":[{"href":"https:\/\/medicpro.hr\/veleprodaja\/wp-json\/wp\/v2\/product\/62586","targetHints":{"allow":["GET"]}}],"collection":[{"href":"https:\/\/medicpro.hr\/veleprodaja\/wp-json\/wp\/v2\/product"}],"about":[{"href":"https:\/\/medicpro.hr\/veleprodaja\/wp-json\/wp\/v2\/types\/product"}],"replies":[{"embeddable":true,"href":"https:\/\/medicpro.hr\/veleprodaja\/wp-json\/wp\/v2\/comments?post=62586"}],"wp:featuredmedia":[{"embeddable":true,"href":"https:\/\/medicpro.hr\/veleprodaja\/wp-json\/wp\/v2\/media\/54678"}],"wp:attachment":[{"href":"https:\/\/medicpro.hr\/veleprodaja\/wp-json\/wp\/v2\/media?parent=62586"}],"wp:term":[{"taxonomy":"product_brand","embeddable":true,"href":"https:\/\/medicpro.hr\/veleprodaja\/wp-json\/wp\/v2\/product_brand?post=62586"},{"taxonomy":"product_cat","embeddable":true,"href":"https:\/\/medicpro.hr\/veleprodaja\/wp-json\/wp\/v2\/product_cat?post=62586"},{"taxonomy":"product_tag","embeddable":true,"href":"https:\/\/medicpro.hr\/veleprodaja\/wp-json\/wp\/v2\/product_tag?post=62586"}],"curies":[{"name":"wp","href":"https:\/\/api.w.org\/{rel}","templated":true}]}}