{"id":62467,"date":"2025-09-01T03:03:56","date_gmt":"2025-09-01T01:03:56","guid":{"rendered":"https:\/\/zdesmedicpro-velepro.kuhada.net\/?post_type=product&#038;p=62467"},"modified":"2025-09-12T11:02:40","modified_gmt":"2025-09-12T09:02:40","slug":"tlakomjer-za-nadlakticu-s-ekg-funkcijom-bm-96","status":"publish","type":"product","link":"https:\/\/medicpro.hr\/veleprodaja\/proizvod\/tlakomjer-za-nadlakticu-s-ekg-funkcijom-bm-96\/","title":{"rendered":"TLAKOMJER ZA NADLAKTICU S EKG FUNKCIJOM BM 96"},"content":{"rendered":"<ul>\n<li>Kombinirani ure\u0111aj za pra\u0107enje <strong>krvnog tlaka, pulsa<\/strong> i <strong>sr\u010danog ritma<\/strong>.<\/li>\n<li>Potpuno automatsko mjerenje na <strong>nadlaktici<\/strong>.<\/li>\n<li>Siguran za <strong>ku\u0107nu upotrebu<\/strong>.<\/li>\n<li>Sadr\u017ei tehnologiju 1-kanalni EKG ure\u0111aj za snimanje sr\u010danog ritma.<\/li>\n<li>Poma\u017ee u otkrivanju atrijske fibrilacije radi <strong>prevencije mo\u017edanog udara<\/strong>.<\/li>\n<li>Indikatori:\n<ul>\n<li>Indikator opu\u0161tenosti za to\u010dnije rezultate mjerenja.<\/li>\n<li>Indikator rizika za jednostavnu klasifikaciju rezultata.<\/li>\n<\/ul>\n<\/li>\n<li>Sadr\u017ei XL zaslon s lako \u010ditljivim prikazom.<\/li>\n<li>Jednostavno upravljanje putem \u010detiri senzorske tipke na dodir.<\/li>\n<li>Mogu\u0107nost memoriranja izmjerenih vrijednosti (2 x 60 memorijskih mjesta).<\/li>\n<li>Kompatibilan s aplikacijom \u201c<strong>beurer HealthManager Pro<\/strong>\u201d za pra\u0107enje i analizu podataka u stvarnom vremenu.<\/li>\n<\/ul>\n","protected":false},"excerpt":{"rendered":"<p>Kombinirani ure\u0111aj za pra\u0107enje krvnog tlaka, pulsa i sr\u010danog ritma. Potpuno automatsko mjerenje na nadlaktici. Siguran za ku\u0107nu upotrebu. Sadr\u017ei<\/p>\n","protected":false},"featured_media":54495,"comment_status":"closed","ping_status":"closed","template":"","meta":[],"product_brand":[],"product_cat":[702,782],"product_tag":[],"class_list":{"0":"post-62467","1":"product","2":"type-product","3":"status-publish","4":"has-post-thumbnail","6":"product_cat-dijagnostika","7":"product_cat-tlakomjeri","9":"first","10":"onbackorder","11":"taxable","12":"shipping-taxable","13":"purchasable","14":"product-type-simple"},"acf":[],"yoast_head":"<!-- This site is optimized with the Yoast SEO plugin v27.3 - https:\/\/yoast.com\/product\/yoast-seo-wordpress\/ -->\n<title>TLAKOMJER ZA NADLAKTICU S EKG FUNKCIJOM BM 96 - Medicpro<\/title>\n<meta name=\"robots\" content=\"index, follow, max-snippet:-1, max-image-preview:large, max-video-preview:-1\" \/>\n<link rel=\"canonical\" href=\"https:\/\/medicpro.hr\/veleprodaja\/proizvod\/tlakomjer-za-nadlakticu-s-ekg-funkcijom-bm-96\/\" \/>\n<meta property=\"og:locale\" content=\"hr_HR\" \/>\n<meta property=\"og:type\" content=\"article\" \/>\n<meta property=\"og:title\" content=\"TLAKOMJER ZA NADLAKTICU S EKG FUNKCIJOM BM 96 - Medicpro\" \/>\n<meta property=\"og:description\" content=\"Kombinirani ure\u0111aj za pra\u0107enje krvnog tlaka, pulsa i sr\u010danog ritma. Potpuno automatsko mjerenje na nadlaktici. Siguran za ku\u0107nu upotrebu. Sadr\u017ei\" \/>\n<meta property=\"og:url\" content=\"https:\/\/medicpro.hr\/veleprodaja\/proizvod\/tlakomjer-za-nadlakticu-s-ekg-funkcijom-bm-96\/\" \/>\n<meta property=\"og:site_name\" content=\"Medicpro\" \/>\n<meta property=\"article:modified_time\" content=\"2025-09-12T09:02:40+00:00\" \/>\n<meta property=\"og:image\" content=\"https:\/\/medicpro.hr\/veleprodaja\/wp-content\/uploads\/2025\/06\/beurer-bm-96-cardio-digitalni-tlakomjer-za-nadlakticu-3.jpg\" \/>\n\t<meta property=\"og:image:width\" content=\"758\" \/>\n\t<meta property=\"og:image:height\" content=\"758\" \/>\n\t<meta property=\"og:image:type\" content=\"image\/jpeg\" \/>\n<meta name=\"twitter:card\" content=\"summary_large_image\" \/>\n<meta name=\"twitter:label1\" content=\"Procijenjeno vrijeme \u010ditanja\" \/>\n\t<meta name=\"twitter:data1\" content=\"1 minuta\" \/>\n<script type=\"application\/ld+json\" class=\"yoast-schema-graph\">{\"@context\":\"https:\\\/\\\/schema.org\",\"@graph\":[{\"@type\":\"WebPage\",\"@id\":\"https:\\\/\\\/medicpro.hr\\\/veleprodaja\\\/proizvod\\\/tlakomjer-za-nadlakticu-s-ekg-funkcijom-bm-96\\\/\",\"url\":\"https:\\\/\\\/medicpro.hr\\\/veleprodaja\\\/proizvod\\\/tlakomjer-za-nadlakticu-s-ekg-funkcijom-bm-96\\\/\",\"name\":\"TLAKOMJER ZA NADLAKTICU S EKG FUNKCIJOM BM 96 - Medicpro\",\"isPartOf\":{\"@id\":\"https:\\\/\\\/medicpro.hr\\\/veleprodaja\\\/#website\"},\"primaryImageOfPage\":{\"@id\":\"https:\\\/\\\/medicpro.hr\\\/veleprodaja\\\/proizvod\\\/tlakomjer-za-nadlakticu-s-ekg-funkcijom-bm-96\\\/#primaryimage\"},\"image\":{\"@id\":\"https:\\\/\\\/medicpro.hr\\\/veleprodaja\\\/proizvod\\\/tlakomjer-za-nadlakticu-s-ekg-funkcijom-bm-96\\\/#primaryimage\"},\"thumbnailUrl\":\"https:\\\/\\\/medicpro.hr\\\/veleprodaja\\\/wp-content\\\/uploads\\\/2025\\\/06\\\/beurer-bm-96-cardio-digitalni-tlakomjer-za-nadlakticu-3.jpg\",\"datePublished\":\"2025-09-01T01:03:56+00:00\",\"dateModified\":\"2025-09-12T09:02:40+00:00\",\"breadcrumb\":{\"@id\":\"https:\\\/\\\/medicpro.hr\\\/veleprodaja\\\/proizvod\\\/tlakomjer-za-nadlakticu-s-ekg-funkcijom-bm-96\\\/#breadcrumb\"},\"inLanguage\":\"hr\",\"potentialAction\":[{\"@type\":\"ReadAction\",\"target\":[\"https:\\\/\\\/medicpro.hr\\\/veleprodaja\\\/proizvod\\\/tlakomjer-za-nadlakticu-s-ekg-funkcijom-bm-96\\\/\"]}]},{\"@type\":\"ImageObject\",\"inLanguage\":\"hr\",\"@id\":\"https:\\\/\\\/medicpro.hr\\\/veleprodaja\\\/proizvod\\\/tlakomjer-za-nadlakticu-s-ekg-funkcijom-bm-96\\\/#primaryimage\",\"url\":\"https:\\\/\\\/medicpro.hr\\\/veleprodaja\\\/wp-content\\\/uploads\\\/2025\\\/06\\\/beurer-bm-96-cardio-digitalni-tlakomjer-za-nadlakticu-3.jpg\",\"contentUrl\":\"https:\\\/\\\/medicpro.hr\\\/veleprodaja\\\/wp-content\\\/uploads\\\/2025\\\/06\\\/beurer-bm-96-cardio-digitalni-tlakomjer-za-nadlakticu-3.jpg\",\"width\":758,\"height\":758},{\"@type\":\"BreadcrumbList\",\"@id\":\"https:\\\/\\\/medicpro.hr\\\/veleprodaja\\\/proizvod\\\/tlakomjer-za-nadlakticu-s-ekg-funkcijom-bm-96\\\/#breadcrumb\",\"itemListElement\":[{\"@type\":\"ListItem\",\"position\":1,\"name\":\"Po\u010detna stranica\",\"item\":\"https:\\\/\\\/medicpro.hr\\\/veleprodaja\\\/\"},{\"@type\":\"ListItem\",\"position\":2,\"name\":\"Veleprodaja\",\"item\":\"https:\\\/\\\/medicpro.hr\\\/veleprodaja\\\/trgovina\\\/\"},{\"@type\":\"ListItem\",\"position\":3,\"name\":\"TLAKOMJER ZA NADLAKTICU S EKG FUNKCIJOM BM 96\"}]},{\"@type\":\"WebSite\",\"@id\":\"https:\\\/\\\/medicpro.hr\\\/veleprodaja\\\/#website\",\"url\":\"https:\\\/\\\/medicpro.hr\\\/veleprodaja\\\/\",\"name\":\"Medicpro.hr\",\"description\":\"Medicinski potro\u0161ni materijal i oprema\",\"publisher\":{\"@id\":\"https:\\\/\\\/medicpro.hr\\\/veleprodaja\\\/#organization\"},\"potentialAction\":[{\"@type\":\"SearchAction\",\"target\":{\"@type\":\"EntryPoint\",\"urlTemplate\":\"https:\\\/\\\/medicpro.hr\\\/veleprodaja\\\/?s={search_term_string}\"},\"query-input\":{\"@type\":\"PropertyValueSpecification\",\"valueRequired\":true,\"valueName\":\"search_term_string\"}}],\"inLanguage\":\"hr\"},{\"@type\":\"Organization\",\"@id\":\"https:\\\/\\\/medicpro.hr\\\/veleprodaja\\\/#organization\",\"name\":\"Medicpro d.o.o.\",\"url\":\"https:\\\/\\\/medicpro.hr\\\/veleprodaja\\\/\",\"logo\":{\"@type\":\"ImageObject\",\"inLanguage\":\"hr\",\"@id\":\"https:\\\/\\\/medicpro.hr\\\/veleprodaja\\\/#\\\/schema\\\/logo\\\/image\\\/\",\"url\":\"https:\\\/\\\/medicpro.hr\\\/veleprodaja\\\/wp-content\\\/uploads\\\/2025\\\/05\\\/medicpro_logo.svg\",\"contentUrl\":\"https:\\\/\\\/medicpro.hr\\\/veleprodaja\\\/wp-content\\\/uploads\\\/2025\\\/05\\\/medicpro_logo.svg\",\"width\":226,\"height\":42,\"caption\":\"Medicpro d.o.o.\"},\"image\":{\"@id\":\"https:\\\/\\\/medicpro.hr\\\/veleprodaja\\\/#\\\/schema\\\/logo\\\/image\\\/\"}}]}<\/script>\n<!-- \/ Yoast SEO plugin. -->","yoast_head_json":{"title":"TLAKOMJER ZA NADLAKTICU S EKG FUNKCIJOM BM 96 - Medicpro","robots":{"index":"index","follow":"follow","max-snippet":"max-snippet:-1","max-image-preview":"max-image-preview:large","max-video-preview":"max-video-preview:-1"},"canonical":"https:\/\/medicpro.hr\/veleprodaja\/proizvod\/tlakomjer-za-nadlakticu-s-ekg-funkcijom-bm-96\/","og_locale":"hr_HR","og_type":"article","og_title":"TLAKOMJER ZA NADLAKTICU S EKG FUNKCIJOM BM 96 - Medicpro","og_description":"Kombinirani ure\u0111aj za pra\u0107enje krvnog tlaka, pulsa i sr\u010danog ritma. Potpuno automatsko mjerenje na nadlaktici. Siguran za ku\u0107nu upotrebu. Sadr\u017ei","og_url":"https:\/\/medicpro.hr\/veleprodaja\/proizvod\/tlakomjer-za-nadlakticu-s-ekg-funkcijom-bm-96\/","og_site_name":"Medicpro","article_modified_time":"2025-09-12T09:02:40+00:00","og_image":[{"width":758,"height":758,"url":"https:\/\/medicpro.hr\/veleprodaja\/wp-content\/uploads\/2025\/06\/beurer-bm-96-cardio-digitalni-tlakomjer-za-nadlakticu-3.jpg","type":"image\/jpeg"}],"twitter_card":"summary_large_image","twitter_misc":{"Procijenjeno vrijeme \u010ditanja":"1 minuta"},"schema":{"@context":"https:\/\/schema.org","@graph":[{"@type":"WebPage","@id":"https:\/\/medicpro.hr\/veleprodaja\/proizvod\/tlakomjer-za-nadlakticu-s-ekg-funkcijom-bm-96\/","url":"https:\/\/medicpro.hr\/veleprodaja\/proizvod\/tlakomjer-za-nadlakticu-s-ekg-funkcijom-bm-96\/","name":"TLAKOMJER ZA NADLAKTICU S EKG FUNKCIJOM BM 96 - Medicpro","isPartOf":{"@id":"https:\/\/medicpro.hr\/veleprodaja\/#website"},"primaryImageOfPage":{"@id":"https:\/\/medicpro.hr\/veleprodaja\/proizvod\/tlakomjer-za-nadlakticu-s-ekg-funkcijom-bm-96\/#primaryimage"},"image":{"@id":"https:\/\/medicpro.hr\/veleprodaja\/proizvod\/tlakomjer-za-nadlakticu-s-ekg-funkcijom-bm-96\/#primaryimage"},"thumbnailUrl":"https:\/\/medicpro.hr\/veleprodaja\/wp-content\/uploads\/2025\/06\/beurer-bm-96-cardio-digitalni-tlakomjer-za-nadlakticu-3.jpg","datePublished":"2025-09-01T01:03:56+00:00","dateModified":"2025-09-12T09:02:40+00:00","breadcrumb":{"@id":"https:\/\/medicpro.hr\/veleprodaja\/proizvod\/tlakomjer-za-nadlakticu-s-ekg-funkcijom-bm-96\/#breadcrumb"},"inLanguage":"hr","potentialAction":[{"@type":"ReadAction","target":["https:\/\/medicpro.hr\/veleprodaja\/proizvod\/tlakomjer-za-nadlakticu-s-ekg-funkcijom-bm-96\/"]}]},{"@type":"ImageObject","inLanguage":"hr","@id":"https:\/\/medicpro.hr\/veleprodaja\/proizvod\/tlakomjer-za-nadlakticu-s-ekg-funkcijom-bm-96\/#primaryimage","url":"https:\/\/medicpro.hr\/veleprodaja\/wp-content\/uploads\/2025\/06\/beurer-bm-96-cardio-digitalni-tlakomjer-za-nadlakticu-3.jpg","contentUrl":"https:\/\/medicpro.hr\/veleprodaja\/wp-content\/uploads\/2025\/06\/beurer-bm-96-cardio-digitalni-tlakomjer-za-nadlakticu-3.jpg","width":758,"height":758},{"@type":"BreadcrumbList","@id":"https:\/\/medicpro.hr\/veleprodaja\/proizvod\/tlakomjer-za-nadlakticu-s-ekg-funkcijom-bm-96\/#breadcrumb","itemListElement":[{"@type":"ListItem","position":1,"name":"Po\u010detna stranica","item":"https:\/\/medicpro.hr\/veleprodaja\/"},{"@type":"ListItem","position":2,"name":"Veleprodaja","item":"https:\/\/medicpro.hr\/veleprodaja\/trgovina\/"},{"@type":"ListItem","position":3,"name":"TLAKOMJER ZA NADLAKTICU S EKG FUNKCIJOM BM 96"}]},{"@type":"WebSite","@id":"https:\/\/medicpro.hr\/veleprodaja\/#website","url":"https:\/\/medicpro.hr\/veleprodaja\/","name":"Medicpro.hr","description":"Medicinski potro\u0161ni materijal i oprema","publisher":{"@id":"https:\/\/medicpro.hr\/veleprodaja\/#organization"},"potentialAction":[{"@type":"SearchAction","target":{"@type":"EntryPoint","urlTemplate":"https:\/\/medicpro.hr\/veleprodaja\/?s={search_term_string}"},"query-input":{"@type":"PropertyValueSpecification","valueRequired":true,"valueName":"search_term_string"}}],"inLanguage":"hr"},{"@type":"Organization","@id":"https:\/\/medicpro.hr\/veleprodaja\/#organization","name":"Medicpro d.o.o.","url":"https:\/\/medicpro.hr\/veleprodaja\/","logo":{"@type":"ImageObject","inLanguage":"hr","@id":"https:\/\/medicpro.hr\/veleprodaja\/#\/schema\/logo\/image\/","url":"https:\/\/medicpro.hr\/veleprodaja\/wp-content\/uploads\/2025\/05\/medicpro_logo.svg","contentUrl":"https:\/\/medicpro.hr\/veleprodaja\/wp-content\/uploads\/2025\/05\/medicpro_logo.svg","width":226,"height":42,"caption":"Medicpro d.o.o."},"image":{"@id":"https:\/\/medicpro.hr\/veleprodaja\/#\/schema\/logo\/image\/"}}]}},"_links":{"self":[{"href":"https:\/\/medicpro.hr\/veleprodaja\/wp-json\/wp\/v2\/product\/62467","targetHints":{"allow":["GET"]}}],"collection":[{"href":"https:\/\/medicpro.hr\/veleprodaja\/wp-json\/wp\/v2\/product"}],"about":[{"href":"https:\/\/medicpro.hr\/veleprodaja\/wp-json\/wp\/v2\/types\/product"}],"replies":[{"embeddable":true,"href":"https:\/\/medicpro.hr\/veleprodaja\/wp-json\/wp\/v2\/comments?post=62467"}],"wp:featuredmedia":[{"embeddable":true,"href":"https:\/\/medicpro.hr\/veleprodaja\/wp-json\/wp\/v2\/media\/54495"}],"wp:attachment":[{"href":"https:\/\/medicpro.hr\/veleprodaja\/wp-json\/wp\/v2\/media?parent=62467"}],"wp:term":[{"taxonomy":"product_brand","embeddable":true,"href":"https:\/\/medicpro.hr\/veleprodaja\/wp-json\/wp\/v2\/product_brand?post=62467"},{"taxonomy":"product_cat","embeddable":true,"href":"https:\/\/medicpro.hr\/veleprodaja\/wp-json\/wp\/v2\/product_cat?post=62467"},{"taxonomy":"product_tag","embeddable":true,"href":"https:\/\/medicpro.hr\/veleprodaja\/wp-json\/wp\/v2\/product_tag?post=62467"}],"curies":[{"name":"wp","href":"https:\/\/api.w.org\/{rel}","templated":true}]}}