{"id":62306,"date":"2025-09-01T03:03:33","date_gmt":"2025-09-01T01:03:33","guid":{"rendered":"https:\/\/zdesmedicpro-velepro.kuhada.net\/?post_type=product&#038;p=62306"},"modified":"2025-09-12T11:02:31","modified_gmt":"2025-09-12T09:02:31","slug":"antropometar-sa-zastitnom-torbom-gpm","status":"publish","type":"product","link":"https:\/\/medicpro.hr\/veleprodaja\/proizvod\/antropometar-sa-zastitnom-torbom-gpm\/","title":{"rendered":"ANTROPOMETAR SA ZA\u0160TITNOM TORBOM GPM"},"content":{"rendered":"<p>Glavna svrha antropometra je<strong> mjerenje<\/strong>, a prikladan je za <strong>odre\u0111ivanje dimenzija svih dijelova tijela<\/strong>. <strong>Ovaj antropometar isporu\u010duje se u platnenoj torbi te je stoga vrlo dobro za\u0161ti\u0107en i prakti\u010dan za no\u0161enje<\/strong>.<\/p>\n<p>Sastoji se od \u0161uplje metalne \u0161ipke podijeljene na \u010detiri dijela. Me\u0111udijelovi su izra\u0111eni od ekstra oja\u010danog ABS materijala, proizvedenog najnovijom tehnologijom 3D printanja. Lako ih je zamijeniti ukoliko je potrebno i lako ih je pratiti zahvaljuju\u0107i razli\u010ditim bojama kojima su ozna\u010deni. \u0160ipka je <strong>milimetarski graduirana (od 1 do 2100 mm)<\/strong>. <strong>Na \u0161ipki se nalazi kliza\u010d koji se pomi\u010de po cijeloj njenoj du\u017eini, \u010dvrsto se dr\u017ee\u0107i u vodilici<\/strong>. Na kliza\u010d je mogu\u0107e vodoravno postaviti dva dodatna \u010deli\u010dna ravnala, koja su tako\u0111er milimetarski graduirana. Ravnala se na jednom kraju su\u017eavaju prema vrhu. Na kliza\u010du je urezan prozor\u010di\u0107 s kojega se mo\u017ee o\u010ditati visina bilo kojeg dijela tijela iznad to\u010dke na kojoj osoba stoji ili sjedi.<\/p>\n<p><strong>Ovaj antropometar se tako\u0111er mo\u017ee koristiti i kao kaliper, za mjerenje \u0161irine i dubine dijelova tijela i prikladan je za odre\u0111ivanje duljina gornjih i donjih udova \u017eivog tkiva i skeletnog materijala, kao i za mjerenja glave te lubanje. <\/strong>Umjesto \u010deli\u010dnih ravnala, kao dijelova kalipera, mogu se koristiti i <a href=\"https:\/\/medicpro.hr\/veleprodaja\/proizvod\/krakovi-mjerni-za-antropometar-zakrivljeni\/\">zakrivljeni mjerni krakovi<\/a>. Kori\u0161tenjem zakrivljenih mjernih krakova se mo\u017ee zamijeniti veliki kaliper, a upotrebljavaju se na isti na\u010din kao i \u010deli\u010dna ravnala na antropometru.<\/p>\n<p><strong>Za mjerenje tjelesne visine preporu\u010da se kori\u0161tenje postolja u koji se mo\u017ee umetnuti\u00a0antropometar\u00a0i postaviti okomito na tlo<\/strong>. <a href=\"https:\/\/medicpro.hr\/veleprodaja\/proizvod\/postolje-za-antropometar\/\">Postolje za antropometar<\/a> izra\u0111eno je od PACF, poliamida 6,6 + 20% karbonskih vlakana. Kori\u0161tenje ovakvog postolja u svakom je slu\u010daju preporu\u010dljivo ako se mjere niski dijelovi tijela, primjerice visina gle\u017enja ili koljena. Na postolju se tako\u0111er nalazi i mesingana metalna plo\u010da koja je umetnuta ispod, kako bi se osigurala ve\u0107a stabilnost.<\/p>\n<p><strong>Proizvedeno u \u0160vicarskoj.<\/strong><\/p>\n<p>Mogu\u0107e ga je kupiti i zasebno,<a href=\"https:\/\/medicpro.hr\/veleprodaja\/proizvod\/antropometar-0-2100-mm-gpm\/\"> bez za\u0161titne torbe<\/a>. Ovaj antropometar je tako\u0111er i dio <a href=\"https:\/\/medicpro.hr\/veleprodaja\/proizvod\/set-antropometrijskih-instrumenata-veliki\/\">velikog seta antropometrijskih instrumenata<\/a> (bez za\u0161titne torbe).<\/p>\n<p>Dostupan je i rezervni dio za <a href=\"https:\/\/medicpro.hr\/veleprodaja\/proizvod\/glava-antropometra\/\">glavu antropometra<\/a>.<\/p>\n<p><strong>Oprez<\/strong>: Za \u010di\u0161\u0107enje nije preporu\u010dljivo koristiti aceton ili sredstva za \u010di\u0161\u0107enje koja sadr\u017ee aceton.<\/p>\n","protected":false},"excerpt":{"rendered":"<p>Glavna svrha antropometra je mjerenje, a prikladan je za odre\u0111ivanje dimenzija svih dijelova tijela. Ovaj antropometar isporu\u010duje se u platnenoj<\/p>\n","protected":false},"featured_media":54092,"comment_status":"open","ping_status":"closed","template":"","meta":[],"product_brand":[],"product_cat":[702,717],"product_tag":[],"class_list":{"0":"post-62306","1":"product","2":"type-product","3":"status-publish","4":"has-post-thumbnail","6":"product_cat-dijagnostika","7":"product_cat-antropometrijski-instrumenti","9":"first","10":"onbackorder","11":"taxable","12":"shipping-taxable","13":"purchasable","14":"product-type-simple"},"acf":[],"yoast_head":"<!-- This site is optimized with the Yoast SEO plugin v27.3 - https:\/\/yoast.com\/product\/yoast-seo-wordpress\/ -->\n<title>ANTROPOMETAR SA ZA\u0160TITNOM TORBOM GPM - Medicpro<\/title>\n<meta name=\"robots\" content=\"index, follow, max-snippet:-1, max-image-preview:large, max-video-preview:-1\" \/>\n<link rel=\"canonical\" href=\"https:\/\/medicpro.hr\/veleprodaja\/proizvod\/antropometar-sa-zastitnom-torbom-gpm\/\" \/>\n<meta property=\"og:locale\" content=\"hr_HR\" \/>\n<meta property=\"og:type\" content=\"article\" \/>\n<meta property=\"og:title\" content=\"ANTROPOMETAR SA ZA\u0160TITNOM TORBOM GPM - Medicpro\" \/>\n<meta property=\"og:description\" content=\"Glavna svrha antropometra je mjerenje, a prikladan je za odre\u0111ivanje dimenzija svih dijelova tijela. Ovaj antropometar isporu\u010duje se u platnenoj\" \/>\n<meta property=\"og:url\" content=\"https:\/\/medicpro.hr\/veleprodaja\/proizvod\/antropometar-sa-zastitnom-torbom-gpm\/\" \/>\n<meta property=\"og:site_name\" content=\"Medicpro\" \/>\n<meta property=\"article:modified_time\" content=\"2025-09-12T09:02:31+00:00\" \/>\n<meta property=\"og:image\" content=\"https:\/\/medicpro.hr\/veleprodaja\/wp-content\/uploads\/2025\/06\/antropometar-sa-zastitnom-torbom-gpm-1.jpg\" \/>\n\t<meta property=\"og:image:width\" content=\"800\" \/>\n\t<meta property=\"og:image:height\" content=\"1040\" \/>\n\t<meta property=\"og:image:type\" content=\"image\/jpeg\" \/>\n<meta name=\"twitter:card\" content=\"summary_large_image\" \/>\n<meta name=\"twitter:label1\" content=\"Procijenjeno vrijeme \u010ditanja\" \/>\n\t<meta name=\"twitter:data1\" content=\"2 minute\" \/>\n<script type=\"application\/ld+json\" class=\"yoast-schema-graph\">{\"@context\":\"https:\\\/\\\/schema.org\",\"@graph\":[{\"@type\":\"WebPage\",\"@id\":\"https:\\\/\\\/medicpro.hr\\\/veleprodaja\\\/proizvod\\\/antropometar-sa-zastitnom-torbom-gpm\\\/\",\"url\":\"https:\\\/\\\/medicpro.hr\\\/veleprodaja\\\/proizvod\\\/antropometar-sa-zastitnom-torbom-gpm\\\/\",\"name\":\"ANTROPOMETAR SA ZA\u0160TITNOM TORBOM GPM - Medicpro\",\"isPartOf\":{\"@id\":\"https:\\\/\\\/medicpro.hr\\\/veleprodaja\\\/#website\"},\"primaryImageOfPage\":{\"@id\":\"https:\\\/\\\/medicpro.hr\\\/veleprodaja\\\/proizvod\\\/antropometar-sa-zastitnom-torbom-gpm\\\/#primaryimage\"},\"image\":{\"@id\":\"https:\\\/\\\/medicpro.hr\\\/veleprodaja\\\/proizvod\\\/antropometar-sa-zastitnom-torbom-gpm\\\/#primaryimage\"},\"thumbnailUrl\":\"https:\\\/\\\/medicpro.hr\\\/veleprodaja\\\/wp-content\\\/uploads\\\/2025\\\/06\\\/antropometar-sa-zastitnom-torbom-gpm-1.jpg\",\"datePublished\":\"2025-09-01T01:03:33+00:00\",\"dateModified\":\"2025-09-12T09:02:31+00:00\",\"breadcrumb\":{\"@id\":\"https:\\\/\\\/medicpro.hr\\\/veleprodaja\\\/proizvod\\\/antropometar-sa-zastitnom-torbom-gpm\\\/#breadcrumb\"},\"inLanguage\":\"hr\",\"potentialAction\":[{\"@type\":\"ReadAction\",\"target\":[\"https:\\\/\\\/medicpro.hr\\\/veleprodaja\\\/proizvod\\\/antropometar-sa-zastitnom-torbom-gpm\\\/\"]}]},{\"@type\":\"ImageObject\",\"inLanguage\":\"hr\",\"@id\":\"https:\\\/\\\/medicpro.hr\\\/veleprodaja\\\/proizvod\\\/antropometar-sa-zastitnom-torbom-gpm\\\/#primaryimage\",\"url\":\"https:\\\/\\\/medicpro.hr\\\/veleprodaja\\\/wp-content\\\/uploads\\\/2025\\\/06\\\/antropometar-sa-zastitnom-torbom-gpm-1.jpg\",\"contentUrl\":\"https:\\\/\\\/medicpro.hr\\\/veleprodaja\\\/wp-content\\\/uploads\\\/2025\\\/06\\\/antropometar-sa-zastitnom-torbom-gpm-1.jpg\",\"width\":800,\"height\":1040},{\"@type\":\"BreadcrumbList\",\"@id\":\"https:\\\/\\\/medicpro.hr\\\/veleprodaja\\\/proizvod\\\/antropometar-sa-zastitnom-torbom-gpm\\\/#breadcrumb\",\"itemListElement\":[{\"@type\":\"ListItem\",\"position\":1,\"name\":\"Po\u010detna stranica\",\"item\":\"https:\\\/\\\/medicpro.hr\\\/veleprodaja\\\/\"},{\"@type\":\"ListItem\",\"position\":2,\"name\":\"Veleprodaja\",\"item\":\"https:\\\/\\\/medicpro.hr\\\/veleprodaja\\\/trgovina\\\/\"},{\"@type\":\"ListItem\",\"position\":3,\"name\":\"ANTROPOMETAR SA ZA\u0160TITNOM TORBOM GPM\"}]},{\"@type\":\"WebSite\",\"@id\":\"https:\\\/\\\/medicpro.hr\\\/veleprodaja\\\/#website\",\"url\":\"https:\\\/\\\/medicpro.hr\\\/veleprodaja\\\/\",\"name\":\"Medicpro.hr\",\"description\":\"Medicinski potro\u0161ni materijal i oprema\",\"publisher\":{\"@id\":\"https:\\\/\\\/medicpro.hr\\\/veleprodaja\\\/#organization\"},\"potentialAction\":[{\"@type\":\"SearchAction\",\"target\":{\"@type\":\"EntryPoint\",\"urlTemplate\":\"https:\\\/\\\/medicpro.hr\\\/veleprodaja\\\/?s={search_term_string}\"},\"query-input\":{\"@type\":\"PropertyValueSpecification\",\"valueRequired\":true,\"valueName\":\"search_term_string\"}}],\"inLanguage\":\"hr\"},{\"@type\":\"Organization\",\"@id\":\"https:\\\/\\\/medicpro.hr\\\/veleprodaja\\\/#organization\",\"name\":\"Medicpro d.o.o.\",\"url\":\"https:\\\/\\\/medicpro.hr\\\/veleprodaja\\\/\",\"logo\":{\"@type\":\"ImageObject\",\"inLanguage\":\"hr\",\"@id\":\"https:\\\/\\\/medicpro.hr\\\/veleprodaja\\\/#\\\/schema\\\/logo\\\/image\\\/\",\"url\":\"https:\\\/\\\/medicpro.hr\\\/veleprodaja\\\/wp-content\\\/uploads\\\/2025\\\/05\\\/medicpro_logo.svg\",\"contentUrl\":\"https:\\\/\\\/medicpro.hr\\\/veleprodaja\\\/wp-content\\\/uploads\\\/2025\\\/05\\\/medicpro_logo.svg\",\"width\":226,\"height\":42,\"caption\":\"Medicpro d.o.o.\"},\"image\":{\"@id\":\"https:\\\/\\\/medicpro.hr\\\/veleprodaja\\\/#\\\/schema\\\/logo\\\/image\\\/\"}}]}<\/script>\n<!-- \/ Yoast SEO plugin. -->","yoast_head_json":{"title":"ANTROPOMETAR SA ZA\u0160TITNOM TORBOM GPM - Medicpro","robots":{"index":"index","follow":"follow","max-snippet":"max-snippet:-1","max-image-preview":"max-image-preview:large","max-video-preview":"max-video-preview:-1"},"canonical":"https:\/\/medicpro.hr\/veleprodaja\/proizvod\/antropometar-sa-zastitnom-torbom-gpm\/","og_locale":"hr_HR","og_type":"article","og_title":"ANTROPOMETAR SA ZA\u0160TITNOM TORBOM GPM - Medicpro","og_description":"Glavna svrha antropometra je mjerenje, a prikladan je za odre\u0111ivanje dimenzija svih dijelova tijela. Ovaj antropometar isporu\u010duje se u platnenoj","og_url":"https:\/\/medicpro.hr\/veleprodaja\/proizvod\/antropometar-sa-zastitnom-torbom-gpm\/","og_site_name":"Medicpro","article_modified_time":"2025-09-12T09:02:31+00:00","og_image":[{"width":800,"height":1040,"url":"https:\/\/medicpro.hr\/veleprodaja\/wp-content\/uploads\/2025\/06\/antropometar-sa-zastitnom-torbom-gpm-1.jpg","type":"image\/jpeg"}],"twitter_card":"summary_large_image","twitter_misc":{"Procijenjeno vrijeme \u010ditanja":"2 minute"},"schema":{"@context":"https:\/\/schema.org","@graph":[{"@type":"WebPage","@id":"https:\/\/medicpro.hr\/veleprodaja\/proizvod\/antropometar-sa-zastitnom-torbom-gpm\/","url":"https:\/\/medicpro.hr\/veleprodaja\/proizvod\/antropometar-sa-zastitnom-torbom-gpm\/","name":"ANTROPOMETAR SA ZA\u0160TITNOM TORBOM GPM - Medicpro","isPartOf":{"@id":"https:\/\/medicpro.hr\/veleprodaja\/#website"},"primaryImageOfPage":{"@id":"https:\/\/medicpro.hr\/veleprodaja\/proizvod\/antropometar-sa-zastitnom-torbom-gpm\/#primaryimage"},"image":{"@id":"https:\/\/medicpro.hr\/veleprodaja\/proizvod\/antropometar-sa-zastitnom-torbom-gpm\/#primaryimage"},"thumbnailUrl":"https:\/\/medicpro.hr\/veleprodaja\/wp-content\/uploads\/2025\/06\/antropometar-sa-zastitnom-torbom-gpm-1.jpg","datePublished":"2025-09-01T01:03:33+00:00","dateModified":"2025-09-12T09:02:31+00:00","breadcrumb":{"@id":"https:\/\/medicpro.hr\/veleprodaja\/proizvod\/antropometar-sa-zastitnom-torbom-gpm\/#breadcrumb"},"inLanguage":"hr","potentialAction":[{"@type":"ReadAction","target":["https:\/\/medicpro.hr\/veleprodaja\/proizvod\/antropometar-sa-zastitnom-torbom-gpm\/"]}]},{"@type":"ImageObject","inLanguage":"hr","@id":"https:\/\/medicpro.hr\/veleprodaja\/proizvod\/antropometar-sa-zastitnom-torbom-gpm\/#primaryimage","url":"https:\/\/medicpro.hr\/veleprodaja\/wp-content\/uploads\/2025\/06\/antropometar-sa-zastitnom-torbom-gpm-1.jpg","contentUrl":"https:\/\/medicpro.hr\/veleprodaja\/wp-content\/uploads\/2025\/06\/antropometar-sa-zastitnom-torbom-gpm-1.jpg","width":800,"height":1040},{"@type":"BreadcrumbList","@id":"https:\/\/medicpro.hr\/veleprodaja\/proizvod\/antropometar-sa-zastitnom-torbom-gpm\/#breadcrumb","itemListElement":[{"@type":"ListItem","position":1,"name":"Po\u010detna stranica","item":"https:\/\/medicpro.hr\/veleprodaja\/"},{"@type":"ListItem","position":2,"name":"Veleprodaja","item":"https:\/\/medicpro.hr\/veleprodaja\/trgovina\/"},{"@type":"ListItem","position":3,"name":"ANTROPOMETAR SA ZA\u0160TITNOM TORBOM GPM"}]},{"@type":"WebSite","@id":"https:\/\/medicpro.hr\/veleprodaja\/#website","url":"https:\/\/medicpro.hr\/veleprodaja\/","name":"Medicpro.hr","description":"Medicinski potro\u0161ni materijal i oprema","publisher":{"@id":"https:\/\/medicpro.hr\/veleprodaja\/#organization"},"potentialAction":[{"@type":"SearchAction","target":{"@type":"EntryPoint","urlTemplate":"https:\/\/medicpro.hr\/veleprodaja\/?s={search_term_string}"},"query-input":{"@type":"PropertyValueSpecification","valueRequired":true,"valueName":"search_term_string"}}],"inLanguage":"hr"},{"@type":"Organization","@id":"https:\/\/medicpro.hr\/veleprodaja\/#organization","name":"Medicpro d.o.o.","url":"https:\/\/medicpro.hr\/veleprodaja\/","logo":{"@type":"ImageObject","inLanguage":"hr","@id":"https:\/\/medicpro.hr\/veleprodaja\/#\/schema\/logo\/image\/","url":"https:\/\/medicpro.hr\/veleprodaja\/wp-content\/uploads\/2025\/05\/medicpro_logo.svg","contentUrl":"https:\/\/medicpro.hr\/veleprodaja\/wp-content\/uploads\/2025\/05\/medicpro_logo.svg","width":226,"height":42,"caption":"Medicpro d.o.o."},"image":{"@id":"https:\/\/medicpro.hr\/veleprodaja\/#\/schema\/logo\/image\/"}}]}},"_links":{"self":[{"href":"https:\/\/medicpro.hr\/veleprodaja\/wp-json\/wp\/v2\/product\/62306","targetHints":{"allow":["GET"]}}],"collection":[{"href":"https:\/\/medicpro.hr\/veleprodaja\/wp-json\/wp\/v2\/product"}],"about":[{"href":"https:\/\/medicpro.hr\/veleprodaja\/wp-json\/wp\/v2\/types\/product"}],"replies":[{"embeddable":true,"href":"https:\/\/medicpro.hr\/veleprodaja\/wp-json\/wp\/v2\/comments?post=62306"}],"wp:featuredmedia":[{"embeddable":true,"href":"https:\/\/medicpro.hr\/veleprodaja\/wp-json\/wp\/v2\/media\/54092"}],"wp:attachment":[{"href":"https:\/\/medicpro.hr\/veleprodaja\/wp-json\/wp\/v2\/media?parent=62306"}],"wp:term":[{"taxonomy":"product_brand","embeddable":true,"href":"https:\/\/medicpro.hr\/veleprodaja\/wp-json\/wp\/v2\/product_brand?post=62306"},{"taxonomy":"product_cat","embeddable":true,"href":"https:\/\/medicpro.hr\/veleprodaja\/wp-json\/wp\/v2\/product_cat?post=62306"},{"taxonomy":"product_tag","embeddable":true,"href":"https:\/\/medicpro.hr\/veleprodaja\/wp-json\/wp\/v2\/product_tag?post=62306"}],"curies":[{"name":"wp","href":"https:\/\/api.w.org\/{rel}","templated":true}]}}