{"id":62146,"date":"2025-09-01T03:03:11","date_gmt":"2025-09-01T01:03:11","guid":{"rendered":"https:\/\/zdesmedicpro-velepro.kuhada.net\/?post_type=product&#038;p=62146"},"modified":"2025-09-12T11:02:30","modified_gmt":"2025-09-12T09:02:30","slug":"kolica-za-reanimaciju","status":"publish","type":"product","link":"https:\/\/medicpro.hr\/veleprodaja\/proizvod\/kolica-za-reanimaciju\/","title":{"rendered":"KOLICA ZA REANIMACIJU"},"content":{"rendered":"<ul>\n<li><strong>Profesionalna, funkcionalna i \u010dvrsta kolica za hitne slu\u010dajeve samonosive i monokok (<em>Monocoque<\/em>) strukture.<\/strong><\/li>\n<li>Precizno dizajnirana do najsitnijeg detalja.<\/li>\n<li>Zaobljenih i glatkih rubova.<\/li>\n<li>Gornja povr\u0161ina kolica izra\u0111ena je od tehnopolimernog materijala koji se lako odr\u017eava i dezinficira.<\/li>\n<li>Lijeva strana sadr\u017ei dodatnu radnu plo\u010du na izvla\u010denje i 4 preklopne ladice.<\/li>\n<li>Na desnoj strani nalazi se ergonomska ru\u010dka, uvu\u010deni pretinac, dr\u017ea\u010d katetera\/sonda, spremnik za otpad i dodatna polica.<\/li>\n<li>Stra\u017enja strana ima ugra\u0111eni pretinac s trakama pomo\u0107u kojih se pri\u010dvr\u0161\u0107uje boca za kisik.<\/li>\n<li>Dimenzije kolica: 82 x 64 x 100-160 cm.<\/li>\n<\/ul>\n<p><strong>Dr\u017ea\u010d defibrilatora:<\/strong><\/p>\n<ul>\n<li>Izra\u0111en od akrilnog stakla i nehr\u0111aju\u0107eg \u010delika.<\/li>\n<li>Rotiraju\u0107i za 360 stupnjeva, zaklju\u010davanje na svakih 10 stupnjeva.<\/li>\n<li>Dimenzije dr\u017ea\u010da: 39 x 32 x 2 cm.<\/li>\n<li>Ure\u0111aj se pri\u010dvr\u0161\u0107uje pomo\u0107u traka prilago\u0111enim svim veli\u010dinama ure\u0111aja.<\/li>\n<\/ul>\n<p><strong>Ladice:<\/strong><\/p>\n<ul>\n<li>4 ladice bez o\u0161trih rubova.<\/li>\n<li>Tiho pomicanje pomo\u0107u vodilica s kugli\u010dnim le\u017eajevima i grani\u010dnikom.<\/li>\n<li>3 ladice dim. 60 x 47,5 x 13,7 cm.<\/li>\n<li>1 ladica dim. 60 x 47,5 x 27,4 cm.<\/li>\n<li>Centralizirani sustav zaklju\u010davanja.<\/li>\n<\/ul>\n<p><strong>Standardni pribor:<\/strong><\/p>\n<ul>\n<li>Dr\u017ea\u010d defibrilatora.<\/li>\n<li>Podesivi inox stalak za infuziju.<\/li>\n<li>Izvla\u010dna radna plo\u010da.<\/li>\n<li>Ergonomska ru\u010dka za guranje kolica.<\/li>\n<li>Spremnik za otpad.<\/li>\n<li>Dr\u017ea\u010d katetera\/sonda.<\/li>\n<li>Dodatna polica i preklopne ladice.<\/li>\n<li>Trake za pri\u010dvr\u0161\u0107ivanje.<\/li>\n<li>\u0160ipka s kukama za pribor.<\/li>\n<li>4 okretna kota\u010da \u00d8 125mm (2 antistati\u010dka i 2 sa sustavom zaklju\u010davanja).<\/li>\n<\/ul>\n","protected":false},"excerpt":{"rendered":"<p>Profesionalna, funkcionalna i \u010dvrsta kolica za hitne slu\u010dajeve samonosive i monokok (Monocoque) strukture. Precizno dizajnirana do najsitnijeg detalja. Zaobljenih i<\/p>\n","protected":false},"featured_media":53704,"comment_status":"open","ping_status":"closed","template":"","meta":[],"product_brand":[],"product_cat":[708,718],"product_tag":[],"class_list":{"0":"post-62146","1":"product","2":"type-product","3":"status-publish","4":"has-post-thumbnail","6":"product_cat-prva-pomoc-i-reanimacija","7":"product_cat-ostala-oprema-za-prvu-pomoc","9":"first","10":"onbackorder","11":"taxable","12":"shipping-taxable","13":"purchasable","14":"product-type-simple"},"acf":[],"yoast_head":"<!-- This site is optimized with the Yoast SEO plugin v27.3 - https:\/\/yoast.com\/product\/yoast-seo-wordpress\/ -->\n<title>KOLICA ZA REANIMACIJU - Medicpro<\/title>\n<meta name=\"robots\" content=\"index, follow, max-snippet:-1, max-image-preview:large, max-video-preview:-1\" \/>\n<link rel=\"canonical\" href=\"https:\/\/medicpro.hr\/veleprodaja\/proizvod\/kolica-za-reanimaciju\/\" \/>\n<meta property=\"og:locale\" content=\"hr_HR\" \/>\n<meta property=\"og:type\" content=\"article\" \/>\n<meta property=\"og:title\" content=\"KOLICA ZA REANIMACIJU - Medicpro\" \/>\n<meta property=\"og:description\" content=\"Profesionalna, funkcionalna i \u010dvrsta kolica za hitne slu\u010dajeve samonosive i monokok (Monocoque) strukture. Precizno dizajnirana do najsitnijeg detalja. Zaobljenih i\" \/>\n<meta property=\"og:url\" content=\"https:\/\/medicpro.hr\/veleprodaja\/proizvod\/kolica-za-reanimaciju\/\" \/>\n<meta property=\"og:site_name\" content=\"Medicpro\" \/>\n<meta property=\"article:modified_time\" content=\"2025-09-12T09:02:30+00:00\" \/>\n<meta property=\"og:image\" content=\"https:\/\/medicpro.hr\/veleprodaja\/wp-content\/uploads\/2025\/06\/kolica-za-reanimaciju-1.jpg\" \/>\n\t<meta property=\"og:image:width\" content=\"800\" \/>\n\t<meta property=\"og:image:height\" content=\"1040\" \/>\n\t<meta property=\"og:image:type\" content=\"image\/jpeg\" \/>\n<meta name=\"twitter:card\" content=\"summary_large_image\" \/>\n<meta name=\"twitter:label1\" content=\"Procijenjeno vrijeme \u010ditanja\" \/>\n\t<meta name=\"twitter:data1\" content=\"1 minuta\" \/>\n<script type=\"application\/ld+json\" class=\"yoast-schema-graph\">{\"@context\":\"https:\\\/\\\/schema.org\",\"@graph\":[{\"@type\":\"WebPage\",\"@id\":\"https:\\\/\\\/medicpro.hr\\\/veleprodaja\\\/proizvod\\\/kolica-za-reanimaciju\\\/\",\"url\":\"https:\\\/\\\/medicpro.hr\\\/veleprodaja\\\/proizvod\\\/kolica-za-reanimaciju\\\/\",\"name\":\"KOLICA ZA REANIMACIJU - Medicpro\",\"isPartOf\":{\"@id\":\"https:\\\/\\\/medicpro.hr\\\/veleprodaja\\\/#website\"},\"primaryImageOfPage\":{\"@id\":\"https:\\\/\\\/medicpro.hr\\\/veleprodaja\\\/proizvod\\\/kolica-za-reanimaciju\\\/#primaryimage\"},\"image\":{\"@id\":\"https:\\\/\\\/medicpro.hr\\\/veleprodaja\\\/proizvod\\\/kolica-za-reanimaciju\\\/#primaryimage\"},\"thumbnailUrl\":\"https:\\\/\\\/medicpro.hr\\\/veleprodaja\\\/wp-content\\\/uploads\\\/2025\\\/06\\\/kolica-za-reanimaciju-1.jpg\",\"datePublished\":\"2025-09-01T01:03:11+00:00\",\"dateModified\":\"2025-09-12T09:02:30+00:00\",\"breadcrumb\":{\"@id\":\"https:\\\/\\\/medicpro.hr\\\/veleprodaja\\\/proizvod\\\/kolica-za-reanimaciju\\\/#breadcrumb\"},\"inLanguage\":\"hr\",\"potentialAction\":[{\"@type\":\"ReadAction\",\"target\":[\"https:\\\/\\\/medicpro.hr\\\/veleprodaja\\\/proizvod\\\/kolica-za-reanimaciju\\\/\"]}]},{\"@type\":\"ImageObject\",\"inLanguage\":\"hr\",\"@id\":\"https:\\\/\\\/medicpro.hr\\\/veleprodaja\\\/proizvod\\\/kolica-za-reanimaciju\\\/#primaryimage\",\"url\":\"https:\\\/\\\/medicpro.hr\\\/veleprodaja\\\/wp-content\\\/uploads\\\/2025\\\/06\\\/kolica-za-reanimaciju-1.jpg\",\"contentUrl\":\"https:\\\/\\\/medicpro.hr\\\/veleprodaja\\\/wp-content\\\/uploads\\\/2025\\\/06\\\/kolica-za-reanimaciju-1.jpg\",\"width\":800,\"height\":1040},{\"@type\":\"BreadcrumbList\",\"@id\":\"https:\\\/\\\/medicpro.hr\\\/veleprodaja\\\/proizvod\\\/kolica-za-reanimaciju\\\/#breadcrumb\",\"itemListElement\":[{\"@type\":\"ListItem\",\"position\":1,\"name\":\"Po\u010detna stranica\",\"item\":\"https:\\\/\\\/medicpro.hr\\\/veleprodaja\\\/\"},{\"@type\":\"ListItem\",\"position\":2,\"name\":\"Veleprodaja\",\"item\":\"https:\\\/\\\/medicpro.hr\\\/veleprodaja\\\/trgovina\\\/\"},{\"@type\":\"ListItem\",\"position\":3,\"name\":\"KOLICA ZA REANIMACIJU\"}]},{\"@type\":\"WebSite\",\"@id\":\"https:\\\/\\\/medicpro.hr\\\/veleprodaja\\\/#website\",\"url\":\"https:\\\/\\\/medicpro.hr\\\/veleprodaja\\\/\",\"name\":\"Medicpro.hr\",\"description\":\"Medicinski potro\u0161ni materijal i oprema\",\"publisher\":{\"@id\":\"https:\\\/\\\/medicpro.hr\\\/veleprodaja\\\/#organization\"},\"potentialAction\":[{\"@type\":\"SearchAction\",\"target\":{\"@type\":\"EntryPoint\",\"urlTemplate\":\"https:\\\/\\\/medicpro.hr\\\/veleprodaja\\\/?s={search_term_string}\"},\"query-input\":{\"@type\":\"PropertyValueSpecification\",\"valueRequired\":true,\"valueName\":\"search_term_string\"}}],\"inLanguage\":\"hr\"},{\"@type\":\"Organization\",\"@id\":\"https:\\\/\\\/medicpro.hr\\\/veleprodaja\\\/#organization\",\"name\":\"Medicpro d.o.o.\",\"url\":\"https:\\\/\\\/medicpro.hr\\\/veleprodaja\\\/\",\"logo\":{\"@type\":\"ImageObject\",\"inLanguage\":\"hr\",\"@id\":\"https:\\\/\\\/medicpro.hr\\\/veleprodaja\\\/#\\\/schema\\\/logo\\\/image\\\/\",\"url\":\"https:\\\/\\\/medicpro.hr\\\/veleprodaja\\\/wp-content\\\/uploads\\\/2025\\\/05\\\/medicpro_logo.svg\",\"contentUrl\":\"https:\\\/\\\/medicpro.hr\\\/veleprodaja\\\/wp-content\\\/uploads\\\/2025\\\/05\\\/medicpro_logo.svg\",\"width\":226,\"height\":42,\"caption\":\"Medicpro d.o.o.\"},\"image\":{\"@id\":\"https:\\\/\\\/medicpro.hr\\\/veleprodaja\\\/#\\\/schema\\\/logo\\\/image\\\/\"}}]}<\/script>\n<!-- \/ Yoast SEO plugin. -->","yoast_head_json":{"title":"KOLICA ZA REANIMACIJU - Medicpro","robots":{"index":"index","follow":"follow","max-snippet":"max-snippet:-1","max-image-preview":"max-image-preview:large","max-video-preview":"max-video-preview:-1"},"canonical":"https:\/\/medicpro.hr\/veleprodaja\/proizvod\/kolica-za-reanimaciju\/","og_locale":"hr_HR","og_type":"article","og_title":"KOLICA ZA REANIMACIJU - Medicpro","og_description":"Profesionalna, funkcionalna i \u010dvrsta kolica za hitne slu\u010dajeve samonosive i monokok (Monocoque) strukture. Precizno dizajnirana do najsitnijeg detalja. Zaobljenih i","og_url":"https:\/\/medicpro.hr\/veleprodaja\/proizvod\/kolica-za-reanimaciju\/","og_site_name":"Medicpro","article_modified_time":"2025-09-12T09:02:30+00:00","og_image":[{"width":800,"height":1040,"url":"https:\/\/medicpro.hr\/veleprodaja\/wp-content\/uploads\/2025\/06\/kolica-za-reanimaciju-1.jpg","type":"image\/jpeg"}],"twitter_card":"summary_large_image","twitter_misc":{"Procijenjeno vrijeme \u010ditanja":"1 minuta"},"schema":{"@context":"https:\/\/schema.org","@graph":[{"@type":"WebPage","@id":"https:\/\/medicpro.hr\/veleprodaja\/proizvod\/kolica-za-reanimaciju\/","url":"https:\/\/medicpro.hr\/veleprodaja\/proizvod\/kolica-za-reanimaciju\/","name":"KOLICA ZA REANIMACIJU - Medicpro","isPartOf":{"@id":"https:\/\/medicpro.hr\/veleprodaja\/#website"},"primaryImageOfPage":{"@id":"https:\/\/medicpro.hr\/veleprodaja\/proizvod\/kolica-za-reanimaciju\/#primaryimage"},"image":{"@id":"https:\/\/medicpro.hr\/veleprodaja\/proizvod\/kolica-za-reanimaciju\/#primaryimage"},"thumbnailUrl":"https:\/\/medicpro.hr\/veleprodaja\/wp-content\/uploads\/2025\/06\/kolica-za-reanimaciju-1.jpg","datePublished":"2025-09-01T01:03:11+00:00","dateModified":"2025-09-12T09:02:30+00:00","breadcrumb":{"@id":"https:\/\/medicpro.hr\/veleprodaja\/proizvod\/kolica-za-reanimaciju\/#breadcrumb"},"inLanguage":"hr","potentialAction":[{"@type":"ReadAction","target":["https:\/\/medicpro.hr\/veleprodaja\/proizvod\/kolica-za-reanimaciju\/"]}]},{"@type":"ImageObject","inLanguage":"hr","@id":"https:\/\/medicpro.hr\/veleprodaja\/proizvod\/kolica-za-reanimaciju\/#primaryimage","url":"https:\/\/medicpro.hr\/veleprodaja\/wp-content\/uploads\/2025\/06\/kolica-za-reanimaciju-1.jpg","contentUrl":"https:\/\/medicpro.hr\/veleprodaja\/wp-content\/uploads\/2025\/06\/kolica-za-reanimaciju-1.jpg","width":800,"height":1040},{"@type":"BreadcrumbList","@id":"https:\/\/medicpro.hr\/veleprodaja\/proizvod\/kolica-za-reanimaciju\/#breadcrumb","itemListElement":[{"@type":"ListItem","position":1,"name":"Po\u010detna stranica","item":"https:\/\/medicpro.hr\/veleprodaja\/"},{"@type":"ListItem","position":2,"name":"Veleprodaja","item":"https:\/\/medicpro.hr\/veleprodaja\/trgovina\/"},{"@type":"ListItem","position":3,"name":"KOLICA ZA REANIMACIJU"}]},{"@type":"WebSite","@id":"https:\/\/medicpro.hr\/veleprodaja\/#website","url":"https:\/\/medicpro.hr\/veleprodaja\/","name":"Medicpro.hr","description":"Medicinski potro\u0161ni materijal i oprema","publisher":{"@id":"https:\/\/medicpro.hr\/veleprodaja\/#organization"},"potentialAction":[{"@type":"SearchAction","target":{"@type":"EntryPoint","urlTemplate":"https:\/\/medicpro.hr\/veleprodaja\/?s={search_term_string}"},"query-input":{"@type":"PropertyValueSpecification","valueRequired":true,"valueName":"search_term_string"}}],"inLanguage":"hr"},{"@type":"Organization","@id":"https:\/\/medicpro.hr\/veleprodaja\/#organization","name":"Medicpro d.o.o.","url":"https:\/\/medicpro.hr\/veleprodaja\/","logo":{"@type":"ImageObject","inLanguage":"hr","@id":"https:\/\/medicpro.hr\/veleprodaja\/#\/schema\/logo\/image\/","url":"https:\/\/medicpro.hr\/veleprodaja\/wp-content\/uploads\/2025\/05\/medicpro_logo.svg","contentUrl":"https:\/\/medicpro.hr\/veleprodaja\/wp-content\/uploads\/2025\/05\/medicpro_logo.svg","width":226,"height":42,"caption":"Medicpro d.o.o."},"image":{"@id":"https:\/\/medicpro.hr\/veleprodaja\/#\/schema\/logo\/image\/"}}]}},"_links":{"self":[{"href":"https:\/\/medicpro.hr\/veleprodaja\/wp-json\/wp\/v2\/product\/62146","targetHints":{"allow":["GET"]}}],"collection":[{"href":"https:\/\/medicpro.hr\/veleprodaja\/wp-json\/wp\/v2\/product"}],"about":[{"href":"https:\/\/medicpro.hr\/veleprodaja\/wp-json\/wp\/v2\/types\/product"}],"replies":[{"embeddable":true,"href":"https:\/\/medicpro.hr\/veleprodaja\/wp-json\/wp\/v2\/comments?post=62146"}],"wp:featuredmedia":[{"embeddable":true,"href":"https:\/\/medicpro.hr\/veleprodaja\/wp-json\/wp\/v2\/media\/53704"}],"wp:attachment":[{"href":"https:\/\/medicpro.hr\/veleprodaja\/wp-json\/wp\/v2\/media?parent=62146"}],"wp:term":[{"taxonomy":"product_brand","embeddable":true,"href":"https:\/\/medicpro.hr\/veleprodaja\/wp-json\/wp\/v2\/product_brand?post=62146"},{"taxonomy":"product_cat","embeddable":true,"href":"https:\/\/medicpro.hr\/veleprodaja\/wp-json\/wp\/v2\/product_cat?post=62146"},{"taxonomy":"product_tag","embeddable":true,"href":"https:\/\/medicpro.hr\/veleprodaja\/wp-json\/wp\/v2\/product_tag?post=62146"}],"curies":[{"name":"wp","href":"https:\/\/api.w.org\/{rel}","templated":true}]}}