{"id":62109,"date":"2025-09-01T03:03:06","date_gmt":"2025-09-01T01:03:06","guid":{"rendered":"https:\/\/zdesmedicpro-velepro.kuhada.net\/?post_type=product&#038;p=62109"},"modified":"2025-12-16T13:35:14","modified_gmt":"2025-12-16T12:35:14","slug":"stol-za-fizioterapiju-masazu-i-preglede-ponto-2-djelni-fiksna-visina-drveni-okvir-190x65x78-cm","status":"publish","type":"product","link":"https:\/\/medicpro.hr\/veleprodaja\/proizvod\/stol-za-fizioterapiju-masazu-i-preglede-ponto-2-djelni-fiksna-visina-drveni-okvir-190x65x78-cm\/","title":{"rendered":"STOL ZA FIZIOTERAPIJU, MASA\u017dU I PREGLEDE PONTO, 2-DJELNI, FIKSNA VISINA, DRVENI OKVIR, 190x65x78 cm"},"content":{"rendered":"<ul>\n<li>Stol se sastoji <strong>od dva dijela s podesivim naslonom za glavu.<\/strong><\/li>\n<li>Naslon za glavu podesiv za +60\u00b0.<\/li>\n<li>Naj\u010de\u0161\u0107e se koristi za potrebe fizikalnih terapija, masa\u017ee te razne preglede.<\/li>\n<li><strong>Stol je opremljen otvorom za disanje za ve\u0107u udobnost prilikom le\u017eanja potrbu\u0161ke.<\/strong><\/li>\n<li><strong>Uz otvor za disanje dolazi i &#8220;\u010dep&#8221; kojim se otvor mo\u017ee zatvoriti.<\/strong><\/li>\n<li>Osigurava udobnost pacijentu zahvaljuju\u0107i madracu debljine 4 cm.<\/li>\n<li><strong>\u010cvrsto drveno postolje i nosivost do 130 kg osiguravaju sigurno kori\u0161tenje bez pomicanja ili savijanja.<\/strong><\/li>\n<li>Zahvaljuju\u0107i strukturi, <strong>ispod stola je mogu\u0107e postaviti dizalice za pacijente.<\/strong><\/li>\n<li>Dimenzije: 190 cm x 65 cm.<\/li>\n<li>Visina stola: 78 cm.<\/li>\n<li>Stol je dostupan u raznim bojama (zelena, plava, be\u017e, \u017euta, naran\u010dasta, bordo, siva, crna).<\/li>\n<li>Uz stol, dostupni su i sljede\u0107i dodatci:\n<ul>\n<li><a href=\"https:\/\/medicpro.hr\/veleprodaja\/proizvod\/drzac-role-papira-za-stolove-edo-elia-atena-eros-elettra\/\">Metalni dr\u017ea\u010d role papira<\/a> predvi\u0111en za medicinski papir u roli dimenzija 60 cm x 80 m.<\/li>\n<li><a href=\"https:\/\/medicpro.hr\/veleprodaja\/proizvod\/papir-medicinski-60cm-x-80m-rola\/\">Role medicinskog papira<\/a> dimenzija 60cm x 80m.<\/li>\n<li>Drvena polica za donji dio stola koja slu\u017ei za odlaganje stvari i opreme (na upit).<\/li>\n<\/ul>\n<\/li>\n<\/ul>\n","protected":false},"excerpt":{"rendered":"<p>Stol se sastoji od dva dijela s podesivim naslonom za glavu. Naslon za glavu podesiv za +60\u00b0. Naj\u010de\u0161\u0107e se koristi<\/p>\n","protected":false},"featured_media":53628,"comment_status":"open","ping_status":"closed","template":"","meta":[],"product_brand":[],"product_cat":[705,803,715,784],"product_tag":[],"class_list":{"0":"post-62109","1":"product","2":"type-product","3":"status-publish","4":"has-post-thumbnail","6":"product_cat-fizikalna-terapija","7":"product_cat-stolovi-za-fizikalnu-terapiju","8":"product_cat-oprema-za-ordinacije","9":"product_cat-stolovi","11":"first","12":"onbackorder","13":"taxable","14":"shipping-taxable","15":"purchasable","16":"product-type-simple"},"acf":[],"yoast_head":"<!-- This site is optimized with the Yoast SEO plugin v27.3 - https:\/\/yoast.com\/product\/yoast-seo-wordpress\/ -->\n<title>STOL ZA FIZIOTERAPIJU, MASA\u017dU I PREGLEDE PONTO, 2-DJELNI, FIKSNA VISINA, DRVENI OKVIR, 190x65x78 cm - Medicpro<\/title>\n<meta name=\"robots\" content=\"index, follow, max-snippet:-1, max-image-preview:large, max-video-preview:-1\" \/>\n<link rel=\"canonical\" href=\"https:\/\/medicpro.hr\/veleprodaja\/proizvod\/stol-za-fizioterapiju-masazu-i-preglede-ponto-2-djelni-fiksna-visina-drveni-okvir-190x65x78-cm\/\" \/>\n<meta property=\"og:locale\" content=\"hr_HR\" \/>\n<meta property=\"og:type\" content=\"article\" \/>\n<meta property=\"og:title\" content=\"STOL ZA FIZIOTERAPIJU, MASA\u017dU I PREGLEDE PONTO, 2-DJELNI, FIKSNA VISINA, DRVENI OKVIR, 190x65x78 cm - Medicpro\" \/>\n<meta property=\"og:description\" content=\"Stol se sastoji od dva dijela s podesivim naslonom za glavu. Naslon za glavu podesiv za +60\u00b0. Naj\u010de\u0161\u0107e se koristi\" \/>\n<meta property=\"og:url\" content=\"https:\/\/medicpro.hr\/veleprodaja\/proizvod\/stol-za-fizioterapiju-masazu-i-preglede-ponto-2-djelni-fiksna-visina-drveni-okvir-190x65x78-cm\/\" \/>\n<meta property=\"og:site_name\" content=\"Medicpro\" \/>\n<meta property=\"article:modified_time\" content=\"2025-12-16T12:35:14+00:00\" \/>\n<meta property=\"og:image\" content=\"https:\/\/medicpro.hr\/veleprodaja\/wp-content\/uploads\/2025\/06\/stol-za-fizioterapiju-masazu-i-preglede-ponto-2-djelni-fiksna-visina-drveni-okvir-190x65x78cm-1.jpg\" \/>\n\t<meta property=\"og:image:width\" content=\"750\" \/>\n\t<meta property=\"og:image:height\" content=\"750\" \/>\n\t<meta property=\"og:image:type\" content=\"image\/jpeg\" \/>\n<meta name=\"twitter:card\" content=\"summary_large_image\" \/>\n<meta name=\"twitter:label1\" content=\"Procijenjeno vrijeme \u010ditanja\" \/>\n\t<meta name=\"twitter:data1\" content=\"1 minuta\" \/>\n<script type=\"application\/ld+json\" class=\"yoast-schema-graph\">{\"@context\":\"https:\\\/\\\/schema.org\",\"@graph\":[{\"@type\":\"WebPage\",\"@id\":\"https:\\\/\\\/medicpro.hr\\\/veleprodaja\\\/proizvod\\\/stol-za-fizioterapiju-masazu-i-preglede-ponto-2-djelni-fiksna-visina-drveni-okvir-190x65x78-cm\\\/\",\"url\":\"https:\\\/\\\/medicpro.hr\\\/veleprodaja\\\/proizvod\\\/stol-za-fizioterapiju-masazu-i-preglede-ponto-2-djelni-fiksna-visina-drveni-okvir-190x65x78-cm\\\/\",\"name\":\"STOL ZA FIZIOTERAPIJU, MASA\u017dU I PREGLEDE PONTO, 2-DJELNI, FIKSNA VISINA, DRVENI OKVIR, 190x65x78 cm - Medicpro\",\"isPartOf\":{\"@id\":\"https:\\\/\\\/medicpro.hr\\\/veleprodaja\\\/#website\"},\"primaryImageOfPage\":{\"@id\":\"https:\\\/\\\/medicpro.hr\\\/veleprodaja\\\/proizvod\\\/stol-za-fizioterapiju-masazu-i-preglede-ponto-2-djelni-fiksna-visina-drveni-okvir-190x65x78-cm\\\/#primaryimage\"},\"image\":{\"@id\":\"https:\\\/\\\/medicpro.hr\\\/veleprodaja\\\/proizvod\\\/stol-za-fizioterapiju-masazu-i-preglede-ponto-2-djelni-fiksna-visina-drveni-okvir-190x65x78-cm\\\/#primaryimage\"},\"thumbnailUrl\":\"https:\\\/\\\/medicpro.hr\\\/veleprodaja\\\/wp-content\\\/uploads\\\/2025\\\/06\\\/stol-za-fizioterapiju-masazu-i-preglede-ponto-2-djelni-fiksna-visina-drveni-okvir-190x65x78cm-1.jpg\",\"datePublished\":\"2025-09-01T01:03:06+00:00\",\"dateModified\":\"2025-12-16T12:35:14+00:00\",\"breadcrumb\":{\"@id\":\"https:\\\/\\\/medicpro.hr\\\/veleprodaja\\\/proizvod\\\/stol-za-fizioterapiju-masazu-i-preglede-ponto-2-djelni-fiksna-visina-drveni-okvir-190x65x78-cm\\\/#breadcrumb\"},\"inLanguage\":\"hr\",\"potentialAction\":[{\"@type\":\"ReadAction\",\"target\":[\"https:\\\/\\\/medicpro.hr\\\/veleprodaja\\\/proizvod\\\/stol-za-fizioterapiju-masazu-i-preglede-ponto-2-djelni-fiksna-visina-drveni-okvir-190x65x78-cm\\\/\"]}]},{\"@type\":\"ImageObject\",\"inLanguage\":\"hr\",\"@id\":\"https:\\\/\\\/medicpro.hr\\\/veleprodaja\\\/proizvod\\\/stol-za-fizioterapiju-masazu-i-preglede-ponto-2-djelni-fiksna-visina-drveni-okvir-190x65x78-cm\\\/#primaryimage\",\"url\":\"https:\\\/\\\/medicpro.hr\\\/veleprodaja\\\/wp-content\\\/uploads\\\/2025\\\/06\\\/stol-za-fizioterapiju-masazu-i-preglede-ponto-2-djelni-fiksna-visina-drveni-okvir-190x65x78cm-1.jpg\",\"contentUrl\":\"https:\\\/\\\/medicpro.hr\\\/veleprodaja\\\/wp-content\\\/uploads\\\/2025\\\/06\\\/stol-za-fizioterapiju-masazu-i-preglede-ponto-2-djelni-fiksna-visina-drveni-okvir-190x65x78cm-1.jpg\",\"width\":750,\"height\":750},{\"@type\":\"BreadcrumbList\",\"@id\":\"https:\\\/\\\/medicpro.hr\\\/veleprodaja\\\/proizvod\\\/stol-za-fizioterapiju-masazu-i-preglede-ponto-2-djelni-fiksna-visina-drveni-okvir-190x65x78-cm\\\/#breadcrumb\",\"itemListElement\":[{\"@type\":\"ListItem\",\"position\":1,\"name\":\"Po\u010detna stranica\",\"item\":\"https:\\\/\\\/medicpro.hr\\\/veleprodaja\\\/\"},{\"@type\":\"ListItem\",\"position\":2,\"name\":\"Veleprodaja\",\"item\":\"https:\\\/\\\/medicpro.hr\\\/veleprodaja\\\/trgovina\\\/\"},{\"@type\":\"ListItem\",\"position\":3,\"name\":\"STOL ZA FIZIOTERAPIJU, MASA\u017dU I PREGLEDE PONTO, 2-DJELNI, FIKSNA VISINA, DRVENI OKVIR, 190x65x78 cm\"}]},{\"@type\":\"WebSite\",\"@id\":\"https:\\\/\\\/medicpro.hr\\\/veleprodaja\\\/#website\",\"url\":\"https:\\\/\\\/medicpro.hr\\\/veleprodaja\\\/\",\"name\":\"Medicpro.hr\",\"description\":\"Medicinski potro\u0161ni materijal i oprema\",\"publisher\":{\"@id\":\"https:\\\/\\\/medicpro.hr\\\/veleprodaja\\\/#organization\"},\"potentialAction\":[{\"@type\":\"SearchAction\",\"target\":{\"@type\":\"EntryPoint\",\"urlTemplate\":\"https:\\\/\\\/medicpro.hr\\\/veleprodaja\\\/?s={search_term_string}\"},\"query-input\":{\"@type\":\"PropertyValueSpecification\",\"valueRequired\":true,\"valueName\":\"search_term_string\"}}],\"inLanguage\":\"hr\"},{\"@type\":\"Organization\",\"@id\":\"https:\\\/\\\/medicpro.hr\\\/veleprodaja\\\/#organization\",\"name\":\"Medicpro d.o.o.\",\"url\":\"https:\\\/\\\/medicpro.hr\\\/veleprodaja\\\/\",\"logo\":{\"@type\":\"ImageObject\",\"inLanguage\":\"hr\",\"@id\":\"https:\\\/\\\/medicpro.hr\\\/veleprodaja\\\/#\\\/schema\\\/logo\\\/image\\\/\",\"url\":\"https:\\\/\\\/medicpro.hr\\\/veleprodaja\\\/wp-content\\\/uploads\\\/2025\\\/05\\\/medicpro_logo.svg\",\"contentUrl\":\"https:\\\/\\\/medicpro.hr\\\/veleprodaja\\\/wp-content\\\/uploads\\\/2025\\\/05\\\/medicpro_logo.svg\",\"width\":226,\"height\":42,\"caption\":\"Medicpro d.o.o.\"},\"image\":{\"@id\":\"https:\\\/\\\/medicpro.hr\\\/veleprodaja\\\/#\\\/schema\\\/logo\\\/image\\\/\"}}]}<\/script>\n<!-- \/ Yoast SEO plugin. -->","yoast_head_json":{"title":"STOL ZA FIZIOTERAPIJU, MASA\u017dU I PREGLEDE PONTO, 2-DJELNI, FIKSNA VISINA, DRVENI OKVIR, 190x65x78 cm - Medicpro","robots":{"index":"index","follow":"follow","max-snippet":"max-snippet:-1","max-image-preview":"max-image-preview:large","max-video-preview":"max-video-preview:-1"},"canonical":"https:\/\/medicpro.hr\/veleprodaja\/proizvod\/stol-za-fizioterapiju-masazu-i-preglede-ponto-2-djelni-fiksna-visina-drveni-okvir-190x65x78-cm\/","og_locale":"hr_HR","og_type":"article","og_title":"STOL ZA FIZIOTERAPIJU, MASA\u017dU I PREGLEDE PONTO, 2-DJELNI, FIKSNA VISINA, DRVENI OKVIR, 190x65x78 cm - Medicpro","og_description":"Stol se sastoji od dva dijela s podesivim naslonom za glavu. Naslon za glavu podesiv za +60\u00b0. Naj\u010de\u0161\u0107e se koristi","og_url":"https:\/\/medicpro.hr\/veleprodaja\/proizvod\/stol-za-fizioterapiju-masazu-i-preglede-ponto-2-djelni-fiksna-visina-drveni-okvir-190x65x78-cm\/","og_site_name":"Medicpro","article_modified_time":"2025-12-16T12:35:14+00:00","og_image":[{"width":750,"height":750,"url":"https:\/\/medicpro.hr\/veleprodaja\/wp-content\/uploads\/2025\/06\/stol-za-fizioterapiju-masazu-i-preglede-ponto-2-djelni-fiksna-visina-drveni-okvir-190x65x78cm-1.jpg","type":"image\/jpeg"}],"twitter_card":"summary_large_image","twitter_misc":{"Procijenjeno vrijeme \u010ditanja":"1 minuta"},"schema":{"@context":"https:\/\/schema.org","@graph":[{"@type":"WebPage","@id":"https:\/\/medicpro.hr\/veleprodaja\/proizvod\/stol-za-fizioterapiju-masazu-i-preglede-ponto-2-djelni-fiksna-visina-drveni-okvir-190x65x78-cm\/","url":"https:\/\/medicpro.hr\/veleprodaja\/proizvod\/stol-za-fizioterapiju-masazu-i-preglede-ponto-2-djelni-fiksna-visina-drveni-okvir-190x65x78-cm\/","name":"STOL ZA FIZIOTERAPIJU, MASA\u017dU I PREGLEDE PONTO, 2-DJELNI, FIKSNA VISINA, DRVENI OKVIR, 190x65x78 cm - Medicpro","isPartOf":{"@id":"https:\/\/medicpro.hr\/veleprodaja\/#website"},"primaryImageOfPage":{"@id":"https:\/\/medicpro.hr\/veleprodaja\/proizvod\/stol-za-fizioterapiju-masazu-i-preglede-ponto-2-djelni-fiksna-visina-drveni-okvir-190x65x78-cm\/#primaryimage"},"image":{"@id":"https:\/\/medicpro.hr\/veleprodaja\/proizvod\/stol-za-fizioterapiju-masazu-i-preglede-ponto-2-djelni-fiksna-visina-drveni-okvir-190x65x78-cm\/#primaryimage"},"thumbnailUrl":"https:\/\/medicpro.hr\/veleprodaja\/wp-content\/uploads\/2025\/06\/stol-za-fizioterapiju-masazu-i-preglede-ponto-2-djelni-fiksna-visina-drveni-okvir-190x65x78cm-1.jpg","datePublished":"2025-09-01T01:03:06+00:00","dateModified":"2025-12-16T12:35:14+00:00","breadcrumb":{"@id":"https:\/\/medicpro.hr\/veleprodaja\/proizvod\/stol-za-fizioterapiju-masazu-i-preglede-ponto-2-djelni-fiksna-visina-drveni-okvir-190x65x78-cm\/#breadcrumb"},"inLanguage":"hr","potentialAction":[{"@type":"ReadAction","target":["https:\/\/medicpro.hr\/veleprodaja\/proizvod\/stol-za-fizioterapiju-masazu-i-preglede-ponto-2-djelni-fiksna-visina-drveni-okvir-190x65x78-cm\/"]}]},{"@type":"ImageObject","inLanguage":"hr","@id":"https:\/\/medicpro.hr\/veleprodaja\/proizvod\/stol-za-fizioterapiju-masazu-i-preglede-ponto-2-djelni-fiksna-visina-drveni-okvir-190x65x78-cm\/#primaryimage","url":"https:\/\/medicpro.hr\/veleprodaja\/wp-content\/uploads\/2025\/06\/stol-za-fizioterapiju-masazu-i-preglede-ponto-2-djelni-fiksna-visina-drveni-okvir-190x65x78cm-1.jpg","contentUrl":"https:\/\/medicpro.hr\/veleprodaja\/wp-content\/uploads\/2025\/06\/stol-za-fizioterapiju-masazu-i-preglede-ponto-2-djelni-fiksna-visina-drveni-okvir-190x65x78cm-1.jpg","width":750,"height":750},{"@type":"BreadcrumbList","@id":"https:\/\/medicpro.hr\/veleprodaja\/proizvod\/stol-za-fizioterapiju-masazu-i-preglede-ponto-2-djelni-fiksna-visina-drveni-okvir-190x65x78-cm\/#breadcrumb","itemListElement":[{"@type":"ListItem","position":1,"name":"Po\u010detna stranica","item":"https:\/\/medicpro.hr\/veleprodaja\/"},{"@type":"ListItem","position":2,"name":"Veleprodaja","item":"https:\/\/medicpro.hr\/veleprodaja\/trgovina\/"},{"@type":"ListItem","position":3,"name":"STOL ZA FIZIOTERAPIJU, MASA\u017dU I PREGLEDE PONTO, 2-DJELNI, FIKSNA VISINA, DRVENI OKVIR, 190x65x78 cm"}]},{"@type":"WebSite","@id":"https:\/\/medicpro.hr\/veleprodaja\/#website","url":"https:\/\/medicpro.hr\/veleprodaja\/","name":"Medicpro.hr","description":"Medicinski potro\u0161ni materijal i oprema","publisher":{"@id":"https:\/\/medicpro.hr\/veleprodaja\/#organization"},"potentialAction":[{"@type":"SearchAction","target":{"@type":"EntryPoint","urlTemplate":"https:\/\/medicpro.hr\/veleprodaja\/?s={search_term_string}"},"query-input":{"@type":"PropertyValueSpecification","valueRequired":true,"valueName":"search_term_string"}}],"inLanguage":"hr"},{"@type":"Organization","@id":"https:\/\/medicpro.hr\/veleprodaja\/#organization","name":"Medicpro d.o.o.","url":"https:\/\/medicpro.hr\/veleprodaja\/","logo":{"@type":"ImageObject","inLanguage":"hr","@id":"https:\/\/medicpro.hr\/veleprodaja\/#\/schema\/logo\/image\/","url":"https:\/\/medicpro.hr\/veleprodaja\/wp-content\/uploads\/2025\/05\/medicpro_logo.svg","contentUrl":"https:\/\/medicpro.hr\/veleprodaja\/wp-content\/uploads\/2025\/05\/medicpro_logo.svg","width":226,"height":42,"caption":"Medicpro d.o.o."},"image":{"@id":"https:\/\/medicpro.hr\/veleprodaja\/#\/schema\/logo\/image\/"}}]}},"_links":{"self":[{"href":"https:\/\/medicpro.hr\/veleprodaja\/wp-json\/wp\/v2\/product\/62109","targetHints":{"allow":["GET"]}}],"collection":[{"href":"https:\/\/medicpro.hr\/veleprodaja\/wp-json\/wp\/v2\/product"}],"about":[{"href":"https:\/\/medicpro.hr\/veleprodaja\/wp-json\/wp\/v2\/types\/product"}],"replies":[{"embeddable":true,"href":"https:\/\/medicpro.hr\/veleprodaja\/wp-json\/wp\/v2\/comments?post=62109"}],"wp:featuredmedia":[{"embeddable":true,"href":"https:\/\/medicpro.hr\/veleprodaja\/wp-json\/wp\/v2\/media\/53628"}],"wp:attachment":[{"href":"https:\/\/medicpro.hr\/veleprodaja\/wp-json\/wp\/v2\/media?parent=62109"}],"wp:term":[{"taxonomy":"product_brand","embeddable":true,"href":"https:\/\/medicpro.hr\/veleprodaja\/wp-json\/wp\/v2\/product_brand?post=62109"},{"taxonomy":"product_cat","embeddable":true,"href":"https:\/\/medicpro.hr\/veleprodaja\/wp-json\/wp\/v2\/product_cat?post=62109"},{"taxonomy":"product_tag","embeddable":true,"href":"https:\/\/medicpro.hr\/veleprodaja\/wp-json\/wp\/v2\/product_tag?post=62109"}],"curies":[{"name":"wp","href":"https:\/\/api.w.org\/{rel}","templated":true}]}}