{"id":61714,"date":"2025-09-01T03:02:09","date_gmt":"2025-09-01T01:02:09","guid":{"rendered":"https:\/\/zdesmedicpro-velepro.kuhada.net\/?post_type=product&#038;p=61714"},"modified":"2025-09-12T11:02:22","modified_gmt":"2025-09-12T09:02:22","slug":"uredaj-transkutani-bilirubinometar-jm-105","status":"publish","type":"product","link":"https:\/\/medicpro.hr\/veleprodaja\/proizvod\/uredaj-transkutani-bilirubinometar-jm-105\/","title":{"rendered":"URE\u0110AJ TRANSKUTANI BILIRUBINOMETAR JM-105"},"content":{"rendered":"<ul>\n<li>Ure\u0111aj za transkutano mjerenje bilirubina u novoro\u0111en\u010dadi.<\/li>\n<li>Prijenosni bilirubinometar <strong>za novoro\u0111en\u010dad od 24 tjedna gestacijske dobi nadalje<\/strong>.<\/li>\n<li>Ure\u0111aj sadr\u017ei <strong>vi\u0161ekratni svjetlosni senzor<\/strong> (min. 150.000 mjerenja).<\/li>\n<li>Ne sadr\u017ei potro\u0161ne dijelove za mjerenje i kalibraciju.<\/li>\n<li><strong>Integrirana baterija za 250 mjerenja bez punjenja.<\/strong><\/li>\n<li>Postolje s integriranim punja\u010dem i elementom za kalibraciju svjetla.<\/li>\n<li><strong>Ekran osjetljiv na dodir.<\/strong><\/li>\n<li>Na ure\u0111aju se nalazi<strong> izbornik na hrvatskom i engleskom jeziku.<\/strong><\/li>\n<li>Prikaz vrijednosti u \u00b5mol\/L ili mg\/dL.<\/li>\n<li><strong>Raspon mjernih vrijednosti:<\/strong>\n<ul>\n<li>0,0 do 20 mg\/dl<\/li>\n<li>0,0 do 340 \u00b5mol\/L<\/li>\n<\/ul>\n<\/li>\n<li><strong>Modovi rada:<\/strong>\n<ul>\n<li>prikaz rezultata nakon svakog mjerenja,<\/li>\n<li>prikaz prosje\u010dnog rezultata nakon odabranog broja uzastopnih mjerenja.<\/li>\n<\/ul>\n<\/li>\n<\/ul>\n","protected":false},"excerpt":{"rendered":"<p>Ure\u0111aj za transkutano mjerenje bilirubina u novoro\u0111en\u010dadi. Prijenosni bilirubinometar za novoro\u0111en\u010dad od 24 tjedna gestacijske dobi nadalje. Ure\u0111aj sadr\u017ei vi\u0161ekratni<\/p>\n","protected":false},"featured_media":0,"comment_status":"open","ping_status":"closed","template":"","meta":[],"product_brand":[],"product_cat":[700,811],"product_tag":[],"class_list":{"0":"post-61714","1":"product","2":"type-product","3":"status-publish","5":"product_cat-medicinski-uredaji","6":"product_cat-ostali-medicinski-uredaji","8":"first","9":"onbackorder","10":"taxable","11":"shipping-taxable","12":"purchasable","13":"product-type-simple"},"acf":[],"yoast_head":"<!-- This site is optimized with the Yoast SEO plugin v27.3 - https:\/\/yoast.com\/product\/yoast-seo-wordpress\/ -->\n<title>URE\u0110AJ TRANSKUTANI BILIRUBINOMETAR JM-105 - Medicpro<\/title>\n<meta name=\"robots\" content=\"index, follow, max-snippet:-1, max-image-preview:large, max-video-preview:-1\" \/>\n<link rel=\"canonical\" href=\"https:\/\/medicpro.hr\/veleprodaja\/proizvod\/uredaj-transkutani-bilirubinometar-jm-105\/\" \/>\n<meta property=\"og:locale\" content=\"hr_HR\" \/>\n<meta property=\"og:type\" content=\"article\" \/>\n<meta property=\"og:title\" content=\"URE\u0110AJ TRANSKUTANI BILIRUBINOMETAR JM-105 - Medicpro\" \/>\n<meta property=\"og:description\" content=\"Ure\u0111aj za transkutano mjerenje bilirubina u novoro\u0111en\u010dadi. Prijenosni bilirubinometar za novoro\u0111en\u010dad od 24 tjedna gestacijske dobi nadalje. Ure\u0111aj sadr\u017ei vi\u0161ekratni\" \/>\n<meta property=\"og:url\" content=\"https:\/\/medicpro.hr\/veleprodaja\/proizvod\/uredaj-transkutani-bilirubinometar-jm-105\/\" \/>\n<meta property=\"og:site_name\" content=\"Medicpro\" \/>\n<meta property=\"article:modified_time\" content=\"2025-09-12T09:02:22+00:00\" \/>\n<meta name=\"twitter:card\" content=\"summary_large_image\" \/>\n<meta name=\"twitter:label1\" content=\"Procijenjeno vrijeme \u010ditanja\" \/>\n\t<meta name=\"twitter:data1\" content=\"1 minuta\" \/>\n<script type=\"application\/ld+json\" class=\"yoast-schema-graph\">{\"@context\":\"https:\\\/\\\/schema.org\",\"@graph\":[{\"@type\":\"WebPage\",\"@id\":\"https:\\\/\\\/medicpro.hr\\\/veleprodaja\\\/proizvod\\\/uredaj-transkutani-bilirubinometar-jm-105\\\/\",\"url\":\"https:\\\/\\\/medicpro.hr\\\/veleprodaja\\\/proizvod\\\/uredaj-transkutani-bilirubinometar-jm-105\\\/\",\"name\":\"URE\u0110AJ TRANSKUTANI BILIRUBINOMETAR JM-105 - Medicpro\",\"isPartOf\":{\"@id\":\"https:\\\/\\\/medicpro.hr\\\/veleprodaja\\\/#website\"},\"datePublished\":\"2025-09-01T01:02:09+00:00\",\"dateModified\":\"2025-09-12T09:02:22+00:00\",\"breadcrumb\":{\"@id\":\"https:\\\/\\\/medicpro.hr\\\/veleprodaja\\\/proizvod\\\/uredaj-transkutani-bilirubinometar-jm-105\\\/#breadcrumb\"},\"inLanguage\":\"hr\",\"potentialAction\":[{\"@type\":\"ReadAction\",\"target\":[\"https:\\\/\\\/medicpro.hr\\\/veleprodaja\\\/proizvod\\\/uredaj-transkutani-bilirubinometar-jm-105\\\/\"]}]},{\"@type\":\"BreadcrumbList\",\"@id\":\"https:\\\/\\\/medicpro.hr\\\/veleprodaja\\\/proizvod\\\/uredaj-transkutani-bilirubinometar-jm-105\\\/#breadcrumb\",\"itemListElement\":[{\"@type\":\"ListItem\",\"position\":1,\"name\":\"Po\u010detna stranica\",\"item\":\"https:\\\/\\\/medicpro.hr\\\/veleprodaja\\\/\"},{\"@type\":\"ListItem\",\"position\":2,\"name\":\"Veleprodaja\",\"item\":\"https:\\\/\\\/medicpro.hr\\\/veleprodaja\\\/trgovina\\\/\"},{\"@type\":\"ListItem\",\"position\":3,\"name\":\"URE\u0110AJ TRANSKUTANI BILIRUBINOMETAR JM-105\"}]},{\"@type\":\"WebSite\",\"@id\":\"https:\\\/\\\/medicpro.hr\\\/veleprodaja\\\/#website\",\"url\":\"https:\\\/\\\/medicpro.hr\\\/veleprodaja\\\/\",\"name\":\"Medicpro.hr\",\"description\":\"Medicinski potro\u0161ni materijal i oprema\",\"publisher\":{\"@id\":\"https:\\\/\\\/medicpro.hr\\\/veleprodaja\\\/#organization\"},\"potentialAction\":[{\"@type\":\"SearchAction\",\"target\":{\"@type\":\"EntryPoint\",\"urlTemplate\":\"https:\\\/\\\/medicpro.hr\\\/veleprodaja\\\/?s={search_term_string}\"},\"query-input\":{\"@type\":\"PropertyValueSpecification\",\"valueRequired\":true,\"valueName\":\"search_term_string\"}}],\"inLanguage\":\"hr\"},{\"@type\":\"Organization\",\"@id\":\"https:\\\/\\\/medicpro.hr\\\/veleprodaja\\\/#organization\",\"name\":\"Medicpro d.o.o.\",\"url\":\"https:\\\/\\\/medicpro.hr\\\/veleprodaja\\\/\",\"logo\":{\"@type\":\"ImageObject\",\"inLanguage\":\"hr\",\"@id\":\"https:\\\/\\\/medicpro.hr\\\/veleprodaja\\\/#\\\/schema\\\/logo\\\/image\\\/\",\"url\":\"https:\\\/\\\/medicpro.hr\\\/veleprodaja\\\/wp-content\\\/uploads\\\/2025\\\/05\\\/medicpro_logo.svg\",\"contentUrl\":\"https:\\\/\\\/medicpro.hr\\\/veleprodaja\\\/wp-content\\\/uploads\\\/2025\\\/05\\\/medicpro_logo.svg\",\"width\":226,\"height\":42,\"caption\":\"Medicpro d.o.o.\"},\"image\":{\"@id\":\"https:\\\/\\\/medicpro.hr\\\/veleprodaja\\\/#\\\/schema\\\/logo\\\/image\\\/\"}}]}<\/script>\n<!-- \/ Yoast SEO plugin. -->","yoast_head_json":{"title":"URE\u0110AJ TRANSKUTANI BILIRUBINOMETAR JM-105 - Medicpro","robots":{"index":"index","follow":"follow","max-snippet":"max-snippet:-1","max-image-preview":"max-image-preview:large","max-video-preview":"max-video-preview:-1"},"canonical":"https:\/\/medicpro.hr\/veleprodaja\/proizvod\/uredaj-transkutani-bilirubinometar-jm-105\/","og_locale":"hr_HR","og_type":"article","og_title":"URE\u0110AJ TRANSKUTANI BILIRUBINOMETAR JM-105 - Medicpro","og_description":"Ure\u0111aj za transkutano mjerenje bilirubina u novoro\u0111en\u010dadi. Prijenosni bilirubinometar za novoro\u0111en\u010dad od 24 tjedna gestacijske dobi nadalje. Ure\u0111aj sadr\u017ei vi\u0161ekratni","og_url":"https:\/\/medicpro.hr\/veleprodaja\/proizvod\/uredaj-transkutani-bilirubinometar-jm-105\/","og_site_name":"Medicpro","article_modified_time":"2025-09-12T09:02:22+00:00","twitter_card":"summary_large_image","twitter_misc":{"Procijenjeno vrijeme \u010ditanja":"1 minuta"},"schema":{"@context":"https:\/\/schema.org","@graph":[{"@type":"WebPage","@id":"https:\/\/medicpro.hr\/veleprodaja\/proizvod\/uredaj-transkutani-bilirubinometar-jm-105\/","url":"https:\/\/medicpro.hr\/veleprodaja\/proizvod\/uredaj-transkutani-bilirubinometar-jm-105\/","name":"URE\u0110AJ TRANSKUTANI BILIRUBINOMETAR JM-105 - Medicpro","isPartOf":{"@id":"https:\/\/medicpro.hr\/veleprodaja\/#website"},"datePublished":"2025-09-01T01:02:09+00:00","dateModified":"2025-09-12T09:02:22+00:00","breadcrumb":{"@id":"https:\/\/medicpro.hr\/veleprodaja\/proizvod\/uredaj-transkutani-bilirubinometar-jm-105\/#breadcrumb"},"inLanguage":"hr","potentialAction":[{"@type":"ReadAction","target":["https:\/\/medicpro.hr\/veleprodaja\/proizvod\/uredaj-transkutani-bilirubinometar-jm-105\/"]}]},{"@type":"BreadcrumbList","@id":"https:\/\/medicpro.hr\/veleprodaja\/proizvod\/uredaj-transkutani-bilirubinometar-jm-105\/#breadcrumb","itemListElement":[{"@type":"ListItem","position":1,"name":"Po\u010detna stranica","item":"https:\/\/medicpro.hr\/veleprodaja\/"},{"@type":"ListItem","position":2,"name":"Veleprodaja","item":"https:\/\/medicpro.hr\/veleprodaja\/trgovina\/"},{"@type":"ListItem","position":3,"name":"URE\u0110AJ TRANSKUTANI BILIRUBINOMETAR JM-105"}]},{"@type":"WebSite","@id":"https:\/\/medicpro.hr\/veleprodaja\/#website","url":"https:\/\/medicpro.hr\/veleprodaja\/","name":"Medicpro.hr","description":"Medicinski potro\u0161ni materijal i oprema","publisher":{"@id":"https:\/\/medicpro.hr\/veleprodaja\/#organization"},"potentialAction":[{"@type":"SearchAction","target":{"@type":"EntryPoint","urlTemplate":"https:\/\/medicpro.hr\/veleprodaja\/?s={search_term_string}"},"query-input":{"@type":"PropertyValueSpecification","valueRequired":true,"valueName":"search_term_string"}}],"inLanguage":"hr"},{"@type":"Organization","@id":"https:\/\/medicpro.hr\/veleprodaja\/#organization","name":"Medicpro d.o.o.","url":"https:\/\/medicpro.hr\/veleprodaja\/","logo":{"@type":"ImageObject","inLanguage":"hr","@id":"https:\/\/medicpro.hr\/veleprodaja\/#\/schema\/logo\/image\/","url":"https:\/\/medicpro.hr\/veleprodaja\/wp-content\/uploads\/2025\/05\/medicpro_logo.svg","contentUrl":"https:\/\/medicpro.hr\/veleprodaja\/wp-content\/uploads\/2025\/05\/medicpro_logo.svg","width":226,"height":42,"caption":"Medicpro d.o.o."},"image":{"@id":"https:\/\/medicpro.hr\/veleprodaja\/#\/schema\/logo\/image\/"}}]}},"_links":{"self":[{"href":"https:\/\/medicpro.hr\/veleprodaja\/wp-json\/wp\/v2\/product\/61714","targetHints":{"allow":["GET"]}}],"collection":[{"href":"https:\/\/medicpro.hr\/veleprodaja\/wp-json\/wp\/v2\/product"}],"about":[{"href":"https:\/\/medicpro.hr\/veleprodaja\/wp-json\/wp\/v2\/types\/product"}],"replies":[{"embeddable":true,"href":"https:\/\/medicpro.hr\/veleprodaja\/wp-json\/wp\/v2\/comments?post=61714"}],"wp:attachment":[{"href":"https:\/\/medicpro.hr\/veleprodaja\/wp-json\/wp\/v2\/media?parent=61714"}],"wp:term":[{"taxonomy":"product_brand","embeddable":true,"href":"https:\/\/medicpro.hr\/veleprodaja\/wp-json\/wp\/v2\/product_brand?post=61714"},{"taxonomy":"product_cat","embeddable":true,"href":"https:\/\/medicpro.hr\/veleprodaja\/wp-json\/wp\/v2\/product_cat?post=61714"},{"taxonomy":"product_tag","embeddable":true,"href":"https:\/\/medicpro.hr\/veleprodaja\/wp-json\/wp\/v2\/product_tag?post=61714"}],"curies":[{"name":"wp","href":"https:\/\/api.w.org\/{rel}","templated":true}]}}