{"id":60395,"date":"2025-09-01T02:59:17","date_gmt":"2025-09-01T00:59:17","guid":{"rendered":"https:\/\/zdesmedicpro-velepro.kuhada.net\/?post_type=product&#038;p=60395"},"modified":"2025-09-12T11:02:21","modified_gmt":"2025-09-12T09:02:21","slug":"tipstim-senzorna-rukavica-za-rehabilitaciju-ruke-velicina-po-izboru","status":"publish","type":"product","link":"https:\/\/medicpro.hr\/veleprodaja\/proizvod\/tipstim-senzorna-rukavica-za-rehabilitaciju-ruke-velicina-po-izboru\/","title":{"rendered":"TIPSTIM SENZORNA RUKAVICA ZA REHABILITACIJU RUKE &#8211; VELI\u010cINA PO IZBORU"},"content":{"rendered":"<p>Tipstim\u00ae je <strong>senzorna rukavica za rehabilitaciju ruke po neurolo\u0161kim oboljenjima<\/strong> i\/ili o\u0161te\u0107enjima, kao \u0161to su: mo\u017edani udar, kraniocerebralna trauma, multipla skleroza te drugim oboljenjima koja mogu utjecati na prezentaciju\/percepciju ruke u mozgu (npr. kompleksni regionalni bolni sindrom).<\/p>\n<p>Tipstim\u00ae je <strong>bezbolna terapija bez negativnih u\u010dinaka<\/strong> i jako jednostavna za uporabu. Rukavicu jednostavno navu\u010dete na ruku i pove\u017eete s pulsnim generatorom. Terapija se izvodi 1 sat na dan.<\/p>\n<p>Zahvaljuju\u0107i tome \u0161to je pulsni generator mali, <strong>terapiju je mogu\u0107e izvoditi u svakodnevnom \u017eivotu \u010dak i tijekom hodanja<\/strong> ili drugih aktivnosti kao \u0161to su \u010ditanje ili gledanje televizije.<\/p>\n<h5>Kako djeluje Tipstim\u00ae?<\/h5>\n<ol>\n<li>Impulsni generator Tipstim\u00ae \u0161alje posebne elektri\u010dne signale u rukavicu koja je u kontaktu s ko\u017eom.<\/li>\n<li>Ti impulsi se prenose u prste uz pomo\u0107 potpuno novih tekstilnih elektroda.<\/li>\n<li>Nadalje putuju \u017eiv\u010danim putevima neposredno u mozak koji je odgovoran za osjetilo dodira (senzorika) i pokrete ruke (motorika).<\/li>\n<li>Neposredna stimulacija tih mo\u017edanih podru\u010dja osigurava njihovu potpunu aktivaciju.<\/li>\n<li>Rezultat je osjetno pobolj\u0161ano osjetilo dodira i bolja mobilnost tretirane ruke.<\/li>\n<\/ol>\n<p>U kratkom istra\u017eivanju u Centru fizioterapije Ljubljana, kod 3 od 4 ispitanika <strong>pobolj\u0161ao se osje\u0107aj za prepoznavanje karakteristika predmeta<\/strong>, kao \u0161to su te\u017eina, oblik, tekstura i prepoznavanje materijala iz kojeg su predmeti izra\u0111eni. <strong>Kod svih ispitanika se pobolj\u0161ala gruba mi\u0161i\u0107na snaga<\/strong>, a kod dvoje i mi\u0161i\u0107na snaga pincetnog hvata. Svi ispitanici su bili u kroni\u010dnoj fazi nakon mo\u017edanog udara (od 9 do 48 mjeseci po doga\u0111aju).<\/p>\n<p>Tipstim senzorna rukavica koristi se uz <a href=\"https:\/\/medicpro.hr\/veleprodaja\/proizvod\/tipstim-uredaj-senzorna-rukavica-za-rehabilitaciju-ruke\/\" target=\"_blank\" rel=\"noopener\">Tipstim ure\u0111aj<\/a>.<\/p>\n<p>Veli\u010dina rukavice (S, M, L, XL) bira se s obzirom na opseg \u0161ake koji je potrebno izmjeriti prema uputama.<\/p>\n","protected":false},"excerpt":{"rendered":"<p>Tipstim\u00ae je senzorna rukavica za rehabilitaciju ruke po neurolo\u0161kim oboljenjima i\/ili o\u0161te\u0107enjima, kao \u0161to su: mo\u017edani udar, kraniocerebralna trauma, multipla<\/p>\n","protected":false},"featured_media":51014,"comment_status":"open","ping_status":"closed","template":"","meta":[],"product_brand":[],"product_cat":[705,759],"product_tag":[],"class_list":{"0":"post-60395","1":"product","2":"type-product","3":"status-publish","4":"has-post-thumbnail","6":"product_cat-fizikalna-terapija","7":"product_cat-uredaji-za-fizikalnu-terapiju","9":"first","10":"onbackorder","11":"taxable","12":"shipping-taxable","13":"purchasable","14":"product-type-simple"},"acf":[],"yoast_head":"<!-- This site is optimized with the Yoast SEO plugin v27.3 - https:\/\/yoast.com\/product\/yoast-seo-wordpress\/ -->\n<title>TIPSTIM SENZORNA RUKAVICA ZA REHABILITACIJU RUKE - VELI\u010cINA PO IZBORU - Medicpro<\/title>\n<meta name=\"robots\" content=\"index, follow, max-snippet:-1, max-image-preview:large, max-video-preview:-1\" \/>\n<link rel=\"canonical\" href=\"https:\/\/medicpro.hr\/veleprodaja\/proizvod\/tipstim-senzorna-rukavica-za-rehabilitaciju-ruke-velicina-po-izboru\/\" \/>\n<meta property=\"og:locale\" content=\"hr_HR\" \/>\n<meta property=\"og:type\" content=\"article\" \/>\n<meta property=\"og:title\" content=\"TIPSTIM SENZORNA RUKAVICA ZA REHABILITACIJU RUKE - VELI\u010cINA PO IZBORU - Medicpro\" \/>\n<meta property=\"og:description\" content=\"Tipstim\u00ae je senzorna rukavica za rehabilitaciju ruke po neurolo\u0161kim oboljenjima i\/ili o\u0161te\u0107enjima, kao \u0161to su: mo\u017edani udar, kraniocerebralna trauma, multipla\" \/>\n<meta property=\"og:url\" content=\"https:\/\/medicpro.hr\/veleprodaja\/proizvod\/tipstim-senzorna-rukavica-za-rehabilitaciju-ruke-velicina-po-izboru\/\" \/>\n<meta property=\"og:site_name\" content=\"Medicpro\" \/>\n<meta property=\"article:modified_time\" content=\"2025-09-12T09:02:21+00:00\" \/>\n<meta property=\"og:image\" content=\"https:\/\/medicpro.hr\/veleprodaja\/wp-content\/uploads\/2025\/06\/products-6955-1-1.jpg\" \/>\n\t<meta property=\"og:image:width\" content=\"458\" \/>\n\t<meta property=\"og:image:height\" content=\"458\" \/>\n\t<meta property=\"og:image:type\" content=\"image\/jpeg\" \/>\n<meta name=\"twitter:card\" content=\"summary_large_image\" \/>\n<meta name=\"twitter:label1\" content=\"Procijenjeno vrijeme \u010ditanja\" \/>\n\t<meta name=\"twitter:data1\" content=\"1 minuta\" \/>\n<script type=\"application\/ld+json\" class=\"yoast-schema-graph\">{\"@context\":\"https:\\\/\\\/schema.org\",\"@graph\":[{\"@type\":\"WebPage\",\"@id\":\"https:\\\/\\\/medicpro.hr\\\/veleprodaja\\\/proizvod\\\/tipstim-senzorna-rukavica-za-rehabilitaciju-ruke-velicina-po-izboru\\\/\",\"url\":\"https:\\\/\\\/medicpro.hr\\\/veleprodaja\\\/proizvod\\\/tipstim-senzorna-rukavica-za-rehabilitaciju-ruke-velicina-po-izboru\\\/\",\"name\":\"TIPSTIM SENZORNA RUKAVICA ZA REHABILITACIJU RUKE - VELI\u010cINA PO IZBORU - Medicpro\",\"isPartOf\":{\"@id\":\"https:\\\/\\\/medicpro.hr\\\/veleprodaja\\\/#website\"},\"primaryImageOfPage\":{\"@id\":\"https:\\\/\\\/medicpro.hr\\\/veleprodaja\\\/proizvod\\\/tipstim-senzorna-rukavica-za-rehabilitaciju-ruke-velicina-po-izboru\\\/#primaryimage\"},\"image\":{\"@id\":\"https:\\\/\\\/medicpro.hr\\\/veleprodaja\\\/proizvod\\\/tipstim-senzorna-rukavica-za-rehabilitaciju-ruke-velicina-po-izboru\\\/#primaryimage\"},\"thumbnailUrl\":\"https:\\\/\\\/medicpro.hr\\\/veleprodaja\\\/wp-content\\\/uploads\\\/2025\\\/06\\\/products-6955-1-1.jpg\",\"datePublished\":\"2025-09-01T00:59:17+00:00\",\"dateModified\":\"2025-09-12T09:02:21+00:00\",\"breadcrumb\":{\"@id\":\"https:\\\/\\\/medicpro.hr\\\/veleprodaja\\\/proizvod\\\/tipstim-senzorna-rukavica-za-rehabilitaciju-ruke-velicina-po-izboru\\\/#breadcrumb\"},\"inLanguage\":\"hr\",\"potentialAction\":[{\"@type\":\"ReadAction\",\"target\":[\"https:\\\/\\\/medicpro.hr\\\/veleprodaja\\\/proizvod\\\/tipstim-senzorna-rukavica-za-rehabilitaciju-ruke-velicina-po-izboru\\\/\"]}]},{\"@type\":\"ImageObject\",\"inLanguage\":\"hr\",\"@id\":\"https:\\\/\\\/medicpro.hr\\\/veleprodaja\\\/proizvod\\\/tipstim-senzorna-rukavica-za-rehabilitaciju-ruke-velicina-po-izboru\\\/#primaryimage\",\"url\":\"https:\\\/\\\/medicpro.hr\\\/veleprodaja\\\/wp-content\\\/uploads\\\/2025\\\/06\\\/products-6955-1-1.jpg\",\"contentUrl\":\"https:\\\/\\\/medicpro.hr\\\/veleprodaja\\\/wp-content\\\/uploads\\\/2025\\\/06\\\/products-6955-1-1.jpg\",\"width\":458,\"height\":458},{\"@type\":\"BreadcrumbList\",\"@id\":\"https:\\\/\\\/medicpro.hr\\\/veleprodaja\\\/proizvod\\\/tipstim-senzorna-rukavica-za-rehabilitaciju-ruke-velicina-po-izboru\\\/#breadcrumb\",\"itemListElement\":[{\"@type\":\"ListItem\",\"position\":1,\"name\":\"Po\u010detna stranica\",\"item\":\"https:\\\/\\\/medicpro.hr\\\/veleprodaja\\\/\"},{\"@type\":\"ListItem\",\"position\":2,\"name\":\"Veleprodaja\",\"item\":\"https:\\\/\\\/medicpro.hr\\\/veleprodaja\\\/trgovina\\\/\"},{\"@type\":\"ListItem\",\"position\":3,\"name\":\"TIPSTIM SENZORNA RUKAVICA ZA REHABILITACIJU RUKE &#8211; VELI\u010cINA PO IZBORU\"}]},{\"@type\":\"WebSite\",\"@id\":\"https:\\\/\\\/medicpro.hr\\\/veleprodaja\\\/#website\",\"url\":\"https:\\\/\\\/medicpro.hr\\\/veleprodaja\\\/\",\"name\":\"Medicpro.hr\",\"description\":\"Medicinski potro\u0161ni materijal i oprema\",\"publisher\":{\"@id\":\"https:\\\/\\\/medicpro.hr\\\/veleprodaja\\\/#organization\"},\"potentialAction\":[{\"@type\":\"SearchAction\",\"target\":{\"@type\":\"EntryPoint\",\"urlTemplate\":\"https:\\\/\\\/medicpro.hr\\\/veleprodaja\\\/?s={search_term_string}\"},\"query-input\":{\"@type\":\"PropertyValueSpecification\",\"valueRequired\":true,\"valueName\":\"search_term_string\"}}],\"inLanguage\":\"hr\"},{\"@type\":\"Organization\",\"@id\":\"https:\\\/\\\/medicpro.hr\\\/veleprodaja\\\/#organization\",\"name\":\"Medicpro d.o.o.\",\"url\":\"https:\\\/\\\/medicpro.hr\\\/veleprodaja\\\/\",\"logo\":{\"@type\":\"ImageObject\",\"inLanguage\":\"hr\",\"@id\":\"https:\\\/\\\/medicpro.hr\\\/veleprodaja\\\/#\\\/schema\\\/logo\\\/image\\\/\",\"url\":\"https:\\\/\\\/medicpro.hr\\\/veleprodaja\\\/wp-content\\\/uploads\\\/2025\\\/05\\\/medicpro_logo.svg\",\"contentUrl\":\"https:\\\/\\\/medicpro.hr\\\/veleprodaja\\\/wp-content\\\/uploads\\\/2025\\\/05\\\/medicpro_logo.svg\",\"width\":226,\"height\":42,\"caption\":\"Medicpro d.o.o.\"},\"image\":{\"@id\":\"https:\\\/\\\/medicpro.hr\\\/veleprodaja\\\/#\\\/schema\\\/logo\\\/image\\\/\"}}]}<\/script>\n<!-- \/ Yoast SEO plugin. -->","yoast_head_json":{"title":"TIPSTIM SENZORNA RUKAVICA ZA REHABILITACIJU RUKE - VELI\u010cINA PO IZBORU - Medicpro","robots":{"index":"index","follow":"follow","max-snippet":"max-snippet:-1","max-image-preview":"max-image-preview:large","max-video-preview":"max-video-preview:-1"},"canonical":"https:\/\/medicpro.hr\/veleprodaja\/proizvod\/tipstim-senzorna-rukavica-za-rehabilitaciju-ruke-velicina-po-izboru\/","og_locale":"hr_HR","og_type":"article","og_title":"TIPSTIM SENZORNA RUKAVICA ZA REHABILITACIJU RUKE - VELI\u010cINA PO IZBORU - Medicpro","og_description":"Tipstim\u00ae je senzorna rukavica za rehabilitaciju ruke po neurolo\u0161kim oboljenjima i\/ili o\u0161te\u0107enjima, kao \u0161to su: mo\u017edani udar, kraniocerebralna trauma, multipla","og_url":"https:\/\/medicpro.hr\/veleprodaja\/proizvod\/tipstim-senzorna-rukavica-za-rehabilitaciju-ruke-velicina-po-izboru\/","og_site_name":"Medicpro","article_modified_time":"2025-09-12T09:02:21+00:00","og_image":[{"width":458,"height":458,"url":"https:\/\/medicpro.hr\/veleprodaja\/wp-content\/uploads\/2025\/06\/products-6955-1-1.jpg","type":"image\/jpeg"}],"twitter_card":"summary_large_image","twitter_misc":{"Procijenjeno vrijeme \u010ditanja":"1 minuta"},"schema":{"@context":"https:\/\/schema.org","@graph":[{"@type":"WebPage","@id":"https:\/\/medicpro.hr\/veleprodaja\/proizvod\/tipstim-senzorna-rukavica-za-rehabilitaciju-ruke-velicina-po-izboru\/","url":"https:\/\/medicpro.hr\/veleprodaja\/proizvod\/tipstim-senzorna-rukavica-za-rehabilitaciju-ruke-velicina-po-izboru\/","name":"TIPSTIM SENZORNA RUKAVICA ZA REHABILITACIJU RUKE - VELI\u010cINA PO IZBORU - Medicpro","isPartOf":{"@id":"https:\/\/medicpro.hr\/veleprodaja\/#website"},"primaryImageOfPage":{"@id":"https:\/\/medicpro.hr\/veleprodaja\/proizvod\/tipstim-senzorna-rukavica-za-rehabilitaciju-ruke-velicina-po-izboru\/#primaryimage"},"image":{"@id":"https:\/\/medicpro.hr\/veleprodaja\/proizvod\/tipstim-senzorna-rukavica-za-rehabilitaciju-ruke-velicina-po-izboru\/#primaryimage"},"thumbnailUrl":"https:\/\/medicpro.hr\/veleprodaja\/wp-content\/uploads\/2025\/06\/products-6955-1-1.jpg","datePublished":"2025-09-01T00:59:17+00:00","dateModified":"2025-09-12T09:02:21+00:00","breadcrumb":{"@id":"https:\/\/medicpro.hr\/veleprodaja\/proizvod\/tipstim-senzorna-rukavica-za-rehabilitaciju-ruke-velicina-po-izboru\/#breadcrumb"},"inLanguage":"hr","potentialAction":[{"@type":"ReadAction","target":["https:\/\/medicpro.hr\/veleprodaja\/proizvod\/tipstim-senzorna-rukavica-za-rehabilitaciju-ruke-velicina-po-izboru\/"]}]},{"@type":"ImageObject","inLanguage":"hr","@id":"https:\/\/medicpro.hr\/veleprodaja\/proizvod\/tipstim-senzorna-rukavica-za-rehabilitaciju-ruke-velicina-po-izboru\/#primaryimage","url":"https:\/\/medicpro.hr\/veleprodaja\/wp-content\/uploads\/2025\/06\/products-6955-1-1.jpg","contentUrl":"https:\/\/medicpro.hr\/veleprodaja\/wp-content\/uploads\/2025\/06\/products-6955-1-1.jpg","width":458,"height":458},{"@type":"BreadcrumbList","@id":"https:\/\/medicpro.hr\/veleprodaja\/proizvod\/tipstim-senzorna-rukavica-za-rehabilitaciju-ruke-velicina-po-izboru\/#breadcrumb","itemListElement":[{"@type":"ListItem","position":1,"name":"Po\u010detna stranica","item":"https:\/\/medicpro.hr\/veleprodaja\/"},{"@type":"ListItem","position":2,"name":"Veleprodaja","item":"https:\/\/medicpro.hr\/veleprodaja\/trgovina\/"},{"@type":"ListItem","position":3,"name":"TIPSTIM SENZORNA RUKAVICA ZA REHABILITACIJU RUKE &#8211; VELI\u010cINA PO IZBORU"}]},{"@type":"WebSite","@id":"https:\/\/medicpro.hr\/veleprodaja\/#website","url":"https:\/\/medicpro.hr\/veleprodaja\/","name":"Medicpro.hr","description":"Medicinski potro\u0161ni materijal i oprema","publisher":{"@id":"https:\/\/medicpro.hr\/veleprodaja\/#organization"},"potentialAction":[{"@type":"SearchAction","target":{"@type":"EntryPoint","urlTemplate":"https:\/\/medicpro.hr\/veleprodaja\/?s={search_term_string}"},"query-input":{"@type":"PropertyValueSpecification","valueRequired":true,"valueName":"search_term_string"}}],"inLanguage":"hr"},{"@type":"Organization","@id":"https:\/\/medicpro.hr\/veleprodaja\/#organization","name":"Medicpro d.o.o.","url":"https:\/\/medicpro.hr\/veleprodaja\/","logo":{"@type":"ImageObject","inLanguage":"hr","@id":"https:\/\/medicpro.hr\/veleprodaja\/#\/schema\/logo\/image\/","url":"https:\/\/medicpro.hr\/veleprodaja\/wp-content\/uploads\/2025\/05\/medicpro_logo.svg","contentUrl":"https:\/\/medicpro.hr\/veleprodaja\/wp-content\/uploads\/2025\/05\/medicpro_logo.svg","width":226,"height":42,"caption":"Medicpro d.o.o."},"image":{"@id":"https:\/\/medicpro.hr\/veleprodaja\/#\/schema\/logo\/image\/"}}]}},"_links":{"self":[{"href":"https:\/\/medicpro.hr\/veleprodaja\/wp-json\/wp\/v2\/product\/60395","targetHints":{"allow":["GET"]}}],"collection":[{"href":"https:\/\/medicpro.hr\/veleprodaja\/wp-json\/wp\/v2\/product"}],"about":[{"href":"https:\/\/medicpro.hr\/veleprodaja\/wp-json\/wp\/v2\/types\/product"}],"replies":[{"embeddable":true,"href":"https:\/\/medicpro.hr\/veleprodaja\/wp-json\/wp\/v2\/comments?post=60395"}],"wp:featuredmedia":[{"embeddable":true,"href":"https:\/\/medicpro.hr\/veleprodaja\/wp-json\/wp\/v2\/media\/51014"}],"wp:attachment":[{"href":"https:\/\/medicpro.hr\/veleprodaja\/wp-json\/wp\/v2\/media?parent=60395"}],"wp:term":[{"taxonomy":"product_brand","embeddable":true,"href":"https:\/\/medicpro.hr\/veleprodaja\/wp-json\/wp\/v2\/product_brand?post=60395"},{"taxonomy":"product_cat","embeddable":true,"href":"https:\/\/medicpro.hr\/veleprodaja\/wp-json\/wp\/v2\/product_cat?post=60395"},{"taxonomy":"product_tag","embeddable":true,"href":"https:\/\/medicpro.hr\/veleprodaja\/wp-json\/wp\/v2\/product_tag?post=60395"}],"curies":[{"name":"wp","href":"https:\/\/api.w.org\/{rel}","templated":true}]}}