{"id":60382,"date":"2025-09-01T02:59:16","date_gmt":"2025-09-01T00:59:16","guid":{"rendered":"https:\/\/zdesmedicpro-velepro.kuhada.net\/?post_type=product&#038;p=60382"},"modified":"2025-09-12T11:02:21","modified_gmt":"2025-09-12T09:02:21","slug":"uredaj-za-fizioterapiju-hitop-1-touch","status":"publish","type":"product","link":"https:\/\/medicpro.hr\/veleprodaja\/proizvod\/uredaj-za-fizioterapiju-hitop-1-touch\/","title":{"rendered":"URE\u0110AJ ZA FIZIOTERAPIJU HiTop 1 touch"},"content":{"rendered":"<p>HiTop 1 touch je \u010dlan skupine ure\u0111aja za inovativnu i jedinstvenu HiTop HTEMS elektroterapiju. Ure\u0111aj je namijenjen za profesionalnu upotrebu u terapeutskoj ordinaciji, kao i za mobilnu upotrebu (ku\u0107ne posjete pacijentima). Omogu\u0107uje op\u0107i i lokalni pristup olak\u0161avanju boli. HiTop se mo\u017ee koristiti <strong>kod sportskih ozljeda, fizi\u010dkih ozljeda, bolesnih stanja te degenerativnih promjena<\/strong>.<\/p>\n<p>HighTone Power terapijom <strong>unosi se energija u tijelo kako bi se aktivirale stanice te revitaliziralo tijelo<\/strong>. Nadalje, stvara se rezonancija kako bi se potaknula oscilacija strukture stanica i tkiva \u0161to <strong>smanjuje bol<\/strong> i <strong>pobolj\u0161ava metaboli\u010dke procese<\/strong>.<\/p>\n<p>Kod konvencionalne elektroterapije se stimuliraju \u017eivci i mi\u0161i\u0107i, dok je primaran cilj HighTone Power terapije <strong>neposredan<\/strong> <strong>u\u010dinak na metabolizam stanica.<\/strong> Tako\u0111er, <strong>i<\/strong><strong>stovremena je modulacija frekvencije i amplitude<\/strong>.<\/p>\n<p>Korisni\u010dko su\u010delje osigurava najvi\u0161i stupanj iskoristivosti. Jednim dodirom pristupamo terapiji iz liste naj\u010de\u0161\u0107e kori\u0161tenih terapija i zatim aktiviramo terapiju zakretanjem regulatora za reguliranje ja\u010dine. Putem zaslona na dodir terapeut jednostavno odabere \u017eeljenu vrstu terapije. Na zaslonu su u indikacijskom meniju prikazane preporu\u010dene postavke elektroda.<\/p>\n<p>Razlika izme\u0111u HighTone Power terapije i klasi\u010dne terapije:<\/p>\n<ul>\n<li>Klasi\u010dna terapija traje 5 &#8211; 10 minuta, dok HighTone Power terapija traje <strong>do 60 minuta<\/strong>.<\/li>\n<li>Kod klasi\u010dne terapije se u pravilu upotrebljava 1 kanal i dvije elektrode, dok se kod HiTop 1 touch ure\u0111aja koristi <strong>do 5 elektroda<\/strong>.<\/li>\n<\/ul>\n<p>U\u010dinci HighTone Power terapije:<\/p>\n<ul>\n<li>Mi\u0161i\u0107na regeneracija.<\/li>\n<li>Obnova strukture stanica.<\/li>\n<li>Vitalizacija organizma.<\/li>\n<li>Centralno i lokalno olak\u0161avanje bolova.<\/li>\n<li>Normalizacija metabolizma.<\/li>\n<\/ul>\n<p>Bitne karakteristike:<\/p>\n<ul>\n<li>Visokofrekventna elektroterapija.<\/li>\n<li>Raspon frekvencija 4096 &#8211; 32768 Hz.<\/li>\n<li>Izlazna snaga do 5000 mW.<\/li>\n<li>Znatno ve\u0107a snaga unesena u tijelo.<\/li>\n<li>U\u010dinkovitije lije\u010denje.<\/li>\n<li>Rezultati vidljivi ve\u0107 kod prvog tretmana (60-80% pacijenata osjeti znatno smanjenje bolova nakon prve terapije).<\/li>\n<li>Primjeren za terenski i ambulantni rad.<\/li>\n<li>Jednostavna upotreba.<\/li>\n<li>Zaslon osjetljiv na dodir &#8220;TFT LCD&#8221;.<\/li>\n<li>Jednostavan transport.<\/li>\n<\/ul>\n<p>Glavne indikacije za HighTone Power terapiju:<\/p>\n<ul>\n<li>Artritis koljena<\/li>\n<li>Artritis kuka<\/li>\n<li>Sindrom slabinskog dijela kralje\u017enice<\/li>\n<li>Sindrom vratnog dijela kralje\u017enice<\/li>\n<li>Sindrom grudnog dijela kralje\u017enice<\/li>\n<li>Sindrom rame \u2013 ruka<\/li>\n<li>Teniski lakat<\/li>\n<li>Bolovi kao posljedica ozljeda i operacija<\/li>\n<li>Otvorene rane (Npr. Ulcus cruris)<\/li>\n<li>Lije\u010denje edema<\/li>\n<li>Fizi\u010dki i psihi\u010dki stres i iscrpljenost<\/li>\n<li>Osvje\u017eavaju\u0107a terapija za ukupnu vitalnost tijela<\/li>\n<\/ul>\n<p>Primjeren za upotrebu:<\/p>\n<ul>\n<li>Fizioterapija<\/li>\n<li>Ordinacija<\/li>\n<li>Lije\u010dnika<\/li>\n<li>Sportskih klubova<\/li>\n<li>Domova za starije<\/li>\n<\/ul>\n<p>Terapija je pogodna za pacijente s pro\u0161irenim venama, metalnim implantatima i endoprotezama.<\/p>\n<p>HighTone Power terapija nije pogodna za pacijente s febrilnim organskim infekcijama, pacijente s lokalnim bakterijskim infekcijama, pacijente s pacemakerima i trudnice.<\/p>\n","protected":false},"excerpt":{"rendered":"<p>HiTop 1 touch je \u010dlan skupine ure\u0111aja za inovativnu i jedinstvenu HiTop HTEMS elektroterapiju. Ure\u0111aj je namijenjen za profesionalnu upotrebu<\/p>\n","protected":false},"featured_media":50957,"comment_status":"open","ping_status":"closed","template":"","meta":[],"product_brand":[],"product_cat":[705,759],"product_tag":[],"class_list":{"0":"post-60382","1":"product","2":"type-product","3":"status-publish","4":"has-post-thumbnail","6":"product_cat-fizikalna-terapija","7":"product_cat-uredaji-za-fizikalnu-terapiju","9":"first","10":"onbackorder","11":"taxable","12":"shipping-taxable","13":"purchasable","14":"product-type-simple"},"acf":[],"yoast_head":"<!-- This site is optimized with the Yoast SEO plugin v27.3 - https:\/\/yoast.com\/product\/yoast-seo-wordpress\/ -->\n<title>URE\u0110AJ ZA FIZIOTERAPIJU HiTop 1 touch - Medicpro<\/title>\n<meta name=\"robots\" content=\"index, follow, max-snippet:-1, max-image-preview:large, max-video-preview:-1\" \/>\n<link rel=\"canonical\" href=\"https:\/\/medicpro.hr\/veleprodaja\/proizvod\/uredaj-za-fizioterapiju-hitop-1-touch\/\" \/>\n<meta property=\"og:locale\" content=\"hr_HR\" \/>\n<meta property=\"og:type\" content=\"article\" \/>\n<meta property=\"og:title\" content=\"URE\u0110AJ ZA FIZIOTERAPIJU HiTop 1 touch - Medicpro\" \/>\n<meta property=\"og:description\" content=\"HiTop 1 touch je \u010dlan skupine ure\u0111aja za inovativnu i jedinstvenu HiTop HTEMS elektroterapiju. Ure\u0111aj je namijenjen za profesionalnu upotrebu\" \/>\n<meta property=\"og:url\" content=\"https:\/\/medicpro.hr\/veleprodaja\/proizvod\/uredaj-za-fizioterapiju-hitop-1-touch\/\" \/>\n<meta property=\"og:site_name\" content=\"Medicpro\" \/>\n<meta property=\"article:modified_time\" content=\"2025-09-12T09:02:21+00:00\" \/>\n<meta property=\"og:image\" content=\"https:\/\/medicpro.hr\/veleprodaja\/wp-content\/uploads\/2025\/06\/products-6925-1-1.jpg\" \/>\n\t<meta property=\"og:image:width\" content=\"458\" \/>\n\t<meta property=\"og:image:height\" content=\"458\" \/>\n\t<meta property=\"og:image:type\" content=\"image\/jpeg\" \/>\n<meta name=\"twitter:card\" content=\"summary_large_image\" \/>\n<meta name=\"twitter:label1\" content=\"Procijenjeno vrijeme \u010ditanja\" \/>\n\t<meta name=\"twitter:data1\" content=\"2 minute\" \/>\n<script type=\"application\/ld+json\" class=\"yoast-schema-graph\">{\"@context\":\"https:\\\/\\\/schema.org\",\"@graph\":[{\"@type\":\"WebPage\",\"@id\":\"https:\\\/\\\/medicpro.hr\\\/veleprodaja\\\/proizvod\\\/uredaj-za-fizioterapiju-hitop-1-touch\\\/\",\"url\":\"https:\\\/\\\/medicpro.hr\\\/veleprodaja\\\/proizvod\\\/uredaj-za-fizioterapiju-hitop-1-touch\\\/\",\"name\":\"URE\u0110AJ ZA FIZIOTERAPIJU HiTop 1 touch - Medicpro\",\"isPartOf\":{\"@id\":\"https:\\\/\\\/medicpro.hr\\\/veleprodaja\\\/#website\"},\"primaryImageOfPage\":{\"@id\":\"https:\\\/\\\/medicpro.hr\\\/veleprodaja\\\/proizvod\\\/uredaj-za-fizioterapiju-hitop-1-touch\\\/#primaryimage\"},\"image\":{\"@id\":\"https:\\\/\\\/medicpro.hr\\\/veleprodaja\\\/proizvod\\\/uredaj-za-fizioterapiju-hitop-1-touch\\\/#primaryimage\"},\"thumbnailUrl\":\"https:\\\/\\\/medicpro.hr\\\/veleprodaja\\\/wp-content\\\/uploads\\\/2025\\\/06\\\/products-6925-1-1.jpg\",\"datePublished\":\"2025-09-01T00:59:16+00:00\",\"dateModified\":\"2025-09-12T09:02:21+00:00\",\"breadcrumb\":{\"@id\":\"https:\\\/\\\/medicpro.hr\\\/veleprodaja\\\/proizvod\\\/uredaj-za-fizioterapiju-hitop-1-touch\\\/#breadcrumb\"},\"inLanguage\":\"hr\",\"potentialAction\":[{\"@type\":\"ReadAction\",\"target\":[\"https:\\\/\\\/medicpro.hr\\\/veleprodaja\\\/proizvod\\\/uredaj-za-fizioterapiju-hitop-1-touch\\\/\"]}]},{\"@type\":\"ImageObject\",\"inLanguage\":\"hr\",\"@id\":\"https:\\\/\\\/medicpro.hr\\\/veleprodaja\\\/proizvod\\\/uredaj-za-fizioterapiju-hitop-1-touch\\\/#primaryimage\",\"url\":\"https:\\\/\\\/medicpro.hr\\\/veleprodaja\\\/wp-content\\\/uploads\\\/2025\\\/06\\\/products-6925-1-1.jpg\",\"contentUrl\":\"https:\\\/\\\/medicpro.hr\\\/veleprodaja\\\/wp-content\\\/uploads\\\/2025\\\/06\\\/products-6925-1-1.jpg\",\"width\":458,\"height\":458},{\"@type\":\"BreadcrumbList\",\"@id\":\"https:\\\/\\\/medicpro.hr\\\/veleprodaja\\\/proizvod\\\/uredaj-za-fizioterapiju-hitop-1-touch\\\/#breadcrumb\",\"itemListElement\":[{\"@type\":\"ListItem\",\"position\":1,\"name\":\"Po\u010detna stranica\",\"item\":\"https:\\\/\\\/medicpro.hr\\\/veleprodaja\\\/\"},{\"@type\":\"ListItem\",\"position\":2,\"name\":\"Veleprodaja\",\"item\":\"https:\\\/\\\/medicpro.hr\\\/veleprodaja\\\/trgovina\\\/\"},{\"@type\":\"ListItem\",\"position\":3,\"name\":\"URE\u0110AJ ZA FIZIOTERAPIJU HiTop 1 touch\"}]},{\"@type\":\"WebSite\",\"@id\":\"https:\\\/\\\/medicpro.hr\\\/veleprodaja\\\/#website\",\"url\":\"https:\\\/\\\/medicpro.hr\\\/veleprodaja\\\/\",\"name\":\"Medicpro.hr\",\"description\":\"Medicinski potro\u0161ni materijal i oprema\",\"publisher\":{\"@id\":\"https:\\\/\\\/medicpro.hr\\\/veleprodaja\\\/#organization\"},\"potentialAction\":[{\"@type\":\"SearchAction\",\"target\":{\"@type\":\"EntryPoint\",\"urlTemplate\":\"https:\\\/\\\/medicpro.hr\\\/veleprodaja\\\/?s={search_term_string}\"},\"query-input\":{\"@type\":\"PropertyValueSpecification\",\"valueRequired\":true,\"valueName\":\"search_term_string\"}}],\"inLanguage\":\"hr\"},{\"@type\":\"Organization\",\"@id\":\"https:\\\/\\\/medicpro.hr\\\/veleprodaja\\\/#organization\",\"name\":\"Medicpro d.o.o.\",\"url\":\"https:\\\/\\\/medicpro.hr\\\/veleprodaja\\\/\",\"logo\":{\"@type\":\"ImageObject\",\"inLanguage\":\"hr\",\"@id\":\"https:\\\/\\\/medicpro.hr\\\/veleprodaja\\\/#\\\/schema\\\/logo\\\/image\\\/\",\"url\":\"https:\\\/\\\/medicpro.hr\\\/veleprodaja\\\/wp-content\\\/uploads\\\/2025\\\/05\\\/medicpro_logo.svg\",\"contentUrl\":\"https:\\\/\\\/medicpro.hr\\\/veleprodaja\\\/wp-content\\\/uploads\\\/2025\\\/05\\\/medicpro_logo.svg\",\"width\":226,\"height\":42,\"caption\":\"Medicpro d.o.o.\"},\"image\":{\"@id\":\"https:\\\/\\\/medicpro.hr\\\/veleprodaja\\\/#\\\/schema\\\/logo\\\/image\\\/\"}}]}<\/script>\n<!-- \/ Yoast SEO plugin. -->","yoast_head_json":{"title":"URE\u0110AJ ZA FIZIOTERAPIJU HiTop 1 touch - Medicpro","robots":{"index":"index","follow":"follow","max-snippet":"max-snippet:-1","max-image-preview":"max-image-preview:large","max-video-preview":"max-video-preview:-1"},"canonical":"https:\/\/medicpro.hr\/veleprodaja\/proizvod\/uredaj-za-fizioterapiju-hitop-1-touch\/","og_locale":"hr_HR","og_type":"article","og_title":"URE\u0110AJ ZA FIZIOTERAPIJU HiTop 1 touch - Medicpro","og_description":"HiTop 1 touch je \u010dlan skupine ure\u0111aja za inovativnu i jedinstvenu HiTop HTEMS elektroterapiju. Ure\u0111aj je namijenjen za profesionalnu upotrebu","og_url":"https:\/\/medicpro.hr\/veleprodaja\/proizvod\/uredaj-za-fizioterapiju-hitop-1-touch\/","og_site_name":"Medicpro","article_modified_time":"2025-09-12T09:02:21+00:00","og_image":[{"width":458,"height":458,"url":"https:\/\/medicpro.hr\/veleprodaja\/wp-content\/uploads\/2025\/06\/products-6925-1-1.jpg","type":"image\/jpeg"}],"twitter_card":"summary_large_image","twitter_misc":{"Procijenjeno vrijeme \u010ditanja":"2 minute"},"schema":{"@context":"https:\/\/schema.org","@graph":[{"@type":"WebPage","@id":"https:\/\/medicpro.hr\/veleprodaja\/proizvod\/uredaj-za-fizioterapiju-hitop-1-touch\/","url":"https:\/\/medicpro.hr\/veleprodaja\/proizvod\/uredaj-za-fizioterapiju-hitop-1-touch\/","name":"URE\u0110AJ ZA FIZIOTERAPIJU HiTop 1 touch - Medicpro","isPartOf":{"@id":"https:\/\/medicpro.hr\/veleprodaja\/#website"},"primaryImageOfPage":{"@id":"https:\/\/medicpro.hr\/veleprodaja\/proizvod\/uredaj-za-fizioterapiju-hitop-1-touch\/#primaryimage"},"image":{"@id":"https:\/\/medicpro.hr\/veleprodaja\/proizvod\/uredaj-za-fizioterapiju-hitop-1-touch\/#primaryimage"},"thumbnailUrl":"https:\/\/medicpro.hr\/veleprodaja\/wp-content\/uploads\/2025\/06\/products-6925-1-1.jpg","datePublished":"2025-09-01T00:59:16+00:00","dateModified":"2025-09-12T09:02:21+00:00","breadcrumb":{"@id":"https:\/\/medicpro.hr\/veleprodaja\/proizvod\/uredaj-za-fizioterapiju-hitop-1-touch\/#breadcrumb"},"inLanguage":"hr","potentialAction":[{"@type":"ReadAction","target":["https:\/\/medicpro.hr\/veleprodaja\/proizvod\/uredaj-za-fizioterapiju-hitop-1-touch\/"]}]},{"@type":"ImageObject","inLanguage":"hr","@id":"https:\/\/medicpro.hr\/veleprodaja\/proizvod\/uredaj-za-fizioterapiju-hitop-1-touch\/#primaryimage","url":"https:\/\/medicpro.hr\/veleprodaja\/wp-content\/uploads\/2025\/06\/products-6925-1-1.jpg","contentUrl":"https:\/\/medicpro.hr\/veleprodaja\/wp-content\/uploads\/2025\/06\/products-6925-1-1.jpg","width":458,"height":458},{"@type":"BreadcrumbList","@id":"https:\/\/medicpro.hr\/veleprodaja\/proizvod\/uredaj-za-fizioterapiju-hitop-1-touch\/#breadcrumb","itemListElement":[{"@type":"ListItem","position":1,"name":"Po\u010detna stranica","item":"https:\/\/medicpro.hr\/veleprodaja\/"},{"@type":"ListItem","position":2,"name":"Veleprodaja","item":"https:\/\/medicpro.hr\/veleprodaja\/trgovina\/"},{"@type":"ListItem","position":3,"name":"URE\u0110AJ ZA FIZIOTERAPIJU HiTop 1 touch"}]},{"@type":"WebSite","@id":"https:\/\/medicpro.hr\/veleprodaja\/#website","url":"https:\/\/medicpro.hr\/veleprodaja\/","name":"Medicpro.hr","description":"Medicinski potro\u0161ni materijal i oprema","publisher":{"@id":"https:\/\/medicpro.hr\/veleprodaja\/#organization"},"potentialAction":[{"@type":"SearchAction","target":{"@type":"EntryPoint","urlTemplate":"https:\/\/medicpro.hr\/veleprodaja\/?s={search_term_string}"},"query-input":{"@type":"PropertyValueSpecification","valueRequired":true,"valueName":"search_term_string"}}],"inLanguage":"hr"},{"@type":"Organization","@id":"https:\/\/medicpro.hr\/veleprodaja\/#organization","name":"Medicpro d.o.o.","url":"https:\/\/medicpro.hr\/veleprodaja\/","logo":{"@type":"ImageObject","inLanguage":"hr","@id":"https:\/\/medicpro.hr\/veleprodaja\/#\/schema\/logo\/image\/","url":"https:\/\/medicpro.hr\/veleprodaja\/wp-content\/uploads\/2025\/05\/medicpro_logo.svg","contentUrl":"https:\/\/medicpro.hr\/veleprodaja\/wp-content\/uploads\/2025\/05\/medicpro_logo.svg","width":226,"height":42,"caption":"Medicpro d.o.o."},"image":{"@id":"https:\/\/medicpro.hr\/veleprodaja\/#\/schema\/logo\/image\/"}}]}},"_links":{"self":[{"href":"https:\/\/medicpro.hr\/veleprodaja\/wp-json\/wp\/v2\/product\/60382","targetHints":{"allow":["GET"]}}],"collection":[{"href":"https:\/\/medicpro.hr\/veleprodaja\/wp-json\/wp\/v2\/product"}],"about":[{"href":"https:\/\/medicpro.hr\/veleprodaja\/wp-json\/wp\/v2\/types\/product"}],"replies":[{"embeddable":true,"href":"https:\/\/medicpro.hr\/veleprodaja\/wp-json\/wp\/v2\/comments?post=60382"}],"wp:featuredmedia":[{"embeddable":true,"href":"https:\/\/medicpro.hr\/veleprodaja\/wp-json\/wp\/v2\/media\/50957"}],"wp:attachment":[{"href":"https:\/\/medicpro.hr\/veleprodaja\/wp-json\/wp\/v2\/media?parent=60382"}],"wp:term":[{"taxonomy":"product_brand","embeddable":true,"href":"https:\/\/medicpro.hr\/veleprodaja\/wp-json\/wp\/v2\/product_brand?post=60382"},{"taxonomy":"product_cat","embeddable":true,"href":"https:\/\/medicpro.hr\/veleprodaja\/wp-json\/wp\/v2\/product_cat?post=60382"},{"taxonomy":"product_tag","embeddable":true,"href":"https:\/\/medicpro.hr\/veleprodaja\/wp-json\/wp\/v2\/product_tag?post=60382"}],"curies":[{"name":"wp","href":"https:\/\/api.w.org\/{rel}","templated":true}]}}