{"id":60263,"date":"2025-09-01T02:58:56","date_gmt":"2025-09-01T00:58:56","guid":{"rendered":"https:\/\/zdesmedicpro-velepro.kuhada.net\/?post_type=product&#038;p=60263"},"modified":"2025-10-06T11:02:57","modified_gmt":"2025-10-06T09:02:57","slug":"simulator-poroda-torzo-napredni","status":"publish","type":"product","link":"https:\/\/medicpro.hr\/veleprodaja\/proizvod\/simulator-poroda-torzo-napredni\/","title":{"rendered":"SIMULATOR PORODA &#8211; TORZO, NAPREDNI"},"content":{"rendered":"<ul>\n<li><strong>Svestrani, lagani poro\u0111ajni torzo omogu\u0107uje Vam simulaciju svake faze procesa poroda.<\/strong><\/li>\n<li><strong>Simulator je idealan za vje\u017ebanje Leopoldovih manevara.<\/strong><\/li>\n<li><strong>Vje\u017ebajte vaginalne porode na zadak i oslobodite noge Pinardovim manevrom.<\/strong><\/li>\n<li>Model uklju\u010duje torzo, novoro\u0111en\u010de i ro\u0111enu bebu.<\/li>\n<\/ul>\n<p>Zna\u010dajke:<\/p>\n<ul>\n<li><strong>\u010dujni otkucaji srca majke i djeteta<\/strong>, podesivi od 0 do 200 otkucaja u minuti<\/li>\n<li><strong>\u010dujni pla\u010d, gun\u0111anje i disanje novoro\u0111en\u010deta<\/strong><\/li>\n<li>kateterizacija mokra\u0107nog mjehura s promjenjivim protokom urina<\/li>\n<li>stezanje i rezanje pupkovine<\/li>\n<li>porod posteljice &#8211; postavite posteljicu tako da simulirate placenta previu<\/li>\n<li>palpacija fetusa kroz prozirni ili trbu\u0161ni pokrov<\/li>\n<li>rektalna primjena lijekova<\/li>\n<li>upotrijebite koncentrat krvi za simulaciju postporo\u0111ajnog krvarenja<\/li>\n<li>masa\u017ea maternice<\/li>\n<li>vakuumski porod ili porod pincetom sa ili bez trbu\u0161nog pokrova<\/li>\n<li>vertex porod ili porod na zadak<\/li>\n<\/ul>\n<p><strong>Simulator poroda uklju\u010duje:<\/strong><\/p>\n<ul>\n<li>stalak za va\u0111enje krvi s pumpicom za reguliranje pritiska<\/li>\n<li>3 rastezljiva cerviksa<\/li>\n<li>2 posteljice s uklonjivim fragmentima<\/li>\n<li>teku\u0107inu za simulaciju postporo\u0111ajnog krvarenja<\/li>\n<li>simulirani koncentrat krvi<\/li>\n<li>simulirani koncentrat urina<\/li>\n<li>2 stetoskopa<\/li>\n<li>lubrikant<\/li>\n<li>haljinu za trudnicu<\/li>\n<li>nesterilni urinarni kateter (nije za humanu upotrebu!)<\/li>\n<li>usisni mijeh<\/li>\n<li>rukavice bez lateksa (2 para)<\/li>\n<li>puder u prahu<\/li>\n<li>torbu za preno\u0161enje<\/li>\n<li>upute za upotrebu<\/li>\n<li>potrebne su 4 AA baterije koje nisu uklju\u010dene<\/li>\n<\/ul>\n<p><strong>Ro\u0111ena beba uklju\u010duje:<\/strong><\/p>\n<ul>\n<li>2 konektora<\/li>\n<li>2 posteljice s uklonjivim fragmentima<\/li>\n<li>lubanju sa fontanelama<\/li>\n<li>mekanu ko\u017eu lica koja omogu\u0107uje vakuumski i porod pincetom<\/li>\n<li>2 stezaljke za pupkovinu<\/li>\n<li>4 pup\u010dane vrpce<\/li>\n<\/ul>\n<p><strong>Novoro\u0111en\u010de uklju\u010duje:<\/strong><\/p>\n<ul>\n<li>kapu za glavu za za\u0161titu od hipotermije<\/li>\n<li>pumpicu za stvaranje pulsa pupkovine<\/li>\n<li>umbilikalnu kateterizaciju<\/li>\n<\/ul>\n<p>Te\u017eina: 18 kg.<\/p>\n","protected":false},"excerpt":{"rendered":"<p>Svestrani, lagani poro\u0111ajni torzo omogu\u0107uje Vam simulaciju svake faze procesa poroda. Simulator je idealan za vje\u017ebanje Leopoldovih manevara. Vje\u017ebajte vaginalne<\/p>\n","protected":false},"featured_media":50659,"comment_status":"open","ping_status":"closed","template":"","meta":[],"product_brand":[],"product_cat":[776,959],"product_tag":[],"class_list":{"0":"post-60263","1":"product","2":"type-product","3":"status-publish","4":"has-post-thumbnail","6":"product_cat-anatomski-modeli-i-simulatori","7":"product_cat-humana-medicina","9":"first","10":"onbackorder","11":"taxable","12":"shipping-taxable","13":"purchasable","14":"product-type-simple"},"acf":[],"yoast_head":"<!-- This site is optimized with the Yoast SEO plugin v27.3 - https:\/\/yoast.com\/product\/yoast-seo-wordpress\/ -->\n<title>SIMULATOR PORODA - TORZO, NAPREDNI - Medicpro<\/title>\n<meta name=\"robots\" content=\"index, follow, max-snippet:-1, max-image-preview:large, max-video-preview:-1\" \/>\n<link rel=\"canonical\" href=\"https:\/\/medicpro.hr\/veleprodaja\/proizvod\/simulator-poroda-torzo-napredni\/\" \/>\n<meta property=\"og:locale\" content=\"hr_HR\" \/>\n<meta property=\"og:type\" content=\"article\" \/>\n<meta property=\"og:title\" content=\"SIMULATOR PORODA - TORZO, NAPREDNI - Medicpro\" \/>\n<meta property=\"og:description\" content=\"Svestrani, lagani poro\u0111ajni torzo omogu\u0107uje Vam simulaciju svake faze procesa poroda. Simulator je idealan za vje\u017ebanje Leopoldovih manevara. Vje\u017ebajte vaginalne\" \/>\n<meta property=\"og:url\" content=\"https:\/\/medicpro.hr\/veleprodaja\/proizvod\/simulator-poroda-torzo-napredni\/\" \/>\n<meta property=\"og:site_name\" content=\"Medicpro\" \/>\n<meta property=\"article:modified_time\" content=\"2025-10-06T09:02:57+00:00\" \/>\n<meta property=\"og:image\" content=\"https:\/\/medicpro.hr\/veleprodaja\/wp-content\/uploads\/2025\/06\/products-6876-1-1.jpg\" \/>\n\t<meta property=\"og:image:width\" content=\"800\" \/>\n\t<meta property=\"og:image:height\" content=\"800\" \/>\n\t<meta property=\"og:image:type\" content=\"image\/jpeg\" \/>\n<meta name=\"twitter:card\" content=\"summary_large_image\" \/>\n<meta name=\"twitter:label1\" content=\"Procijenjeno vrijeme \u010ditanja\" \/>\n\t<meta name=\"twitter:data1\" content=\"1 minuta\" \/>\n<script type=\"application\/ld+json\" class=\"yoast-schema-graph\">{\"@context\":\"https:\\\/\\\/schema.org\",\"@graph\":[{\"@type\":\"WebPage\",\"@id\":\"https:\\\/\\\/medicpro.hr\\\/veleprodaja\\\/proizvod\\\/simulator-poroda-torzo-napredni\\\/\",\"url\":\"https:\\\/\\\/medicpro.hr\\\/veleprodaja\\\/proizvod\\\/simulator-poroda-torzo-napredni\\\/\",\"name\":\"SIMULATOR PORODA - TORZO, NAPREDNI - Medicpro\",\"isPartOf\":{\"@id\":\"https:\\\/\\\/medicpro.hr\\\/veleprodaja\\\/#website\"},\"primaryImageOfPage\":{\"@id\":\"https:\\\/\\\/medicpro.hr\\\/veleprodaja\\\/proizvod\\\/simulator-poroda-torzo-napredni\\\/#primaryimage\"},\"image\":{\"@id\":\"https:\\\/\\\/medicpro.hr\\\/veleprodaja\\\/proizvod\\\/simulator-poroda-torzo-napredni\\\/#primaryimage\"},\"thumbnailUrl\":\"https:\\\/\\\/medicpro.hr\\\/veleprodaja\\\/wp-content\\\/uploads\\\/2025\\\/06\\\/products-6876-1-1.jpg\",\"datePublished\":\"2025-09-01T00:58:56+00:00\",\"dateModified\":\"2025-10-06T09:02:57+00:00\",\"breadcrumb\":{\"@id\":\"https:\\\/\\\/medicpro.hr\\\/veleprodaja\\\/proizvod\\\/simulator-poroda-torzo-napredni\\\/#breadcrumb\"},\"inLanguage\":\"hr\",\"potentialAction\":[{\"@type\":\"ReadAction\",\"target\":[\"https:\\\/\\\/medicpro.hr\\\/veleprodaja\\\/proizvod\\\/simulator-poroda-torzo-napredni\\\/\"]}]},{\"@type\":\"ImageObject\",\"inLanguage\":\"hr\",\"@id\":\"https:\\\/\\\/medicpro.hr\\\/veleprodaja\\\/proizvod\\\/simulator-poroda-torzo-napredni\\\/#primaryimage\",\"url\":\"https:\\\/\\\/medicpro.hr\\\/veleprodaja\\\/wp-content\\\/uploads\\\/2025\\\/06\\\/products-6876-1-1.jpg\",\"contentUrl\":\"https:\\\/\\\/medicpro.hr\\\/veleprodaja\\\/wp-content\\\/uploads\\\/2025\\\/06\\\/products-6876-1-1.jpg\",\"width\":800,\"height\":800},{\"@type\":\"BreadcrumbList\",\"@id\":\"https:\\\/\\\/medicpro.hr\\\/veleprodaja\\\/proizvod\\\/simulator-poroda-torzo-napredni\\\/#breadcrumb\",\"itemListElement\":[{\"@type\":\"ListItem\",\"position\":1,\"name\":\"Po\u010detna stranica\",\"item\":\"https:\\\/\\\/medicpro.hr\\\/veleprodaja\\\/\"},{\"@type\":\"ListItem\",\"position\":2,\"name\":\"Veleprodaja\",\"item\":\"https:\\\/\\\/medicpro.hr\\\/veleprodaja\\\/trgovina\\\/\"},{\"@type\":\"ListItem\",\"position\":3,\"name\":\"SIMULATOR PORODA &#8211; TORZO, NAPREDNI\"}]},{\"@type\":\"WebSite\",\"@id\":\"https:\\\/\\\/medicpro.hr\\\/veleprodaja\\\/#website\",\"url\":\"https:\\\/\\\/medicpro.hr\\\/veleprodaja\\\/\",\"name\":\"Medicpro.hr\",\"description\":\"Medicinski potro\u0161ni materijal i oprema\",\"publisher\":{\"@id\":\"https:\\\/\\\/medicpro.hr\\\/veleprodaja\\\/#organization\"},\"potentialAction\":[{\"@type\":\"SearchAction\",\"target\":{\"@type\":\"EntryPoint\",\"urlTemplate\":\"https:\\\/\\\/medicpro.hr\\\/veleprodaja\\\/?s={search_term_string}\"},\"query-input\":{\"@type\":\"PropertyValueSpecification\",\"valueRequired\":true,\"valueName\":\"search_term_string\"}}],\"inLanguage\":\"hr\"},{\"@type\":\"Organization\",\"@id\":\"https:\\\/\\\/medicpro.hr\\\/veleprodaja\\\/#organization\",\"name\":\"Medicpro d.o.o.\",\"url\":\"https:\\\/\\\/medicpro.hr\\\/veleprodaja\\\/\",\"logo\":{\"@type\":\"ImageObject\",\"inLanguage\":\"hr\",\"@id\":\"https:\\\/\\\/medicpro.hr\\\/veleprodaja\\\/#\\\/schema\\\/logo\\\/image\\\/\",\"url\":\"https:\\\/\\\/medicpro.hr\\\/veleprodaja\\\/wp-content\\\/uploads\\\/2025\\\/05\\\/medicpro_logo.svg\",\"contentUrl\":\"https:\\\/\\\/medicpro.hr\\\/veleprodaja\\\/wp-content\\\/uploads\\\/2025\\\/05\\\/medicpro_logo.svg\",\"width\":226,\"height\":42,\"caption\":\"Medicpro d.o.o.\"},\"image\":{\"@id\":\"https:\\\/\\\/medicpro.hr\\\/veleprodaja\\\/#\\\/schema\\\/logo\\\/image\\\/\"}}]}<\/script>\n<!-- \/ Yoast SEO plugin. -->","yoast_head_json":{"title":"SIMULATOR PORODA - TORZO, NAPREDNI - Medicpro","robots":{"index":"index","follow":"follow","max-snippet":"max-snippet:-1","max-image-preview":"max-image-preview:large","max-video-preview":"max-video-preview:-1"},"canonical":"https:\/\/medicpro.hr\/veleprodaja\/proizvod\/simulator-poroda-torzo-napredni\/","og_locale":"hr_HR","og_type":"article","og_title":"SIMULATOR PORODA - TORZO, NAPREDNI - Medicpro","og_description":"Svestrani, lagani poro\u0111ajni torzo omogu\u0107uje Vam simulaciju svake faze procesa poroda. Simulator je idealan za vje\u017ebanje Leopoldovih manevara. Vje\u017ebajte vaginalne","og_url":"https:\/\/medicpro.hr\/veleprodaja\/proizvod\/simulator-poroda-torzo-napredni\/","og_site_name":"Medicpro","article_modified_time":"2025-10-06T09:02:57+00:00","og_image":[{"width":800,"height":800,"url":"https:\/\/medicpro.hr\/veleprodaja\/wp-content\/uploads\/2025\/06\/products-6876-1-1.jpg","type":"image\/jpeg"}],"twitter_card":"summary_large_image","twitter_misc":{"Procijenjeno vrijeme \u010ditanja":"1 minuta"},"schema":{"@context":"https:\/\/schema.org","@graph":[{"@type":"WebPage","@id":"https:\/\/medicpro.hr\/veleprodaja\/proizvod\/simulator-poroda-torzo-napredni\/","url":"https:\/\/medicpro.hr\/veleprodaja\/proizvod\/simulator-poroda-torzo-napredni\/","name":"SIMULATOR PORODA - TORZO, NAPREDNI - Medicpro","isPartOf":{"@id":"https:\/\/medicpro.hr\/veleprodaja\/#website"},"primaryImageOfPage":{"@id":"https:\/\/medicpro.hr\/veleprodaja\/proizvod\/simulator-poroda-torzo-napredni\/#primaryimage"},"image":{"@id":"https:\/\/medicpro.hr\/veleprodaja\/proizvod\/simulator-poroda-torzo-napredni\/#primaryimage"},"thumbnailUrl":"https:\/\/medicpro.hr\/veleprodaja\/wp-content\/uploads\/2025\/06\/products-6876-1-1.jpg","datePublished":"2025-09-01T00:58:56+00:00","dateModified":"2025-10-06T09:02:57+00:00","breadcrumb":{"@id":"https:\/\/medicpro.hr\/veleprodaja\/proizvod\/simulator-poroda-torzo-napredni\/#breadcrumb"},"inLanguage":"hr","potentialAction":[{"@type":"ReadAction","target":["https:\/\/medicpro.hr\/veleprodaja\/proizvod\/simulator-poroda-torzo-napredni\/"]}]},{"@type":"ImageObject","inLanguage":"hr","@id":"https:\/\/medicpro.hr\/veleprodaja\/proizvod\/simulator-poroda-torzo-napredni\/#primaryimage","url":"https:\/\/medicpro.hr\/veleprodaja\/wp-content\/uploads\/2025\/06\/products-6876-1-1.jpg","contentUrl":"https:\/\/medicpro.hr\/veleprodaja\/wp-content\/uploads\/2025\/06\/products-6876-1-1.jpg","width":800,"height":800},{"@type":"BreadcrumbList","@id":"https:\/\/medicpro.hr\/veleprodaja\/proizvod\/simulator-poroda-torzo-napredni\/#breadcrumb","itemListElement":[{"@type":"ListItem","position":1,"name":"Po\u010detna stranica","item":"https:\/\/medicpro.hr\/veleprodaja\/"},{"@type":"ListItem","position":2,"name":"Veleprodaja","item":"https:\/\/medicpro.hr\/veleprodaja\/trgovina\/"},{"@type":"ListItem","position":3,"name":"SIMULATOR PORODA &#8211; TORZO, NAPREDNI"}]},{"@type":"WebSite","@id":"https:\/\/medicpro.hr\/veleprodaja\/#website","url":"https:\/\/medicpro.hr\/veleprodaja\/","name":"Medicpro.hr","description":"Medicinski potro\u0161ni materijal i oprema","publisher":{"@id":"https:\/\/medicpro.hr\/veleprodaja\/#organization"},"potentialAction":[{"@type":"SearchAction","target":{"@type":"EntryPoint","urlTemplate":"https:\/\/medicpro.hr\/veleprodaja\/?s={search_term_string}"},"query-input":{"@type":"PropertyValueSpecification","valueRequired":true,"valueName":"search_term_string"}}],"inLanguage":"hr"},{"@type":"Organization","@id":"https:\/\/medicpro.hr\/veleprodaja\/#organization","name":"Medicpro d.o.o.","url":"https:\/\/medicpro.hr\/veleprodaja\/","logo":{"@type":"ImageObject","inLanguage":"hr","@id":"https:\/\/medicpro.hr\/veleprodaja\/#\/schema\/logo\/image\/","url":"https:\/\/medicpro.hr\/veleprodaja\/wp-content\/uploads\/2025\/05\/medicpro_logo.svg","contentUrl":"https:\/\/medicpro.hr\/veleprodaja\/wp-content\/uploads\/2025\/05\/medicpro_logo.svg","width":226,"height":42,"caption":"Medicpro d.o.o."},"image":{"@id":"https:\/\/medicpro.hr\/veleprodaja\/#\/schema\/logo\/image\/"}}]}},"_links":{"self":[{"href":"https:\/\/medicpro.hr\/veleprodaja\/wp-json\/wp\/v2\/product\/60263","targetHints":{"allow":["GET"]}}],"collection":[{"href":"https:\/\/medicpro.hr\/veleprodaja\/wp-json\/wp\/v2\/product"}],"about":[{"href":"https:\/\/medicpro.hr\/veleprodaja\/wp-json\/wp\/v2\/types\/product"}],"replies":[{"embeddable":true,"href":"https:\/\/medicpro.hr\/veleprodaja\/wp-json\/wp\/v2\/comments?post=60263"}],"wp:featuredmedia":[{"embeddable":true,"href":"https:\/\/medicpro.hr\/veleprodaja\/wp-json\/wp\/v2\/media\/50659"}],"wp:attachment":[{"href":"https:\/\/medicpro.hr\/veleprodaja\/wp-json\/wp\/v2\/media?parent=60263"}],"wp:term":[{"taxonomy":"product_brand","embeddable":true,"href":"https:\/\/medicpro.hr\/veleprodaja\/wp-json\/wp\/v2\/product_brand?post=60263"},{"taxonomy":"product_cat","embeddable":true,"href":"https:\/\/medicpro.hr\/veleprodaja\/wp-json\/wp\/v2\/product_cat?post=60263"},{"taxonomy":"product_tag","embeddable":true,"href":"https:\/\/medicpro.hr\/veleprodaja\/wp-json\/wp\/v2\/product_tag?post=60263"}],"curies":[{"name":"wp","href":"https:\/\/api.w.org\/{rel}","templated":true}]}}