{"id":59382,"date":"2025-09-01T02:56:50","date_gmt":"2025-09-01T00:56:50","guid":{"rendered":"https:\/\/zdesmedicpro-velepro.kuhada.net\/?post_type=product&#038;p=59382"},"modified":"2025-09-12T11:02:26","modified_gmt":"2025-09-12T09:02:26","slug":"holter-tlaka-s-pulsnim-oksimetrom-35111","status":"publish","type":"product","link":"https:\/\/medicpro.hr\/veleprodaja\/proizvod\/holter-tlaka-s-pulsnim-oksimetrom-35111\/","title":{"rendered":"HOLTER TLAKA S PULSNIM OKSIMETROM 35111"},"content":{"rendered":"<ul>\n<li><strong>Kompaktan i lagan holter tlaka s pulsnim oksimetrom.<\/strong><\/li>\n<li>Mjeri tlak na dva na\u010dina: automatski i ru\u010dno.<\/li>\n<li>Oba na\u010dina mjerenja prikazuju visoki, srednji i niski krvni tlak.<\/li>\n<li>U automatskom na\u010dinu mjerenja se cikli\u010dki ponavljaju (intervali ispitivanja od 5, 10, 15, 20, 30, 45, 60, 90 minuta).<\/li>\n<li>Kod ru\u010dnog se na\u010dina mjerenje provodi samo jednom.<\/li>\n<li>Mjerenje tlaka oscilometrijskom metodom.<\/li>\n<li><strong>Prenosiv i jednostavan za kori\u0161tenje s klini\u010dki dokazanom to\u010dno\u0161\u0107u.<\/strong><\/li>\n<li><strong>Prikladan za odrasle, djecu i novoro\u0111en\u010dad.<\/strong><\/li>\n<li>Sadr\u017ei veliki LCD zaslon u boji koji prikazuje SpO2 (zasi\u0107enje krvi kisikom), tlak i puls.<\/li>\n<li>Podesivi zvu\u010dni i vizualni signal.<\/li>\n<li>24-satno pohranjivanje s datumom i vremenom mjerenja.<\/li>\n<li>Svi podaci se mogu prenijeti na ra\u010dunalo putem Windows sustava.<\/li>\n<\/ul>\n<p><strong>SpO2 (zasi\u0107enje krvi kisikom):<\/strong><\/p>\n<ul>\n<li>Raspon mjerenja: 0 &#8211; 100%.<\/li>\n<li>Rezolucija: 1%.<\/li>\n<li>Preciznost: 70 &#8211; 100%, +\/- 2%.<\/li>\n<li>Raspon alarma: 0 &#8211; 100%.<\/li>\n<\/ul>\n<p><strong>Tehni\u010dke specifikacije:<\/strong><\/p>\n<ul>\n<li>NIBP (neinvazivno mjerenje krvnog tlaka).<\/li>\n<li>Na\u010din rada: automatski ili ru\u010dni.<\/li>\n<li>Raspon mjerenja: 0-290 mmHg (0 KPa &#8211; 38.67 KPa).<\/li>\n<li>Automatski interval mjerenja: 5, 10, 15, 20, 30, 45, 60, 90 minuta.<\/li>\n<li>Rezolucija: 1 mmHg.<\/li>\n<li>Za\u0161tita od nadtlaka: 290 mmHg.<\/li>\n<li>Zaslon: LCD u boji.<\/li>\n<li>Napajanje: 2 x &#8220;AA&#8221;, 1,5V alkalne baterije.<\/li>\n<li>Dimenzije: 128 x 69 x 36 cm.<\/li>\n<li>Te\u017eina: &lt; 350 g.<\/li>\n<li>Operativni sustav: Windows XP, 7, 8.1, 10.<\/li>\n<\/ul>\n<p><strong>Standardni pribor:<\/strong><\/p>\n<ul>\n<li>Torba za pohranu.<\/li>\n<li>Program za ra\u010dunalo.<\/li>\n<li>3 man\u017eete ( za djecu, odrasle vel. M\/L, odrasle vel. XL) &#8211; bez lateksa.<\/li>\n<li>Pulsni oksimetar.<\/li>\n<li>Cijev za priklju\u010dak man\u017eete duljine 1,5 m.<\/li>\n<li>Baterije 2 x &#8220;AA&#8221;, 1,5V.<\/li>\n<li>Priru\u010dnik za korisnike.<\/li>\n<\/ul>\n","protected":false},"excerpt":{"rendered":"<p>Kompaktan i lagan holter tlaka s pulsnim oksimetrom. Mjeri tlak na dva na\u010dina: automatski i ru\u010dno. Oba na\u010dina mjerenja prikazuju<\/p>\n","protected":false},"featured_media":48708,"comment_status":"open","ping_status":"closed","template":"","meta":[],"product_brand":[],"product_cat":[702,760],"product_tag":[],"class_list":{"0":"post-59382","1":"product","2":"type-product","3":"status-publish","4":"has-post-thumbnail","6":"product_cat-dijagnostika","7":"product_cat-holteri-tlaka","9":"first","10":"onbackorder","11":"taxable","12":"shipping-taxable","13":"purchasable","14":"product-type-simple"},"acf":[],"yoast_head":"<!-- This site is optimized with the Yoast SEO plugin v27.3 - https:\/\/yoast.com\/product\/yoast-seo-wordpress\/ -->\n<title>HOLTER TLAKA S PULSNIM OKSIMETROM 35111 - Medicpro<\/title>\n<meta name=\"robots\" content=\"index, follow, max-snippet:-1, max-image-preview:large, max-video-preview:-1\" \/>\n<link rel=\"canonical\" href=\"https:\/\/medicpro.hr\/veleprodaja\/proizvod\/holter-tlaka-s-pulsnim-oksimetrom-35111\/\" \/>\n<meta property=\"og:locale\" content=\"hr_HR\" \/>\n<meta property=\"og:type\" content=\"article\" \/>\n<meta property=\"og:title\" content=\"HOLTER TLAKA S PULSNIM OKSIMETROM 35111 - Medicpro\" \/>\n<meta property=\"og:description\" content=\"Kompaktan i lagan holter tlaka s pulsnim oksimetrom. Mjeri tlak na dva na\u010dina: automatski i ru\u010dno. Oba na\u010dina mjerenja prikazuju\" \/>\n<meta property=\"og:url\" content=\"https:\/\/medicpro.hr\/veleprodaja\/proizvod\/holter-tlaka-s-pulsnim-oksimetrom-35111\/\" \/>\n<meta property=\"og:site_name\" content=\"Medicpro\" \/>\n<meta property=\"article:modified_time\" content=\"2025-09-12T09:02:26+00:00\" \/>\n<meta property=\"og:image\" content=\"https:\/\/medicpro.hr\/veleprodaja\/wp-content\/uploads\/2025\/06\/holter-tlaka-s-pulsnim-oksimetrom-3.jpg\" \/>\n\t<meta property=\"og:image:width\" content=\"800\" \/>\n\t<meta property=\"og:image:height\" content=\"600\" \/>\n\t<meta property=\"og:image:type\" content=\"image\/jpeg\" \/>\n<meta name=\"twitter:card\" content=\"summary_large_image\" \/>\n<meta name=\"twitter:label1\" content=\"Procijenjeno vrijeme \u010ditanja\" \/>\n\t<meta name=\"twitter:data1\" content=\"1 minuta\" \/>\n<script type=\"application\/ld+json\" class=\"yoast-schema-graph\">{\"@context\":\"https:\\\/\\\/schema.org\",\"@graph\":[{\"@type\":\"WebPage\",\"@id\":\"https:\\\/\\\/medicpro.hr\\\/veleprodaja\\\/proizvod\\\/holter-tlaka-s-pulsnim-oksimetrom-35111\\\/\",\"url\":\"https:\\\/\\\/medicpro.hr\\\/veleprodaja\\\/proizvod\\\/holter-tlaka-s-pulsnim-oksimetrom-35111\\\/\",\"name\":\"HOLTER TLAKA S PULSNIM OKSIMETROM 35111 - Medicpro\",\"isPartOf\":{\"@id\":\"https:\\\/\\\/medicpro.hr\\\/veleprodaja\\\/#website\"},\"primaryImageOfPage\":{\"@id\":\"https:\\\/\\\/medicpro.hr\\\/veleprodaja\\\/proizvod\\\/holter-tlaka-s-pulsnim-oksimetrom-35111\\\/#primaryimage\"},\"image\":{\"@id\":\"https:\\\/\\\/medicpro.hr\\\/veleprodaja\\\/proizvod\\\/holter-tlaka-s-pulsnim-oksimetrom-35111\\\/#primaryimage\"},\"thumbnailUrl\":\"https:\\\/\\\/medicpro.hr\\\/veleprodaja\\\/wp-content\\\/uploads\\\/2025\\\/06\\\/holter-tlaka-s-pulsnim-oksimetrom-3.jpg\",\"datePublished\":\"2025-09-01T00:56:50+00:00\",\"dateModified\":\"2025-09-12T09:02:26+00:00\",\"breadcrumb\":{\"@id\":\"https:\\\/\\\/medicpro.hr\\\/veleprodaja\\\/proizvod\\\/holter-tlaka-s-pulsnim-oksimetrom-35111\\\/#breadcrumb\"},\"inLanguage\":\"hr\",\"potentialAction\":[{\"@type\":\"ReadAction\",\"target\":[\"https:\\\/\\\/medicpro.hr\\\/veleprodaja\\\/proizvod\\\/holter-tlaka-s-pulsnim-oksimetrom-35111\\\/\"]}]},{\"@type\":\"ImageObject\",\"inLanguage\":\"hr\",\"@id\":\"https:\\\/\\\/medicpro.hr\\\/veleprodaja\\\/proizvod\\\/holter-tlaka-s-pulsnim-oksimetrom-35111\\\/#primaryimage\",\"url\":\"https:\\\/\\\/medicpro.hr\\\/veleprodaja\\\/wp-content\\\/uploads\\\/2025\\\/06\\\/holter-tlaka-s-pulsnim-oksimetrom-3.jpg\",\"contentUrl\":\"https:\\\/\\\/medicpro.hr\\\/veleprodaja\\\/wp-content\\\/uploads\\\/2025\\\/06\\\/holter-tlaka-s-pulsnim-oksimetrom-3.jpg\",\"width\":800,\"height\":600},{\"@type\":\"BreadcrumbList\",\"@id\":\"https:\\\/\\\/medicpro.hr\\\/veleprodaja\\\/proizvod\\\/holter-tlaka-s-pulsnim-oksimetrom-35111\\\/#breadcrumb\",\"itemListElement\":[{\"@type\":\"ListItem\",\"position\":1,\"name\":\"Po\u010detna stranica\",\"item\":\"https:\\\/\\\/medicpro.hr\\\/veleprodaja\\\/\"},{\"@type\":\"ListItem\",\"position\":2,\"name\":\"Veleprodaja\",\"item\":\"https:\\\/\\\/medicpro.hr\\\/veleprodaja\\\/trgovina\\\/\"},{\"@type\":\"ListItem\",\"position\":3,\"name\":\"HOLTER TLAKA S PULSNIM OKSIMETROM 35111\"}]},{\"@type\":\"WebSite\",\"@id\":\"https:\\\/\\\/medicpro.hr\\\/veleprodaja\\\/#website\",\"url\":\"https:\\\/\\\/medicpro.hr\\\/veleprodaja\\\/\",\"name\":\"Medicpro.hr\",\"description\":\"Medicinski potro\u0161ni materijal i oprema\",\"publisher\":{\"@id\":\"https:\\\/\\\/medicpro.hr\\\/veleprodaja\\\/#organization\"},\"potentialAction\":[{\"@type\":\"SearchAction\",\"target\":{\"@type\":\"EntryPoint\",\"urlTemplate\":\"https:\\\/\\\/medicpro.hr\\\/veleprodaja\\\/?s={search_term_string}\"},\"query-input\":{\"@type\":\"PropertyValueSpecification\",\"valueRequired\":true,\"valueName\":\"search_term_string\"}}],\"inLanguage\":\"hr\"},{\"@type\":\"Organization\",\"@id\":\"https:\\\/\\\/medicpro.hr\\\/veleprodaja\\\/#organization\",\"name\":\"Medicpro d.o.o.\",\"url\":\"https:\\\/\\\/medicpro.hr\\\/veleprodaja\\\/\",\"logo\":{\"@type\":\"ImageObject\",\"inLanguage\":\"hr\",\"@id\":\"https:\\\/\\\/medicpro.hr\\\/veleprodaja\\\/#\\\/schema\\\/logo\\\/image\\\/\",\"url\":\"https:\\\/\\\/medicpro.hr\\\/veleprodaja\\\/wp-content\\\/uploads\\\/2025\\\/05\\\/medicpro_logo.svg\",\"contentUrl\":\"https:\\\/\\\/medicpro.hr\\\/veleprodaja\\\/wp-content\\\/uploads\\\/2025\\\/05\\\/medicpro_logo.svg\",\"width\":226,\"height\":42,\"caption\":\"Medicpro d.o.o.\"},\"image\":{\"@id\":\"https:\\\/\\\/medicpro.hr\\\/veleprodaja\\\/#\\\/schema\\\/logo\\\/image\\\/\"}}]}<\/script>\n<!-- \/ Yoast SEO plugin. -->","yoast_head_json":{"title":"HOLTER TLAKA S PULSNIM OKSIMETROM 35111 - Medicpro","robots":{"index":"index","follow":"follow","max-snippet":"max-snippet:-1","max-image-preview":"max-image-preview:large","max-video-preview":"max-video-preview:-1"},"canonical":"https:\/\/medicpro.hr\/veleprodaja\/proizvod\/holter-tlaka-s-pulsnim-oksimetrom-35111\/","og_locale":"hr_HR","og_type":"article","og_title":"HOLTER TLAKA S PULSNIM OKSIMETROM 35111 - Medicpro","og_description":"Kompaktan i lagan holter tlaka s pulsnim oksimetrom. Mjeri tlak na dva na\u010dina: automatski i ru\u010dno. Oba na\u010dina mjerenja prikazuju","og_url":"https:\/\/medicpro.hr\/veleprodaja\/proizvod\/holter-tlaka-s-pulsnim-oksimetrom-35111\/","og_site_name":"Medicpro","article_modified_time":"2025-09-12T09:02:26+00:00","og_image":[{"width":800,"height":600,"url":"https:\/\/medicpro.hr\/veleprodaja\/wp-content\/uploads\/2025\/06\/holter-tlaka-s-pulsnim-oksimetrom-3.jpg","type":"image\/jpeg"}],"twitter_card":"summary_large_image","twitter_misc":{"Procijenjeno vrijeme \u010ditanja":"1 minuta"},"schema":{"@context":"https:\/\/schema.org","@graph":[{"@type":"WebPage","@id":"https:\/\/medicpro.hr\/veleprodaja\/proizvod\/holter-tlaka-s-pulsnim-oksimetrom-35111\/","url":"https:\/\/medicpro.hr\/veleprodaja\/proizvod\/holter-tlaka-s-pulsnim-oksimetrom-35111\/","name":"HOLTER TLAKA S PULSNIM OKSIMETROM 35111 - Medicpro","isPartOf":{"@id":"https:\/\/medicpro.hr\/veleprodaja\/#website"},"primaryImageOfPage":{"@id":"https:\/\/medicpro.hr\/veleprodaja\/proizvod\/holter-tlaka-s-pulsnim-oksimetrom-35111\/#primaryimage"},"image":{"@id":"https:\/\/medicpro.hr\/veleprodaja\/proizvod\/holter-tlaka-s-pulsnim-oksimetrom-35111\/#primaryimage"},"thumbnailUrl":"https:\/\/medicpro.hr\/veleprodaja\/wp-content\/uploads\/2025\/06\/holter-tlaka-s-pulsnim-oksimetrom-3.jpg","datePublished":"2025-09-01T00:56:50+00:00","dateModified":"2025-09-12T09:02:26+00:00","breadcrumb":{"@id":"https:\/\/medicpro.hr\/veleprodaja\/proizvod\/holter-tlaka-s-pulsnim-oksimetrom-35111\/#breadcrumb"},"inLanguage":"hr","potentialAction":[{"@type":"ReadAction","target":["https:\/\/medicpro.hr\/veleprodaja\/proizvod\/holter-tlaka-s-pulsnim-oksimetrom-35111\/"]}]},{"@type":"ImageObject","inLanguage":"hr","@id":"https:\/\/medicpro.hr\/veleprodaja\/proizvod\/holter-tlaka-s-pulsnim-oksimetrom-35111\/#primaryimage","url":"https:\/\/medicpro.hr\/veleprodaja\/wp-content\/uploads\/2025\/06\/holter-tlaka-s-pulsnim-oksimetrom-3.jpg","contentUrl":"https:\/\/medicpro.hr\/veleprodaja\/wp-content\/uploads\/2025\/06\/holter-tlaka-s-pulsnim-oksimetrom-3.jpg","width":800,"height":600},{"@type":"BreadcrumbList","@id":"https:\/\/medicpro.hr\/veleprodaja\/proizvod\/holter-tlaka-s-pulsnim-oksimetrom-35111\/#breadcrumb","itemListElement":[{"@type":"ListItem","position":1,"name":"Po\u010detna stranica","item":"https:\/\/medicpro.hr\/veleprodaja\/"},{"@type":"ListItem","position":2,"name":"Veleprodaja","item":"https:\/\/medicpro.hr\/veleprodaja\/trgovina\/"},{"@type":"ListItem","position":3,"name":"HOLTER TLAKA S PULSNIM OKSIMETROM 35111"}]},{"@type":"WebSite","@id":"https:\/\/medicpro.hr\/veleprodaja\/#website","url":"https:\/\/medicpro.hr\/veleprodaja\/","name":"Medicpro.hr","description":"Medicinski potro\u0161ni materijal i oprema","publisher":{"@id":"https:\/\/medicpro.hr\/veleprodaja\/#organization"},"potentialAction":[{"@type":"SearchAction","target":{"@type":"EntryPoint","urlTemplate":"https:\/\/medicpro.hr\/veleprodaja\/?s={search_term_string}"},"query-input":{"@type":"PropertyValueSpecification","valueRequired":true,"valueName":"search_term_string"}}],"inLanguage":"hr"},{"@type":"Organization","@id":"https:\/\/medicpro.hr\/veleprodaja\/#organization","name":"Medicpro d.o.o.","url":"https:\/\/medicpro.hr\/veleprodaja\/","logo":{"@type":"ImageObject","inLanguage":"hr","@id":"https:\/\/medicpro.hr\/veleprodaja\/#\/schema\/logo\/image\/","url":"https:\/\/medicpro.hr\/veleprodaja\/wp-content\/uploads\/2025\/05\/medicpro_logo.svg","contentUrl":"https:\/\/medicpro.hr\/veleprodaja\/wp-content\/uploads\/2025\/05\/medicpro_logo.svg","width":226,"height":42,"caption":"Medicpro d.o.o."},"image":{"@id":"https:\/\/medicpro.hr\/veleprodaja\/#\/schema\/logo\/image\/"}}]}},"_links":{"self":[{"href":"https:\/\/medicpro.hr\/veleprodaja\/wp-json\/wp\/v2\/product\/59382","targetHints":{"allow":["GET"]}}],"collection":[{"href":"https:\/\/medicpro.hr\/veleprodaja\/wp-json\/wp\/v2\/product"}],"about":[{"href":"https:\/\/medicpro.hr\/veleprodaja\/wp-json\/wp\/v2\/types\/product"}],"replies":[{"embeddable":true,"href":"https:\/\/medicpro.hr\/veleprodaja\/wp-json\/wp\/v2\/comments?post=59382"}],"wp:featuredmedia":[{"embeddable":true,"href":"https:\/\/medicpro.hr\/veleprodaja\/wp-json\/wp\/v2\/media\/48708"}],"wp:attachment":[{"href":"https:\/\/medicpro.hr\/veleprodaja\/wp-json\/wp\/v2\/media?parent=59382"}],"wp:term":[{"taxonomy":"product_brand","embeddable":true,"href":"https:\/\/medicpro.hr\/veleprodaja\/wp-json\/wp\/v2\/product_brand?post=59382"},{"taxonomy":"product_cat","embeddable":true,"href":"https:\/\/medicpro.hr\/veleprodaja\/wp-json\/wp\/v2\/product_cat?post=59382"},{"taxonomy":"product_tag","embeddable":true,"href":"https:\/\/medicpro.hr\/veleprodaja\/wp-json\/wp\/v2\/product_tag?post=59382"}],"curies":[{"name":"wp","href":"https:\/\/api.w.org\/{rel}","templated":true}]}}