{"id":59307,"date":"2025-09-01T02:56:39","date_gmt":"2025-09-01T00:56:39","guid":{"rendered":"https:\/\/zdesmedicpro-velepro.kuhada.net\/?post_type=product&#038;p=59307"},"modified":"2025-09-12T11:02:26","modified_gmt":"2025-09-12T09:02:26","slug":"kaliper-za-mjerenje-debljine-koznog-nabora-digitalni","status":"publish","type":"product","link":"https:\/\/medicpro.hr\/veleprodaja\/proizvod\/kaliper-za-mjerenje-debljine-koznog-nabora-digitalni\/","title":{"rendered":"KALIPER ZA MJERENJE DEBLJINE KO\u017dNOG NABORA, DIGITALNI"},"content":{"rendered":"<ul>\n<li><strong>Profesionalni digitalni kaliper<\/strong> za mjerenje ko\u017enog nabora s uklju\u010denim USB kabelom za prijenos podataka na ra\u010dunalo.<\/li>\n<li><strong>Instrument koji svojom visokom precizno\u0161\u0107u daje to\u010dnu sliku stanja potko\u017enog tkiva korisnika.<\/strong><\/li>\n<li>Sadr\u017ei opruge koje vr\u0161e pritisak na ko\u017eni nabor od 10g \/ mm<sup>2<\/sup> i veliki zaslon za lako o\u010ditavanje rezultata.<\/li>\n<li>Isporu\u010duje se s <strong>tablicom za procjenu postotaka tjelesne masti<\/strong> koja je vrlo korisna za to\u010dnu procjenu postotka.<\/li>\n<li>Oblo\u017een je posebnim najlonom koji sprje\u010dava kontakt korisnika s metalom i iritaciju ko\u017ee prilikom kori\u0161tenja.<\/li>\n<li>Jednostavan za kori\u0161tenje.<\/li>\n<li>Brzi rezultati mjerenja.<\/li>\n<li>Raspon mjerenja: 0 \u2013 12 mm.<\/li>\n<li>U cijenu je uklju\u010dena drvena kutija za pohranu kalipera dimenzije 19 x 36 x 6 cm.<\/li>\n<li>Proizveden u Italiji.<\/li>\n<\/ul>\n","protected":false},"excerpt":{"rendered":"<p>Profesionalni digitalni kaliper za mjerenje ko\u017enog nabora s uklju\u010denim USB kabelom za prijenos podataka na ra\u010dunalo. Instrument koji svojom visokom<\/p>\n","protected":false},"featured_media":48532,"comment_status":"open","ping_status":"closed","template":"","meta":[],"product_brand":[],"product_cat":[702,717],"product_tag":[],"class_list":{"0":"post-59307","1":"product","2":"type-product","3":"status-publish","4":"has-post-thumbnail","6":"product_cat-dijagnostika","7":"product_cat-antropometrijski-instrumenti","9":"first","10":"onbackorder","11":"taxable","12":"shipping-taxable","13":"purchasable","14":"product-type-simple"},"acf":[],"yoast_head":"<!-- This site is optimized with the Yoast SEO plugin v27.3 - https:\/\/yoast.com\/product\/yoast-seo-wordpress\/ -->\n<title>KALIPER ZA MJERENJE DEBLJINE KO\u017dNOG NABORA, DIGITALNI - Medicpro<\/title>\n<meta name=\"robots\" content=\"index, follow, max-snippet:-1, max-image-preview:large, max-video-preview:-1\" \/>\n<link rel=\"canonical\" href=\"https:\/\/medicpro.hr\/veleprodaja\/proizvod\/kaliper-za-mjerenje-debljine-koznog-nabora-digitalni\/\" \/>\n<meta property=\"og:locale\" content=\"hr_HR\" \/>\n<meta property=\"og:type\" content=\"article\" \/>\n<meta property=\"og:title\" content=\"KALIPER ZA MJERENJE DEBLJINE KO\u017dNOG NABORA, DIGITALNI - Medicpro\" \/>\n<meta property=\"og:description\" content=\"Profesionalni digitalni kaliper za mjerenje ko\u017enog nabora s uklju\u010denim USB kabelom za prijenos podataka na ra\u010dunalo. Instrument koji svojom visokom\" \/>\n<meta property=\"og:url\" content=\"https:\/\/medicpro.hr\/veleprodaja\/proizvod\/kaliper-za-mjerenje-debljine-koznog-nabora-digitalni\/\" \/>\n<meta property=\"og:site_name\" content=\"Medicpro\" \/>\n<meta property=\"article:modified_time\" content=\"2025-09-12T09:02:26+00:00\" \/>\n<meta property=\"og:image\" content=\"https:\/\/medicpro.hr\/veleprodaja\/wp-content\/uploads\/2025\/06\/digitalni-kaliper-za-mjerenje-debljine-koznog-nabora-john-bull-3.jpg\" \/>\n\t<meta property=\"og:image:width\" content=\"800\" \/>\n\t<meta property=\"og:image:height\" content=\"600\" \/>\n\t<meta property=\"og:image:type\" content=\"image\/jpeg\" \/>\n<meta name=\"twitter:card\" content=\"summary_large_image\" \/>\n<meta name=\"twitter:label1\" content=\"Procijenjeno vrijeme \u010ditanja\" \/>\n\t<meta name=\"twitter:data1\" content=\"1 minuta\" \/>\n<script type=\"application\/ld+json\" class=\"yoast-schema-graph\">{\"@context\":\"https:\\\/\\\/schema.org\",\"@graph\":[{\"@type\":\"WebPage\",\"@id\":\"https:\\\/\\\/medicpro.hr\\\/veleprodaja\\\/proizvod\\\/kaliper-za-mjerenje-debljine-koznog-nabora-digitalni\\\/\",\"url\":\"https:\\\/\\\/medicpro.hr\\\/veleprodaja\\\/proizvod\\\/kaliper-za-mjerenje-debljine-koznog-nabora-digitalni\\\/\",\"name\":\"KALIPER ZA MJERENJE DEBLJINE KO\u017dNOG NABORA, DIGITALNI - Medicpro\",\"isPartOf\":{\"@id\":\"https:\\\/\\\/medicpro.hr\\\/veleprodaja\\\/#website\"},\"primaryImageOfPage\":{\"@id\":\"https:\\\/\\\/medicpro.hr\\\/veleprodaja\\\/proizvod\\\/kaliper-za-mjerenje-debljine-koznog-nabora-digitalni\\\/#primaryimage\"},\"image\":{\"@id\":\"https:\\\/\\\/medicpro.hr\\\/veleprodaja\\\/proizvod\\\/kaliper-za-mjerenje-debljine-koznog-nabora-digitalni\\\/#primaryimage\"},\"thumbnailUrl\":\"https:\\\/\\\/medicpro.hr\\\/veleprodaja\\\/wp-content\\\/uploads\\\/2025\\\/06\\\/digitalni-kaliper-za-mjerenje-debljine-koznog-nabora-john-bull-3.jpg\",\"datePublished\":\"2025-09-01T00:56:39+00:00\",\"dateModified\":\"2025-09-12T09:02:26+00:00\",\"breadcrumb\":{\"@id\":\"https:\\\/\\\/medicpro.hr\\\/veleprodaja\\\/proizvod\\\/kaliper-za-mjerenje-debljine-koznog-nabora-digitalni\\\/#breadcrumb\"},\"inLanguage\":\"hr\",\"potentialAction\":[{\"@type\":\"ReadAction\",\"target\":[\"https:\\\/\\\/medicpro.hr\\\/veleprodaja\\\/proizvod\\\/kaliper-za-mjerenje-debljine-koznog-nabora-digitalni\\\/\"]}]},{\"@type\":\"ImageObject\",\"inLanguage\":\"hr\",\"@id\":\"https:\\\/\\\/medicpro.hr\\\/veleprodaja\\\/proizvod\\\/kaliper-za-mjerenje-debljine-koznog-nabora-digitalni\\\/#primaryimage\",\"url\":\"https:\\\/\\\/medicpro.hr\\\/veleprodaja\\\/wp-content\\\/uploads\\\/2025\\\/06\\\/digitalni-kaliper-za-mjerenje-debljine-koznog-nabora-john-bull-3.jpg\",\"contentUrl\":\"https:\\\/\\\/medicpro.hr\\\/veleprodaja\\\/wp-content\\\/uploads\\\/2025\\\/06\\\/digitalni-kaliper-za-mjerenje-debljine-koznog-nabora-john-bull-3.jpg\",\"width\":800,\"height\":600},{\"@type\":\"BreadcrumbList\",\"@id\":\"https:\\\/\\\/medicpro.hr\\\/veleprodaja\\\/proizvod\\\/kaliper-za-mjerenje-debljine-koznog-nabora-digitalni\\\/#breadcrumb\",\"itemListElement\":[{\"@type\":\"ListItem\",\"position\":1,\"name\":\"Po\u010detna stranica\",\"item\":\"https:\\\/\\\/medicpro.hr\\\/veleprodaja\\\/\"},{\"@type\":\"ListItem\",\"position\":2,\"name\":\"Veleprodaja\",\"item\":\"https:\\\/\\\/medicpro.hr\\\/veleprodaja\\\/trgovina\\\/\"},{\"@type\":\"ListItem\",\"position\":3,\"name\":\"KALIPER ZA MJERENJE DEBLJINE KO\u017dNOG NABORA, DIGITALNI\"}]},{\"@type\":\"WebSite\",\"@id\":\"https:\\\/\\\/medicpro.hr\\\/veleprodaja\\\/#website\",\"url\":\"https:\\\/\\\/medicpro.hr\\\/veleprodaja\\\/\",\"name\":\"Medicpro.hr\",\"description\":\"Medicinski potro\u0161ni materijal i oprema\",\"publisher\":{\"@id\":\"https:\\\/\\\/medicpro.hr\\\/veleprodaja\\\/#organization\"},\"potentialAction\":[{\"@type\":\"SearchAction\",\"target\":{\"@type\":\"EntryPoint\",\"urlTemplate\":\"https:\\\/\\\/medicpro.hr\\\/veleprodaja\\\/?s={search_term_string}\"},\"query-input\":{\"@type\":\"PropertyValueSpecification\",\"valueRequired\":true,\"valueName\":\"search_term_string\"}}],\"inLanguage\":\"hr\"},{\"@type\":\"Organization\",\"@id\":\"https:\\\/\\\/medicpro.hr\\\/veleprodaja\\\/#organization\",\"name\":\"Medicpro d.o.o.\",\"url\":\"https:\\\/\\\/medicpro.hr\\\/veleprodaja\\\/\",\"logo\":{\"@type\":\"ImageObject\",\"inLanguage\":\"hr\",\"@id\":\"https:\\\/\\\/medicpro.hr\\\/veleprodaja\\\/#\\\/schema\\\/logo\\\/image\\\/\",\"url\":\"https:\\\/\\\/medicpro.hr\\\/veleprodaja\\\/wp-content\\\/uploads\\\/2025\\\/05\\\/medicpro_logo.svg\",\"contentUrl\":\"https:\\\/\\\/medicpro.hr\\\/veleprodaja\\\/wp-content\\\/uploads\\\/2025\\\/05\\\/medicpro_logo.svg\",\"width\":226,\"height\":42,\"caption\":\"Medicpro d.o.o.\"},\"image\":{\"@id\":\"https:\\\/\\\/medicpro.hr\\\/veleprodaja\\\/#\\\/schema\\\/logo\\\/image\\\/\"}}]}<\/script>\n<!-- \/ Yoast SEO plugin. -->","yoast_head_json":{"title":"KALIPER ZA MJERENJE DEBLJINE KO\u017dNOG NABORA, DIGITALNI - Medicpro","robots":{"index":"index","follow":"follow","max-snippet":"max-snippet:-1","max-image-preview":"max-image-preview:large","max-video-preview":"max-video-preview:-1"},"canonical":"https:\/\/medicpro.hr\/veleprodaja\/proizvod\/kaliper-za-mjerenje-debljine-koznog-nabora-digitalni\/","og_locale":"hr_HR","og_type":"article","og_title":"KALIPER ZA MJERENJE DEBLJINE KO\u017dNOG NABORA, DIGITALNI - Medicpro","og_description":"Profesionalni digitalni kaliper za mjerenje ko\u017enog nabora s uklju\u010denim USB kabelom za prijenos podataka na ra\u010dunalo. Instrument koji svojom visokom","og_url":"https:\/\/medicpro.hr\/veleprodaja\/proizvod\/kaliper-za-mjerenje-debljine-koznog-nabora-digitalni\/","og_site_name":"Medicpro","article_modified_time":"2025-09-12T09:02:26+00:00","og_image":[{"width":800,"height":600,"url":"https:\/\/medicpro.hr\/veleprodaja\/wp-content\/uploads\/2025\/06\/digitalni-kaliper-za-mjerenje-debljine-koznog-nabora-john-bull-3.jpg","type":"image\/jpeg"}],"twitter_card":"summary_large_image","twitter_misc":{"Procijenjeno vrijeme \u010ditanja":"1 minuta"},"schema":{"@context":"https:\/\/schema.org","@graph":[{"@type":"WebPage","@id":"https:\/\/medicpro.hr\/veleprodaja\/proizvod\/kaliper-za-mjerenje-debljine-koznog-nabora-digitalni\/","url":"https:\/\/medicpro.hr\/veleprodaja\/proizvod\/kaliper-za-mjerenje-debljine-koznog-nabora-digitalni\/","name":"KALIPER ZA MJERENJE DEBLJINE KO\u017dNOG NABORA, DIGITALNI - Medicpro","isPartOf":{"@id":"https:\/\/medicpro.hr\/veleprodaja\/#website"},"primaryImageOfPage":{"@id":"https:\/\/medicpro.hr\/veleprodaja\/proizvod\/kaliper-za-mjerenje-debljine-koznog-nabora-digitalni\/#primaryimage"},"image":{"@id":"https:\/\/medicpro.hr\/veleprodaja\/proizvod\/kaliper-za-mjerenje-debljine-koznog-nabora-digitalni\/#primaryimage"},"thumbnailUrl":"https:\/\/medicpro.hr\/veleprodaja\/wp-content\/uploads\/2025\/06\/digitalni-kaliper-za-mjerenje-debljine-koznog-nabora-john-bull-3.jpg","datePublished":"2025-09-01T00:56:39+00:00","dateModified":"2025-09-12T09:02:26+00:00","breadcrumb":{"@id":"https:\/\/medicpro.hr\/veleprodaja\/proizvod\/kaliper-za-mjerenje-debljine-koznog-nabora-digitalni\/#breadcrumb"},"inLanguage":"hr","potentialAction":[{"@type":"ReadAction","target":["https:\/\/medicpro.hr\/veleprodaja\/proizvod\/kaliper-za-mjerenje-debljine-koznog-nabora-digitalni\/"]}]},{"@type":"ImageObject","inLanguage":"hr","@id":"https:\/\/medicpro.hr\/veleprodaja\/proizvod\/kaliper-za-mjerenje-debljine-koznog-nabora-digitalni\/#primaryimage","url":"https:\/\/medicpro.hr\/veleprodaja\/wp-content\/uploads\/2025\/06\/digitalni-kaliper-za-mjerenje-debljine-koznog-nabora-john-bull-3.jpg","contentUrl":"https:\/\/medicpro.hr\/veleprodaja\/wp-content\/uploads\/2025\/06\/digitalni-kaliper-za-mjerenje-debljine-koznog-nabora-john-bull-3.jpg","width":800,"height":600},{"@type":"BreadcrumbList","@id":"https:\/\/medicpro.hr\/veleprodaja\/proizvod\/kaliper-za-mjerenje-debljine-koznog-nabora-digitalni\/#breadcrumb","itemListElement":[{"@type":"ListItem","position":1,"name":"Po\u010detna stranica","item":"https:\/\/medicpro.hr\/veleprodaja\/"},{"@type":"ListItem","position":2,"name":"Veleprodaja","item":"https:\/\/medicpro.hr\/veleprodaja\/trgovina\/"},{"@type":"ListItem","position":3,"name":"KALIPER ZA MJERENJE DEBLJINE KO\u017dNOG NABORA, DIGITALNI"}]},{"@type":"WebSite","@id":"https:\/\/medicpro.hr\/veleprodaja\/#website","url":"https:\/\/medicpro.hr\/veleprodaja\/","name":"Medicpro.hr","description":"Medicinski potro\u0161ni materijal i oprema","publisher":{"@id":"https:\/\/medicpro.hr\/veleprodaja\/#organization"},"potentialAction":[{"@type":"SearchAction","target":{"@type":"EntryPoint","urlTemplate":"https:\/\/medicpro.hr\/veleprodaja\/?s={search_term_string}"},"query-input":{"@type":"PropertyValueSpecification","valueRequired":true,"valueName":"search_term_string"}}],"inLanguage":"hr"},{"@type":"Organization","@id":"https:\/\/medicpro.hr\/veleprodaja\/#organization","name":"Medicpro d.o.o.","url":"https:\/\/medicpro.hr\/veleprodaja\/","logo":{"@type":"ImageObject","inLanguage":"hr","@id":"https:\/\/medicpro.hr\/veleprodaja\/#\/schema\/logo\/image\/","url":"https:\/\/medicpro.hr\/veleprodaja\/wp-content\/uploads\/2025\/05\/medicpro_logo.svg","contentUrl":"https:\/\/medicpro.hr\/veleprodaja\/wp-content\/uploads\/2025\/05\/medicpro_logo.svg","width":226,"height":42,"caption":"Medicpro d.o.o."},"image":{"@id":"https:\/\/medicpro.hr\/veleprodaja\/#\/schema\/logo\/image\/"}}]}},"_links":{"self":[{"href":"https:\/\/medicpro.hr\/veleprodaja\/wp-json\/wp\/v2\/product\/59307","targetHints":{"allow":["GET"]}}],"collection":[{"href":"https:\/\/medicpro.hr\/veleprodaja\/wp-json\/wp\/v2\/product"}],"about":[{"href":"https:\/\/medicpro.hr\/veleprodaja\/wp-json\/wp\/v2\/types\/product"}],"replies":[{"embeddable":true,"href":"https:\/\/medicpro.hr\/veleprodaja\/wp-json\/wp\/v2\/comments?post=59307"}],"wp:featuredmedia":[{"embeddable":true,"href":"https:\/\/medicpro.hr\/veleprodaja\/wp-json\/wp\/v2\/media\/48532"}],"wp:attachment":[{"href":"https:\/\/medicpro.hr\/veleprodaja\/wp-json\/wp\/v2\/media?parent=59307"}],"wp:term":[{"taxonomy":"product_brand","embeddable":true,"href":"https:\/\/medicpro.hr\/veleprodaja\/wp-json\/wp\/v2\/product_brand?post=59307"},{"taxonomy":"product_cat","embeddable":true,"href":"https:\/\/medicpro.hr\/veleprodaja\/wp-json\/wp\/v2\/product_cat?post=59307"},{"taxonomy":"product_tag","embeddable":true,"href":"https:\/\/medicpro.hr\/veleprodaja\/wp-json\/wp\/v2\/product_tag?post=59307"}],"curies":[{"name":"wp","href":"https:\/\/api.w.org\/{rel}","templated":true}]}}