{"id":2060807,"date":"2026-03-04T13:55:59","date_gmt":"2026-03-04T12:55:59","guid":{"rendered":"https:\/\/medicpro.hr\/veleprodaja\/?post_type=product&#038;p=2060807"},"modified":"2026-03-06T13:15:59","modified_gmt":"2026-03-06T12:15:59","slug":"kolica-lancart-70x50x80cm-s-3-police","status":"publish","type":"product","link":"https:\/\/medicpro.hr\/veleprodaja\/proizvod\/kolica-lancart-70x50x80cm-s-3-police\/","title":{"rendered":"KOLICA LANCART 70x50x80cm S 3 POLICE"},"content":{"rendered":"<ul>\n<li>Kolica Lancart mogu se koristiti za:\n<ul>\n<li data-start=\"1059\" data-end=\"1110\">\n<p data-start=\"1061\" data-end=\"1110\">transport <strong data-start=\"1071\" data-end=\"1108\">medicinskih instrumenata i opreme<\/strong><\/p>\n<\/li>\n<li data-start=\"1111\" data-end=\"1164\">\n<p data-start=\"1113\" data-end=\"1164\">organizaciju <strong data-start=\"1126\" data-end=\"1162\">potro\u0161nog medicinskog materijala<\/strong><\/p>\n<\/li>\n<li data-start=\"1165\" data-end=\"1244\">\n<p data-start=\"1167\" data-end=\"1244\">dr\u017eanje <strong data-start=\"1175\" data-end=\"1201\">dijagnosti\u010dkih ure\u0111aja<\/strong> (tlakomjer, EKG, pulsni oksimetar i sl.)<\/p>\n<\/li>\n<li data-start=\"1245\" data-end=\"1296\">\n<p data-start=\"1247\" data-end=\"1296\">pripremu <strong data-start=\"1256\" data-end=\"1294\">materijala za preglede ili zahvate<\/strong><\/p>\n<\/li>\n<li data-start=\"1297\" data-end=\"1356\">\n<p data-start=\"1299\" data-end=\"1356\">odlaganje <strong data-start=\"1309\" data-end=\"1356\">sterilnog pribora ili lijekova tijekom rada<\/strong>.<\/p>\n<\/li>\n<\/ul>\n<\/li>\n<\/ul>\n<ul>\n<li data-start=\"34\" data-end=\"75\">Zahvaljuju\u0107i mogu\u0107nosti dodavanja razli\u010ditih dodataka, kolica se mogu <strong data-start=\"1428\" data-end=\"1493\">prilagoditi specifi\u010dnim potrebama svake ordinacije ili odjela<\/strong>.<\/li>\n<li data-start=\"34\" data-end=\"75\">\n<p data-start=\"36\" data-end=\"75\"><strong data-start=\"36\" data-end=\"50\">Dimenzije:<\/strong> 72\u00d750\u00d7visina 80 cm.<\/p>\n<\/li>\n<li data-start=\"76\" data-end=\"93\">\n<p data-start=\"78\" data-end=\"93\"><strong data-start=\"78\" data-end=\"89\">Police:<\/strong> 3 police od nehr\u0111aju\u0107eg \u010delika.<\/p>\n<\/li>\n<li data-start=\"76\" data-end=\"93\">Kolica su montirana na kota\u010de \u00d8 80mm.<\/li>\n<li data-start=\"76\" data-end=\"93\"><strong data-start=\"195\" data-end=\"226\">Maksimalna nosivost kolica:<\/strong> 60 kg.<\/li>\n<li data-start=\"76\" data-end=\"93\">Kolica se isporu\u010duju rastavljena.<\/li>\n<li data-start=\"76\" data-end=\"93\">Proizvedeno u Italiji.<\/li>\n<\/ul>\n","protected":false},"excerpt":{"rendered":"<p>Kolica Lancart mogu se koristiti za: transport medicinskih instrumenata i opreme organizaciju potro\u0161nog medicinskog materijala dr\u017eanje dijagnosti\u010dkih ure\u0111aja (tlakomjer, EKG,<\/p>\n","protected":false},"featured_media":2060834,"comment_status":"open","ping_status":"closed","template":"","meta":[],"product_brand":[],"product_cat":[715,774],"product_tag":[],"class_list":{"0":"post-2060807","1":"product","2":"type-product","3":"status-publish","4":"has-post-thumbnail","6":"product_cat-oprema-za-ordinacije","7":"product_cat-kolica","9":"first","10":"onbackorder","11":"taxable","12":"shipping-taxable","13":"purchasable","14":"product-type-simple"},"acf":[],"yoast_head":"<!-- This site is optimized with the Yoast SEO plugin v27.3 - https:\/\/yoast.com\/product\/yoast-seo-wordpress\/ -->\n<title>KOLICA LANCART 70x50x80cm S 3 POLICE - Medicpro<\/title>\n<meta name=\"description\" content=\"Medicinska kolica od nehr\u0111aju\u0107eg \u010delika s 3 police i kota\u010dima. Idealna za ambulante, klinike, laboratorije i transport medicinske opreme.\" \/>\n<meta name=\"robots\" content=\"index, follow, max-snippet:-1, max-image-preview:large, max-video-preview:-1\" \/>\n<link rel=\"canonical\" href=\"https:\/\/medicpro.hr\/veleprodaja\/proizvod\/kolica-lancart-70x50x80cm-s-3-police\/\" \/>\n<meta property=\"og:locale\" content=\"hr_HR\" \/>\n<meta property=\"og:type\" content=\"article\" \/>\n<meta property=\"og:title\" content=\"KOLICA LANCART 70x50x80cm S 3 POLICE - Medicpro\" \/>\n<meta property=\"og:description\" content=\"Medicinska kolica od nehr\u0111aju\u0107eg \u010delika s 3 police i kota\u010dima. Idealna za ambulante, klinike, laboratorije i transport medicinske opreme.\" \/>\n<meta property=\"og:url\" content=\"https:\/\/medicpro.hr\/veleprodaja\/proizvod\/kolica-lancart-70x50x80cm-s-3-police\/\" \/>\n<meta property=\"og:site_name\" content=\"Medicpro\" \/>\n<meta property=\"article:modified_time\" content=\"2026-03-06T12:15:59+00:00\" \/>\n<meta property=\"og:image\" content=\"https:\/\/medicpro.hr\/veleprodaja\/wp-content\/uploads\/2026\/03\/kolica-lancart-70-x-50-x-80-s-3-police.png\" \/>\n\t<meta property=\"og:image:width\" content=\"1890\" \/>\n\t<meta property=\"og:image:height\" content=\"1890\" \/>\n\t<meta property=\"og:image:type\" content=\"image\/png\" \/>\n<meta name=\"twitter:card\" content=\"summary_large_image\" \/>\n<meta name=\"twitter:label1\" content=\"Procijenjeno vrijeme \u010ditanja\" \/>\n\t<meta name=\"twitter:data1\" content=\"1 minuta\" \/>\n<script type=\"application\/ld+json\" class=\"yoast-schema-graph\">{\"@context\":\"https:\\\/\\\/schema.org\",\"@graph\":[{\"@type\":\"WebPage\",\"@id\":\"https:\\\/\\\/medicpro.hr\\\/veleprodaja\\\/proizvod\\\/kolica-lancart-70x50x80cm-s-3-police\\\/\",\"url\":\"https:\\\/\\\/medicpro.hr\\\/veleprodaja\\\/proizvod\\\/kolica-lancart-70x50x80cm-s-3-police\\\/\",\"name\":\"KOLICA LANCART 70x50x80cm S 3 POLICE - Medicpro\",\"isPartOf\":{\"@id\":\"https:\\\/\\\/medicpro.hr\\\/veleprodaja\\\/#website\"},\"primaryImageOfPage\":{\"@id\":\"https:\\\/\\\/medicpro.hr\\\/veleprodaja\\\/proizvod\\\/kolica-lancart-70x50x80cm-s-3-police\\\/#primaryimage\"},\"image\":{\"@id\":\"https:\\\/\\\/medicpro.hr\\\/veleprodaja\\\/proizvod\\\/kolica-lancart-70x50x80cm-s-3-police\\\/#primaryimage\"},\"thumbnailUrl\":\"https:\\\/\\\/medicpro.hr\\\/veleprodaja\\\/wp-content\\\/uploads\\\/2026\\\/03\\\/kolica-lancart-70-x-50-x-80-s-3-police.png\",\"datePublished\":\"2026-03-04T12:55:59+00:00\",\"dateModified\":\"2026-03-06T12:15:59+00:00\",\"description\":\"Medicinska kolica od nehr\u0111aju\u0107eg \u010delika s 3 police i kota\u010dima. Idealna za ambulante, klinike, laboratorije i transport medicinske opreme.\",\"breadcrumb\":{\"@id\":\"https:\\\/\\\/medicpro.hr\\\/veleprodaja\\\/proizvod\\\/kolica-lancart-70x50x80cm-s-3-police\\\/#breadcrumb\"},\"inLanguage\":\"hr\",\"potentialAction\":[{\"@type\":\"ReadAction\",\"target\":[\"https:\\\/\\\/medicpro.hr\\\/veleprodaja\\\/proizvod\\\/kolica-lancart-70x50x80cm-s-3-police\\\/\"]}]},{\"@type\":\"ImageObject\",\"inLanguage\":\"hr\",\"@id\":\"https:\\\/\\\/medicpro.hr\\\/veleprodaja\\\/proizvod\\\/kolica-lancart-70x50x80cm-s-3-police\\\/#primaryimage\",\"url\":\"https:\\\/\\\/medicpro.hr\\\/veleprodaja\\\/wp-content\\\/uploads\\\/2026\\\/03\\\/kolica-lancart-70-x-50-x-80-s-3-police.png\",\"contentUrl\":\"https:\\\/\\\/medicpro.hr\\\/veleprodaja\\\/wp-content\\\/uploads\\\/2026\\\/03\\\/kolica-lancart-70-x-50-x-80-s-3-police.png\",\"width\":1890,\"height\":1890,\"caption\":\"Kolica lancart dimenzije 70x50x80 s tri police\"},{\"@type\":\"BreadcrumbList\",\"@id\":\"https:\\\/\\\/medicpro.hr\\\/veleprodaja\\\/proizvod\\\/kolica-lancart-70x50x80cm-s-3-police\\\/#breadcrumb\",\"itemListElement\":[{\"@type\":\"ListItem\",\"position\":1,\"name\":\"Po\u010detna stranica\",\"item\":\"https:\\\/\\\/medicpro.hr\\\/veleprodaja\\\/\"},{\"@type\":\"ListItem\",\"position\":2,\"name\":\"Veleprodaja\",\"item\":\"https:\\\/\\\/medicpro.hr\\\/veleprodaja\\\/trgovina\\\/\"},{\"@type\":\"ListItem\",\"position\":3,\"name\":\"KOLICA LANCART 70x50x80cm S 3 POLICE\"}]},{\"@type\":\"WebSite\",\"@id\":\"https:\\\/\\\/medicpro.hr\\\/veleprodaja\\\/#website\",\"url\":\"https:\\\/\\\/medicpro.hr\\\/veleprodaja\\\/\",\"name\":\"Medicpro.hr\",\"description\":\"Medicinski potro\u0161ni materijal i oprema\",\"publisher\":{\"@id\":\"https:\\\/\\\/medicpro.hr\\\/veleprodaja\\\/#organization\"},\"potentialAction\":[{\"@type\":\"SearchAction\",\"target\":{\"@type\":\"EntryPoint\",\"urlTemplate\":\"https:\\\/\\\/medicpro.hr\\\/veleprodaja\\\/?s={search_term_string}\"},\"query-input\":{\"@type\":\"PropertyValueSpecification\",\"valueRequired\":true,\"valueName\":\"search_term_string\"}}],\"inLanguage\":\"hr\"},{\"@type\":\"Organization\",\"@id\":\"https:\\\/\\\/medicpro.hr\\\/veleprodaja\\\/#organization\",\"name\":\"Medicpro d.o.o.\",\"url\":\"https:\\\/\\\/medicpro.hr\\\/veleprodaja\\\/\",\"logo\":{\"@type\":\"ImageObject\",\"inLanguage\":\"hr\",\"@id\":\"https:\\\/\\\/medicpro.hr\\\/veleprodaja\\\/#\\\/schema\\\/logo\\\/image\\\/\",\"url\":\"https:\\\/\\\/medicpro.hr\\\/veleprodaja\\\/wp-content\\\/uploads\\\/2025\\\/05\\\/medicpro_logo.svg\",\"contentUrl\":\"https:\\\/\\\/medicpro.hr\\\/veleprodaja\\\/wp-content\\\/uploads\\\/2025\\\/05\\\/medicpro_logo.svg\",\"width\":226,\"height\":42,\"caption\":\"Medicpro d.o.o.\"},\"image\":{\"@id\":\"https:\\\/\\\/medicpro.hr\\\/veleprodaja\\\/#\\\/schema\\\/logo\\\/image\\\/\"}}]}<\/script>\n<!-- \/ Yoast SEO plugin. -->","yoast_head_json":{"title":"KOLICA LANCART 70x50x80cm S 3 POLICE - Medicpro","description":"Medicinska kolica od nehr\u0111aju\u0107eg \u010delika s 3 police i kota\u010dima. Idealna za ambulante, klinike, laboratorije i transport medicinske opreme.","robots":{"index":"index","follow":"follow","max-snippet":"max-snippet:-1","max-image-preview":"max-image-preview:large","max-video-preview":"max-video-preview:-1"},"canonical":"https:\/\/medicpro.hr\/veleprodaja\/proizvod\/kolica-lancart-70x50x80cm-s-3-police\/","og_locale":"hr_HR","og_type":"article","og_title":"KOLICA LANCART 70x50x80cm S 3 POLICE - Medicpro","og_description":"Medicinska kolica od nehr\u0111aju\u0107eg \u010delika s 3 police i kota\u010dima. Idealna za ambulante, klinike, laboratorije i transport medicinske opreme.","og_url":"https:\/\/medicpro.hr\/veleprodaja\/proizvod\/kolica-lancart-70x50x80cm-s-3-police\/","og_site_name":"Medicpro","article_modified_time":"2026-03-06T12:15:59+00:00","og_image":[{"width":1890,"height":1890,"url":"https:\/\/medicpro.hr\/veleprodaja\/wp-content\/uploads\/2026\/03\/kolica-lancart-70-x-50-x-80-s-3-police.png","type":"image\/png"}],"twitter_card":"summary_large_image","twitter_misc":{"Procijenjeno vrijeme \u010ditanja":"1 minuta"},"schema":{"@context":"https:\/\/schema.org","@graph":[{"@type":"WebPage","@id":"https:\/\/medicpro.hr\/veleprodaja\/proizvod\/kolica-lancart-70x50x80cm-s-3-police\/","url":"https:\/\/medicpro.hr\/veleprodaja\/proizvod\/kolica-lancart-70x50x80cm-s-3-police\/","name":"KOLICA LANCART 70x50x80cm S 3 POLICE - Medicpro","isPartOf":{"@id":"https:\/\/medicpro.hr\/veleprodaja\/#website"},"primaryImageOfPage":{"@id":"https:\/\/medicpro.hr\/veleprodaja\/proizvod\/kolica-lancart-70x50x80cm-s-3-police\/#primaryimage"},"image":{"@id":"https:\/\/medicpro.hr\/veleprodaja\/proizvod\/kolica-lancart-70x50x80cm-s-3-police\/#primaryimage"},"thumbnailUrl":"https:\/\/medicpro.hr\/veleprodaja\/wp-content\/uploads\/2026\/03\/kolica-lancart-70-x-50-x-80-s-3-police.png","datePublished":"2026-03-04T12:55:59+00:00","dateModified":"2026-03-06T12:15:59+00:00","description":"Medicinska kolica od nehr\u0111aju\u0107eg \u010delika s 3 police i kota\u010dima. Idealna za ambulante, klinike, laboratorije i transport medicinske opreme.","breadcrumb":{"@id":"https:\/\/medicpro.hr\/veleprodaja\/proizvod\/kolica-lancart-70x50x80cm-s-3-police\/#breadcrumb"},"inLanguage":"hr","potentialAction":[{"@type":"ReadAction","target":["https:\/\/medicpro.hr\/veleprodaja\/proizvod\/kolica-lancart-70x50x80cm-s-3-police\/"]}]},{"@type":"ImageObject","inLanguage":"hr","@id":"https:\/\/medicpro.hr\/veleprodaja\/proizvod\/kolica-lancart-70x50x80cm-s-3-police\/#primaryimage","url":"https:\/\/medicpro.hr\/veleprodaja\/wp-content\/uploads\/2026\/03\/kolica-lancart-70-x-50-x-80-s-3-police.png","contentUrl":"https:\/\/medicpro.hr\/veleprodaja\/wp-content\/uploads\/2026\/03\/kolica-lancart-70-x-50-x-80-s-3-police.png","width":1890,"height":1890,"caption":"Kolica lancart dimenzije 70x50x80 s tri police"},{"@type":"BreadcrumbList","@id":"https:\/\/medicpro.hr\/veleprodaja\/proizvod\/kolica-lancart-70x50x80cm-s-3-police\/#breadcrumb","itemListElement":[{"@type":"ListItem","position":1,"name":"Po\u010detna stranica","item":"https:\/\/medicpro.hr\/veleprodaja\/"},{"@type":"ListItem","position":2,"name":"Veleprodaja","item":"https:\/\/medicpro.hr\/veleprodaja\/trgovina\/"},{"@type":"ListItem","position":3,"name":"KOLICA LANCART 70x50x80cm S 3 POLICE"}]},{"@type":"WebSite","@id":"https:\/\/medicpro.hr\/veleprodaja\/#website","url":"https:\/\/medicpro.hr\/veleprodaja\/","name":"Medicpro.hr","description":"Medicinski potro\u0161ni materijal i oprema","publisher":{"@id":"https:\/\/medicpro.hr\/veleprodaja\/#organization"},"potentialAction":[{"@type":"SearchAction","target":{"@type":"EntryPoint","urlTemplate":"https:\/\/medicpro.hr\/veleprodaja\/?s={search_term_string}"},"query-input":{"@type":"PropertyValueSpecification","valueRequired":true,"valueName":"search_term_string"}}],"inLanguage":"hr"},{"@type":"Organization","@id":"https:\/\/medicpro.hr\/veleprodaja\/#organization","name":"Medicpro d.o.o.","url":"https:\/\/medicpro.hr\/veleprodaja\/","logo":{"@type":"ImageObject","inLanguage":"hr","@id":"https:\/\/medicpro.hr\/veleprodaja\/#\/schema\/logo\/image\/","url":"https:\/\/medicpro.hr\/veleprodaja\/wp-content\/uploads\/2025\/05\/medicpro_logo.svg","contentUrl":"https:\/\/medicpro.hr\/veleprodaja\/wp-content\/uploads\/2025\/05\/medicpro_logo.svg","width":226,"height":42,"caption":"Medicpro d.o.o."},"image":{"@id":"https:\/\/medicpro.hr\/veleprodaja\/#\/schema\/logo\/image\/"}}]}},"_links":{"self":[{"href":"https:\/\/medicpro.hr\/veleprodaja\/wp-json\/wp\/v2\/product\/2060807","targetHints":{"allow":["GET"]}}],"collection":[{"href":"https:\/\/medicpro.hr\/veleprodaja\/wp-json\/wp\/v2\/product"}],"about":[{"href":"https:\/\/medicpro.hr\/veleprodaja\/wp-json\/wp\/v2\/types\/product"}],"replies":[{"embeddable":true,"href":"https:\/\/medicpro.hr\/veleprodaja\/wp-json\/wp\/v2\/comments?post=2060807"}],"wp:featuredmedia":[{"embeddable":true,"href":"https:\/\/medicpro.hr\/veleprodaja\/wp-json\/wp\/v2\/media\/2060834"}],"wp:attachment":[{"href":"https:\/\/medicpro.hr\/veleprodaja\/wp-json\/wp\/v2\/media?parent=2060807"}],"wp:term":[{"taxonomy":"product_brand","embeddable":true,"href":"https:\/\/medicpro.hr\/veleprodaja\/wp-json\/wp\/v2\/product_brand?post=2060807"},{"taxonomy":"product_cat","embeddable":true,"href":"https:\/\/medicpro.hr\/veleprodaja\/wp-json\/wp\/v2\/product_cat?post=2060807"},{"taxonomy":"product_tag","embeddable":true,"href":"https:\/\/medicpro.hr\/veleprodaja\/wp-json\/wp\/v2\/product_tag?post=2060807"}],"curies":[{"name":"wp","href":"https:\/\/api.w.org\/{rel}","templated":true}]}}