{"id":2060464,"date":"2025-12-17T13:45:42","date_gmt":"2025-12-17T12:45:42","guid":{"rendered":"https:\/\/medicpro.hr\/veleprodaja\/?post_type=product&#038;p=2060464"},"modified":"2026-04-14T09:30:07","modified_gmt":"2026-04-14T07:30:07","slug":"tens-uredaj-s-funkcijom-grijanja-protiv-menstrualnih-tegoba-beurer-em-55","status":"publish","type":"product","link":"https:\/\/medicpro.hr\/veleprodaja\/proizvod\/tens-uredaj-s-funkcijom-grijanja-protiv-menstrualnih-tegoba-beurer-em-55\/","title":{"rendered":"TENS ure\u0111aj s funkcijom grijanja protiv menstrualnih tegoba Beurer EM 55"},"content":{"rendered":"<ul>\n<li><strong>Beurer EM 55 Menstrual Relax+<\/strong> kombinira <strong>TENS tehnologiju<\/strong> s <strong>umiruju\u0107om toplinom<\/strong>.<\/li>\n<li>Pru\u017ea diskretnu, svakodnevnu podr\u0161ku za ubla\u017eavanje bolova u podru\u010dju trbuha.<\/li>\n<li>Ubla\u017eava <strong>menstrualne bolove<\/strong> te bolove povezane s <strong>endometriozom<\/strong>.<\/li>\n<li>Ergonomskog je oblika pa je diskretan i udoban za no\u0161enje.<\/li>\n<li>Nudi jedan program grijanja (<strong>43 \u00b0C<\/strong>) i <strong>15 razina<\/strong> TENS intenziteta.<\/li>\n<li>LED zaslon jasno prikazuje odabranu funkciju.<\/li>\n<li>Jedno punjenje baterije omogu\u0107uje do <strong>6 tretmana<\/strong>.<\/li>\n<li>Trajanje jedne primjene iznosi <strong>20 minuta<\/strong>.<\/li>\n<li>U pakiranju dolaze <strong>\u010detiri samoljepljiva gel jastu\u010di\u0107a<\/strong> i <strong>vre\u0107ica<\/strong> za pohranu.<\/li>\n<li>Uklju\u010duje <strong>punjivu bateriju<\/strong> i <strong>USB kabel<\/strong>.<\/li>\n<li>Akcija vrijedi do isteka zaliha.<\/li>\n<\/ul>\n","protected":false},"excerpt":{"rendered":"<p>Beurer EM 55 Menstrual Relax+ kombinira TENS tehnologiju s umiruju\u0107om toplinom. Pru\u017ea diskretnu, svakodnevnu podr\u0161ku za ubla\u017eavanje bolova u podru\u010dju<\/p>\n","protected":false},"featured_media":2060465,"comment_status":"open","ping_status":"closed","template":"","meta":[],"product_brand":[],"product_cat":[705,706,745],"product_tag":[],"class_list":{"0":"post-2060464","1":"product","2":"type-product","3":"status-publish","4":"has-post-thumbnail","6":"product_cat-fizikalna-terapija","7":"product_cat-t-e-n-s-i-ems-uredaji","8":"product_cat-t-e-n-s-uredaji","10":"first","11":"instock","12":"sale","13":"taxable","14":"shipping-taxable","15":"purchasable","16":"product-type-simple"},"acf":[],"yoast_head":"<!-- This site is optimized with the Yoast SEO plugin v27.3 - https:\/\/yoast.com\/product\/yoast-seo-wordpress\/ -->\n<title>TENS ure\u0111aj s funkcijom grijanja protiv menstrualnih tegoba Beurer EM 55 - Medicpro<\/title>\n<meta name=\"robots\" content=\"index, follow, max-snippet:-1, max-image-preview:large, max-video-preview:-1\" \/>\n<link rel=\"canonical\" href=\"https:\/\/medicpro.hr\/veleprodaja\/proizvod\/tens-uredaj-s-funkcijom-grijanja-protiv-menstrualnih-tegoba-beurer-em-55\/\" \/>\n<meta property=\"og:locale\" content=\"hr_HR\" \/>\n<meta property=\"og:type\" content=\"article\" \/>\n<meta property=\"og:title\" content=\"TENS ure\u0111aj s funkcijom grijanja protiv menstrualnih tegoba Beurer EM 55 - Medicpro\" \/>\n<meta property=\"og:description\" content=\"Beurer EM 55 Menstrual Relax+ kombinira TENS tehnologiju s umiruju\u0107om toplinom. Pru\u017ea diskretnu, svakodnevnu podr\u0161ku za ubla\u017eavanje bolova u podru\u010dju\" \/>\n<meta property=\"og:url\" content=\"https:\/\/medicpro.hr\/veleprodaja\/proizvod\/tens-uredaj-s-funkcijom-grijanja-protiv-menstrualnih-tegoba-beurer-em-55\/\" \/>\n<meta property=\"og:site_name\" content=\"Medicpro\" \/>\n<meta property=\"article:modified_time\" content=\"2026-04-14T07:30:07+00:00\" \/>\n<meta property=\"og:image\" content=\"https:\/\/medicpro.hr\/veleprodaja\/wp-content\/uploads\/2025\/12\/tens-uredaj-s-funkcijom-grijanja-protiv-menstrualnih-tegoba-beurer-em-55.png\" \/>\n\t<meta property=\"og:image:width\" content=\"1890\" \/>\n\t<meta property=\"og:image:height\" content=\"1890\" \/>\n\t<meta property=\"og:image:type\" content=\"image\/png\" \/>\n<meta name=\"twitter:card\" content=\"summary_large_image\" \/>\n<meta name=\"twitter:label1\" content=\"Procijenjeno vrijeme \u010ditanja\" \/>\n\t<meta name=\"twitter:data1\" content=\"1 minuta\" \/>\n<script type=\"application\/ld+json\" class=\"yoast-schema-graph\">{\"@context\":\"https:\\\/\\\/schema.org\",\"@graph\":[{\"@type\":\"WebPage\",\"@id\":\"https:\\\/\\\/medicpro.hr\\\/veleprodaja\\\/proizvod\\\/tens-uredaj-s-funkcijom-grijanja-protiv-menstrualnih-tegoba-beurer-em-55\\\/\",\"url\":\"https:\\\/\\\/medicpro.hr\\\/veleprodaja\\\/proizvod\\\/tens-uredaj-s-funkcijom-grijanja-protiv-menstrualnih-tegoba-beurer-em-55\\\/\",\"name\":\"TENS ure\u0111aj s funkcijom grijanja protiv menstrualnih tegoba Beurer EM 55 - Medicpro\",\"isPartOf\":{\"@id\":\"https:\\\/\\\/medicpro.hr\\\/veleprodaja\\\/#website\"},\"primaryImageOfPage\":{\"@id\":\"https:\\\/\\\/medicpro.hr\\\/veleprodaja\\\/proizvod\\\/tens-uredaj-s-funkcijom-grijanja-protiv-menstrualnih-tegoba-beurer-em-55\\\/#primaryimage\"},\"image\":{\"@id\":\"https:\\\/\\\/medicpro.hr\\\/veleprodaja\\\/proizvod\\\/tens-uredaj-s-funkcijom-grijanja-protiv-menstrualnih-tegoba-beurer-em-55\\\/#primaryimage\"},\"thumbnailUrl\":\"https:\\\/\\\/medicpro.hr\\\/veleprodaja\\\/wp-content\\\/uploads\\\/2025\\\/12\\\/tens-uredaj-s-funkcijom-grijanja-protiv-menstrualnih-tegoba-beurer-em-55.png\",\"datePublished\":\"2025-12-17T12:45:42+00:00\",\"dateModified\":\"2026-04-14T07:30:07+00:00\",\"breadcrumb\":{\"@id\":\"https:\\\/\\\/medicpro.hr\\\/veleprodaja\\\/proizvod\\\/tens-uredaj-s-funkcijom-grijanja-protiv-menstrualnih-tegoba-beurer-em-55\\\/#breadcrumb\"},\"inLanguage\":\"hr\",\"potentialAction\":[{\"@type\":\"ReadAction\",\"target\":[\"https:\\\/\\\/medicpro.hr\\\/veleprodaja\\\/proizvod\\\/tens-uredaj-s-funkcijom-grijanja-protiv-menstrualnih-tegoba-beurer-em-55\\\/\"]}]},{\"@type\":\"ImageObject\",\"inLanguage\":\"hr\",\"@id\":\"https:\\\/\\\/medicpro.hr\\\/veleprodaja\\\/proizvod\\\/tens-uredaj-s-funkcijom-grijanja-protiv-menstrualnih-tegoba-beurer-em-55\\\/#primaryimage\",\"url\":\"https:\\\/\\\/medicpro.hr\\\/veleprodaja\\\/wp-content\\\/uploads\\\/2025\\\/12\\\/tens-uredaj-s-funkcijom-grijanja-protiv-menstrualnih-tegoba-beurer-em-55.png\",\"contentUrl\":\"https:\\\/\\\/medicpro.hr\\\/veleprodaja\\\/wp-content\\\/uploads\\\/2025\\\/12\\\/tens-uredaj-s-funkcijom-grijanja-protiv-menstrualnih-tegoba-beurer-em-55.png\",\"width\":1890,\"height\":1890,\"caption\":\"Tens ure\u0111aj s funkcijom grijanja protiv menstrualnih tegoba Beurer EM 55\"},{\"@type\":\"BreadcrumbList\",\"@id\":\"https:\\\/\\\/medicpro.hr\\\/veleprodaja\\\/proizvod\\\/tens-uredaj-s-funkcijom-grijanja-protiv-menstrualnih-tegoba-beurer-em-55\\\/#breadcrumb\",\"itemListElement\":[{\"@type\":\"ListItem\",\"position\":1,\"name\":\"Po\u010detna stranica\",\"item\":\"https:\\\/\\\/medicpro.hr\\\/veleprodaja\\\/\"},{\"@type\":\"ListItem\",\"position\":2,\"name\":\"Veleprodaja\",\"item\":\"https:\\\/\\\/medicpro.hr\\\/veleprodaja\\\/trgovina\\\/\"},{\"@type\":\"ListItem\",\"position\":3,\"name\":\"TENS ure\u0111aj s funkcijom grijanja protiv menstrualnih tegoba Beurer EM 55\"}]},{\"@type\":\"WebSite\",\"@id\":\"https:\\\/\\\/medicpro.hr\\\/veleprodaja\\\/#website\",\"url\":\"https:\\\/\\\/medicpro.hr\\\/veleprodaja\\\/\",\"name\":\"Medicpro.hr\",\"description\":\"Medicinski potro\u0161ni materijal i oprema\",\"publisher\":{\"@id\":\"https:\\\/\\\/medicpro.hr\\\/veleprodaja\\\/#organization\"},\"potentialAction\":[{\"@type\":\"SearchAction\",\"target\":{\"@type\":\"EntryPoint\",\"urlTemplate\":\"https:\\\/\\\/medicpro.hr\\\/veleprodaja\\\/?s={search_term_string}\"},\"query-input\":{\"@type\":\"PropertyValueSpecification\",\"valueRequired\":true,\"valueName\":\"search_term_string\"}}],\"inLanguage\":\"hr\"},{\"@type\":\"Organization\",\"@id\":\"https:\\\/\\\/medicpro.hr\\\/veleprodaja\\\/#organization\",\"name\":\"Medicpro d.o.o.\",\"url\":\"https:\\\/\\\/medicpro.hr\\\/veleprodaja\\\/\",\"logo\":{\"@type\":\"ImageObject\",\"inLanguage\":\"hr\",\"@id\":\"https:\\\/\\\/medicpro.hr\\\/veleprodaja\\\/#\\\/schema\\\/logo\\\/image\\\/\",\"url\":\"https:\\\/\\\/medicpro.hr\\\/veleprodaja\\\/wp-content\\\/uploads\\\/2025\\\/05\\\/medicpro_logo.svg\",\"contentUrl\":\"https:\\\/\\\/medicpro.hr\\\/veleprodaja\\\/wp-content\\\/uploads\\\/2025\\\/05\\\/medicpro_logo.svg\",\"width\":226,\"height\":42,\"caption\":\"Medicpro d.o.o.\"},\"image\":{\"@id\":\"https:\\\/\\\/medicpro.hr\\\/veleprodaja\\\/#\\\/schema\\\/logo\\\/image\\\/\"}}]}<\/script>\n<!-- \/ Yoast SEO plugin. -->","yoast_head_json":{"title":"TENS ure\u0111aj s funkcijom grijanja protiv menstrualnih tegoba Beurer EM 55 - Medicpro","robots":{"index":"index","follow":"follow","max-snippet":"max-snippet:-1","max-image-preview":"max-image-preview:large","max-video-preview":"max-video-preview:-1"},"canonical":"https:\/\/medicpro.hr\/veleprodaja\/proizvod\/tens-uredaj-s-funkcijom-grijanja-protiv-menstrualnih-tegoba-beurer-em-55\/","og_locale":"hr_HR","og_type":"article","og_title":"TENS ure\u0111aj s funkcijom grijanja protiv menstrualnih tegoba Beurer EM 55 - Medicpro","og_description":"Beurer EM 55 Menstrual Relax+ kombinira TENS tehnologiju s umiruju\u0107om toplinom. Pru\u017ea diskretnu, svakodnevnu podr\u0161ku za ubla\u017eavanje bolova u podru\u010dju","og_url":"https:\/\/medicpro.hr\/veleprodaja\/proizvod\/tens-uredaj-s-funkcijom-grijanja-protiv-menstrualnih-tegoba-beurer-em-55\/","og_site_name":"Medicpro","article_modified_time":"2026-04-14T07:30:07+00:00","og_image":[{"width":1890,"height":1890,"url":"https:\/\/medicpro.hr\/veleprodaja\/wp-content\/uploads\/2025\/12\/tens-uredaj-s-funkcijom-grijanja-protiv-menstrualnih-tegoba-beurer-em-55.png","type":"image\/png"}],"twitter_card":"summary_large_image","twitter_misc":{"Procijenjeno vrijeme \u010ditanja":"1 minuta"},"schema":{"@context":"https:\/\/schema.org","@graph":[{"@type":"WebPage","@id":"https:\/\/medicpro.hr\/veleprodaja\/proizvod\/tens-uredaj-s-funkcijom-grijanja-protiv-menstrualnih-tegoba-beurer-em-55\/","url":"https:\/\/medicpro.hr\/veleprodaja\/proizvod\/tens-uredaj-s-funkcijom-grijanja-protiv-menstrualnih-tegoba-beurer-em-55\/","name":"TENS ure\u0111aj s funkcijom grijanja protiv menstrualnih tegoba Beurer EM 55 - Medicpro","isPartOf":{"@id":"https:\/\/medicpro.hr\/veleprodaja\/#website"},"primaryImageOfPage":{"@id":"https:\/\/medicpro.hr\/veleprodaja\/proizvod\/tens-uredaj-s-funkcijom-grijanja-protiv-menstrualnih-tegoba-beurer-em-55\/#primaryimage"},"image":{"@id":"https:\/\/medicpro.hr\/veleprodaja\/proizvod\/tens-uredaj-s-funkcijom-grijanja-protiv-menstrualnih-tegoba-beurer-em-55\/#primaryimage"},"thumbnailUrl":"https:\/\/medicpro.hr\/veleprodaja\/wp-content\/uploads\/2025\/12\/tens-uredaj-s-funkcijom-grijanja-protiv-menstrualnih-tegoba-beurer-em-55.png","datePublished":"2025-12-17T12:45:42+00:00","dateModified":"2026-04-14T07:30:07+00:00","breadcrumb":{"@id":"https:\/\/medicpro.hr\/veleprodaja\/proizvod\/tens-uredaj-s-funkcijom-grijanja-protiv-menstrualnih-tegoba-beurer-em-55\/#breadcrumb"},"inLanguage":"hr","potentialAction":[{"@type":"ReadAction","target":["https:\/\/medicpro.hr\/veleprodaja\/proizvod\/tens-uredaj-s-funkcijom-grijanja-protiv-menstrualnih-tegoba-beurer-em-55\/"]}]},{"@type":"ImageObject","inLanguage":"hr","@id":"https:\/\/medicpro.hr\/veleprodaja\/proizvod\/tens-uredaj-s-funkcijom-grijanja-protiv-menstrualnih-tegoba-beurer-em-55\/#primaryimage","url":"https:\/\/medicpro.hr\/veleprodaja\/wp-content\/uploads\/2025\/12\/tens-uredaj-s-funkcijom-grijanja-protiv-menstrualnih-tegoba-beurer-em-55.png","contentUrl":"https:\/\/medicpro.hr\/veleprodaja\/wp-content\/uploads\/2025\/12\/tens-uredaj-s-funkcijom-grijanja-protiv-menstrualnih-tegoba-beurer-em-55.png","width":1890,"height":1890,"caption":"Tens ure\u0111aj s funkcijom grijanja protiv menstrualnih tegoba Beurer EM 55"},{"@type":"BreadcrumbList","@id":"https:\/\/medicpro.hr\/veleprodaja\/proizvod\/tens-uredaj-s-funkcijom-grijanja-protiv-menstrualnih-tegoba-beurer-em-55\/#breadcrumb","itemListElement":[{"@type":"ListItem","position":1,"name":"Po\u010detna stranica","item":"https:\/\/medicpro.hr\/veleprodaja\/"},{"@type":"ListItem","position":2,"name":"Veleprodaja","item":"https:\/\/medicpro.hr\/veleprodaja\/trgovina\/"},{"@type":"ListItem","position":3,"name":"TENS ure\u0111aj s funkcijom grijanja protiv menstrualnih tegoba Beurer EM 55"}]},{"@type":"WebSite","@id":"https:\/\/medicpro.hr\/veleprodaja\/#website","url":"https:\/\/medicpro.hr\/veleprodaja\/","name":"Medicpro.hr","description":"Medicinski potro\u0161ni materijal i oprema","publisher":{"@id":"https:\/\/medicpro.hr\/veleprodaja\/#organization"},"potentialAction":[{"@type":"SearchAction","target":{"@type":"EntryPoint","urlTemplate":"https:\/\/medicpro.hr\/veleprodaja\/?s={search_term_string}"},"query-input":{"@type":"PropertyValueSpecification","valueRequired":true,"valueName":"search_term_string"}}],"inLanguage":"hr"},{"@type":"Organization","@id":"https:\/\/medicpro.hr\/veleprodaja\/#organization","name":"Medicpro d.o.o.","url":"https:\/\/medicpro.hr\/veleprodaja\/","logo":{"@type":"ImageObject","inLanguage":"hr","@id":"https:\/\/medicpro.hr\/veleprodaja\/#\/schema\/logo\/image\/","url":"https:\/\/medicpro.hr\/veleprodaja\/wp-content\/uploads\/2025\/05\/medicpro_logo.svg","contentUrl":"https:\/\/medicpro.hr\/veleprodaja\/wp-content\/uploads\/2025\/05\/medicpro_logo.svg","width":226,"height":42,"caption":"Medicpro d.o.o."},"image":{"@id":"https:\/\/medicpro.hr\/veleprodaja\/#\/schema\/logo\/image\/"}}]}},"_links":{"self":[{"href":"https:\/\/medicpro.hr\/veleprodaja\/wp-json\/wp\/v2\/product\/2060464","targetHints":{"allow":["GET"]}}],"collection":[{"href":"https:\/\/medicpro.hr\/veleprodaja\/wp-json\/wp\/v2\/product"}],"about":[{"href":"https:\/\/medicpro.hr\/veleprodaja\/wp-json\/wp\/v2\/types\/product"}],"replies":[{"embeddable":true,"href":"https:\/\/medicpro.hr\/veleprodaja\/wp-json\/wp\/v2\/comments?post=2060464"}],"wp:featuredmedia":[{"embeddable":true,"href":"https:\/\/medicpro.hr\/veleprodaja\/wp-json\/wp\/v2\/media\/2060465"}],"wp:attachment":[{"href":"https:\/\/medicpro.hr\/veleprodaja\/wp-json\/wp\/v2\/media?parent=2060464"}],"wp:term":[{"taxonomy":"product_brand","embeddable":true,"href":"https:\/\/medicpro.hr\/veleprodaja\/wp-json\/wp\/v2\/product_brand?post=2060464"},{"taxonomy":"product_cat","embeddable":true,"href":"https:\/\/medicpro.hr\/veleprodaja\/wp-json\/wp\/v2\/product_cat?post=2060464"},{"taxonomy":"product_tag","embeddable":true,"href":"https:\/\/medicpro.hr\/veleprodaja\/wp-json\/wp\/v2\/product_tag?post=2060464"}],"curies":[{"name":"wp","href":"https:\/\/api.w.org\/{rel}","templated":true}]}}