{"id":2060362,"date":"2025-11-17T11:48:35","date_gmt":"2025-11-17T10:48:35","guid":{"rendered":"https:\/\/medicpro.hr\/veleprodaja\/?post_type=product&#038;p=2060362"},"modified":"2026-04-14T09:30:05","modified_gmt":"2026-04-14T07:30:05","slug":"tekucina-za-ispiranje-ociju-focus-500-ml","status":"publish","type":"product","link":"https:\/\/medicpro.hr\/veleprodaja\/proizvod\/tekucina-za-ispiranje-ociju-focus-500-ml\/","title":{"rendered":"TEKU\u0106INA ZA ISPIRANJE O\u010cIJU Focus 500 ml"},"content":{"rendered":"<ul>\n<li>Sterilna otopina za ispiranje oka na bazi natrijevog klorida 0,9%.<\/li>\n<li>Namijenjena za <strong>brzo ispiranje i \u010di\u0161\u0107enje oka od stranih tijela poput pra\u0161ine, prljav\u0161tine i drugih sitnih \u010destica<\/strong>.<\/li>\n<li><strong>Sigurna, netoksi\u010dna i blaga za oko<\/strong>.<\/li>\n<li>Pogodna za \u010destu upotrebu u industriji, na radnom mjestu, u \u0161kolama i ku\u0107anstvu.<\/li>\n<li><strong>Poma\u017ee umiriti nadra\u017eene o\u010di do uklanjanja stranog tijela ili pru\u017eanja daljnje medicinske pomo\u0107i<\/strong>.<\/li>\n<li>Dostupna i u pakiranju od <a href=\"https:\/\/medicpro.hr\/veleprodaja\/proizvod\/tekucina-za-ispiranje-ociju-focus-250-ml\/\">250 ml<\/a>.<\/li>\n<li>U ponudi je dostupna i teku\u0107ina za <a href=\"https:\/\/medicpro.hr\/veleprodaja\/proizvod\/tekucina-za-ispiranje-ociju-focus-chemical-500-ml\/\">neutralizaciju kiselina i lu\u017eina u oku<\/a>.<\/li>\n<li>Bo\u010dica s prakti\u010dnim &#8220;twist-seal&#8221; \u010depom u obliku oka omogu\u0107ava brzo otvaranje i jednostavnu primjenu u hitnim slu\u010dajevima.<\/li>\n<li>Cijena se odnosi na pakiranje od 500 ml.<\/li>\n<\/ul>\n","protected":false},"excerpt":{"rendered":"<p>Sterilna otopina za ispiranje oka na bazi natrijevog klorida 0,9%. Namijenjena za brzo ispiranje i \u010di\u0161\u0107enje oka od stranih tijela<\/p>\n","protected":false},"featured_media":2060384,"comment_status":"open","ping_status":"closed","template":"","meta":[],"product_brand":[],"product_cat":[708,963],"product_tag":[],"class_list":{"0":"post-2060362","1":"product","2":"type-product","3":"status-publish","4":"has-post-thumbnail","6":"product_cat-prva-pomoc-i-reanimacija","7":"product_cat-tekucine-za-ispiranje-ociju","9":"first","10":"instock","11":"taxable","12":"shipping-taxable","13":"purchasable","14":"product-type-simple"},"acf":[],"yoast_head":"<!-- This site is optimized with the Yoast SEO plugin v27.3 - https:\/\/yoast.com\/product\/yoast-seo-wordpress\/ -->\n<title>TEKU\u0106INA ZA ISPIRANJE O\u010cIJU Focus 500 ml - Medicpro<\/title>\n<meta name=\"robots\" content=\"index, follow, max-snippet:-1, max-image-preview:large, max-video-preview:-1\" \/>\n<link rel=\"canonical\" href=\"https:\/\/medicpro.hr\/veleprodaja\/proizvod\/tekucina-za-ispiranje-ociju-focus-500-ml\/\" \/>\n<meta property=\"og:locale\" content=\"hr_HR\" \/>\n<meta property=\"og:type\" content=\"article\" \/>\n<meta property=\"og:title\" content=\"TEKU\u0106INA ZA ISPIRANJE O\u010cIJU Focus 500 ml - Medicpro\" \/>\n<meta property=\"og:description\" content=\"Sterilna otopina za ispiranje oka na bazi natrijevog klorida 0,9%. Namijenjena za brzo ispiranje i \u010di\u0161\u0107enje oka od stranih tijela\" \/>\n<meta property=\"og:url\" content=\"https:\/\/medicpro.hr\/veleprodaja\/proizvod\/tekucina-za-ispiranje-ociju-focus-500-ml\/\" \/>\n<meta property=\"og:site_name\" content=\"Medicpro\" \/>\n<meta property=\"article:modified_time\" content=\"2026-04-14T07:30:05+00:00\" \/>\n<meta property=\"og:image\" content=\"https:\/\/medicpro.hr\/veleprodaja\/wp-content\/uploads\/2025\/11\/tekucina-za-ispiranje-ociju-fokus-500-ml.png\" \/>\n\t<meta property=\"og:image:width\" content=\"1890\" \/>\n\t<meta property=\"og:image:height\" content=\"1890\" \/>\n\t<meta property=\"og:image:type\" content=\"image\/png\" \/>\n<meta name=\"twitter:card\" content=\"summary_large_image\" \/>\n<meta name=\"twitter:label1\" content=\"Procijenjeno vrijeme \u010ditanja\" \/>\n\t<meta name=\"twitter:data1\" content=\"1 minuta\" \/>\n<script type=\"application\/ld+json\" class=\"yoast-schema-graph\">{\"@context\":\"https:\\\/\\\/schema.org\",\"@graph\":[{\"@type\":\"WebPage\",\"@id\":\"https:\\\/\\\/medicpro.hr\\\/veleprodaja\\\/proizvod\\\/tekucina-za-ispiranje-ociju-focus-500-ml\\\/\",\"url\":\"https:\\\/\\\/medicpro.hr\\\/veleprodaja\\\/proizvod\\\/tekucina-za-ispiranje-ociju-focus-500-ml\\\/\",\"name\":\"TEKU\u0106INA ZA ISPIRANJE O\u010cIJU Focus 500 ml - Medicpro\",\"isPartOf\":{\"@id\":\"https:\\\/\\\/medicpro.hr\\\/veleprodaja\\\/#website\"},\"primaryImageOfPage\":{\"@id\":\"https:\\\/\\\/medicpro.hr\\\/veleprodaja\\\/proizvod\\\/tekucina-za-ispiranje-ociju-focus-500-ml\\\/#primaryimage\"},\"image\":{\"@id\":\"https:\\\/\\\/medicpro.hr\\\/veleprodaja\\\/proizvod\\\/tekucina-za-ispiranje-ociju-focus-500-ml\\\/#primaryimage\"},\"thumbnailUrl\":\"https:\\\/\\\/medicpro.hr\\\/veleprodaja\\\/wp-content\\\/uploads\\\/2025\\\/11\\\/tekucina-za-ispiranje-ociju-fokus-500-ml.png\",\"datePublished\":\"2025-11-17T10:48:35+00:00\",\"dateModified\":\"2026-04-14T07:30:05+00:00\",\"breadcrumb\":{\"@id\":\"https:\\\/\\\/medicpro.hr\\\/veleprodaja\\\/proizvod\\\/tekucina-za-ispiranje-ociju-focus-500-ml\\\/#breadcrumb\"},\"inLanguage\":\"hr\",\"potentialAction\":[{\"@type\":\"ReadAction\",\"target\":[\"https:\\\/\\\/medicpro.hr\\\/veleprodaja\\\/proizvod\\\/tekucina-za-ispiranje-ociju-focus-500-ml\\\/\"]}]},{\"@type\":\"ImageObject\",\"inLanguage\":\"hr\",\"@id\":\"https:\\\/\\\/medicpro.hr\\\/veleprodaja\\\/proizvod\\\/tekucina-za-ispiranje-ociju-focus-500-ml\\\/#primaryimage\",\"url\":\"https:\\\/\\\/medicpro.hr\\\/veleprodaja\\\/wp-content\\\/uploads\\\/2025\\\/11\\\/tekucina-za-ispiranje-ociju-fokus-500-ml.png\",\"contentUrl\":\"https:\\\/\\\/medicpro.hr\\\/veleprodaja\\\/wp-content\\\/uploads\\\/2025\\\/11\\\/tekucina-za-ispiranje-ociju-fokus-500-ml.png\",\"width\":1890,\"height\":1890,\"caption\":\"Teku\u0107ina za ispiranje o\u010diju Fokus 500 ml\"},{\"@type\":\"BreadcrumbList\",\"@id\":\"https:\\\/\\\/medicpro.hr\\\/veleprodaja\\\/proizvod\\\/tekucina-za-ispiranje-ociju-focus-500-ml\\\/#breadcrumb\",\"itemListElement\":[{\"@type\":\"ListItem\",\"position\":1,\"name\":\"Po\u010detna stranica\",\"item\":\"https:\\\/\\\/medicpro.hr\\\/veleprodaja\\\/\"},{\"@type\":\"ListItem\",\"position\":2,\"name\":\"Veleprodaja\",\"item\":\"https:\\\/\\\/medicpro.hr\\\/veleprodaja\\\/trgovina\\\/\"},{\"@type\":\"ListItem\",\"position\":3,\"name\":\"TEKU\u0106INA ZA ISPIRANJE O\u010cIJU Focus 500 ml\"}]},{\"@type\":\"WebSite\",\"@id\":\"https:\\\/\\\/medicpro.hr\\\/veleprodaja\\\/#website\",\"url\":\"https:\\\/\\\/medicpro.hr\\\/veleprodaja\\\/\",\"name\":\"Medicpro.hr\",\"description\":\"Medicinski potro\u0161ni materijal i oprema\",\"publisher\":{\"@id\":\"https:\\\/\\\/medicpro.hr\\\/veleprodaja\\\/#organization\"},\"potentialAction\":[{\"@type\":\"SearchAction\",\"target\":{\"@type\":\"EntryPoint\",\"urlTemplate\":\"https:\\\/\\\/medicpro.hr\\\/veleprodaja\\\/?s={search_term_string}\"},\"query-input\":{\"@type\":\"PropertyValueSpecification\",\"valueRequired\":true,\"valueName\":\"search_term_string\"}}],\"inLanguage\":\"hr\"},{\"@type\":\"Organization\",\"@id\":\"https:\\\/\\\/medicpro.hr\\\/veleprodaja\\\/#organization\",\"name\":\"Medicpro d.o.o.\",\"url\":\"https:\\\/\\\/medicpro.hr\\\/veleprodaja\\\/\",\"logo\":{\"@type\":\"ImageObject\",\"inLanguage\":\"hr\",\"@id\":\"https:\\\/\\\/medicpro.hr\\\/veleprodaja\\\/#\\\/schema\\\/logo\\\/image\\\/\",\"url\":\"https:\\\/\\\/medicpro.hr\\\/veleprodaja\\\/wp-content\\\/uploads\\\/2025\\\/05\\\/medicpro_logo.svg\",\"contentUrl\":\"https:\\\/\\\/medicpro.hr\\\/veleprodaja\\\/wp-content\\\/uploads\\\/2025\\\/05\\\/medicpro_logo.svg\",\"width\":226,\"height\":42,\"caption\":\"Medicpro d.o.o.\"},\"image\":{\"@id\":\"https:\\\/\\\/medicpro.hr\\\/veleprodaja\\\/#\\\/schema\\\/logo\\\/image\\\/\"}}]}<\/script>\n<!-- \/ Yoast SEO plugin. -->","yoast_head_json":{"title":"TEKU\u0106INA ZA ISPIRANJE O\u010cIJU Focus 500 ml - Medicpro","robots":{"index":"index","follow":"follow","max-snippet":"max-snippet:-1","max-image-preview":"max-image-preview:large","max-video-preview":"max-video-preview:-1"},"canonical":"https:\/\/medicpro.hr\/veleprodaja\/proizvod\/tekucina-za-ispiranje-ociju-focus-500-ml\/","og_locale":"hr_HR","og_type":"article","og_title":"TEKU\u0106INA ZA ISPIRANJE O\u010cIJU Focus 500 ml - Medicpro","og_description":"Sterilna otopina za ispiranje oka na bazi natrijevog klorida 0,9%. Namijenjena za brzo ispiranje i \u010di\u0161\u0107enje oka od stranih tijela","og_url":"https:\/\/medicpro.hr\/veleprodaja\/proizvod\/tekucina-za-ispiranje-ociju-focus-500-ml\/","og_site_name":"Medicpro","article_modified_time":"2026-04-14T07:30:05+00:00","og_image":[{"width":1890,"height":1890,"url":"https:\/\/medicpro.hr\/veleprodaja\/wp-content\/uploads\/2025\/11\/tekucina-za-ispiranje-ociju-fokus-500-ml.png","type":"image\/png"}],"twitter_card":"summary_large_image","twitter_misc":{"Procijenjeno vrijeme \u010ditanja":"1 minuta"},"schema":{"@context":"https:\/\/schema.org","@graph":[{"@type":"WebPage","@id":"https:\/\/medicpro.hr\/veleprodaja\/proizvod\/tekucina-za-ispiranje-ociju-focus-500-ml\/","url":"https:\/\/medicpro.hr\/veleprodaja\/proizvod\/tekucina-za-ispiranje-ociju-focus-500-ml\/","name":"TEKU\u0106INA ZA ISPIRANJE O\u010cIJU Focus 500 ml - Medicpro","isPartOf":{"@id":"https:\/\/medicpro.hr\/veleprodaja\/#website"},"primaryImageOfPage":{"@id":"https:\/\/medicpro.hr\/veleprodaja\/proizvod\/tekucina-za-ispiranje-ociju-focus-500-ml\/#primaryimage"},"image":{"@id":"https:\/\/medicpro.hr\/veleprodaja\/proizvod\/tekucina-za-ispiranje-ociju-focus-500-ml\/#primaryimage"},"thumbnailUrl":"https:\/\/medicpro.hr\/veleprodaja\/wp-content\/uploads\/2025\/11\/tekucina-za-ispiranje-ociju-fokus-500-ml.png","datePublished":"2025-11-17T10:48:35+00:00","dateModified":"2026-04-14T07:30:05+00:00","breadcrumb":{"@id":"https:\/\/medicpro.hr\/veleprodaja\/proizvod\/tekucina-za-ispiranje-ociju-focus-500-ml\/#breadcrumb"},"inLanguage":"hr","potentialAction":[{"@type":"ReadAction","target":["https:\/\/medicpro.hr\/veleprodaja\/proizvod\/tekucina-za-ispiranje-ociju-focus-500-ml\/"]}]},{"@type":"ImageObject","inLanguage":"hr","@id":"https:\/\/medicpro.hr\/veleprodaja\/proizvod\/tekucina-za-ispiranje-ociju-focus-500-ml\/#primaryimage","url":"https:\/\/medicpro.hr\/veleprodaja\/wp-content\/uploads\/2025\/11\/tekucina-za-ispiranje-ociju-fokus-500-ml.png","contentUrl":"https:\/\/medicpro.hr\/veleprodaja\/wp-content\/uploads\/2025\/11\/tekucina-za-ispiranje-ociju-fokus-500-ml.png","width":1890,"height":1890,"caption":"Teku\u0107ina za ispiranje o\u010diju Fokus 500 ml"},{"@type":"BreadcrumbList","@id":"https:\/\/medicpro.hr\/veleprodaja\/proizvod\/tekucina-za-ispiranje-ociju-focus-500-ml\/#breadcrumb","itemListElement":[{"@type":"ListItem","position":1,"name":"Po\u010detna stranica","item":"https:\/\/medicpro.hr\/veleprodaja\/"},{"@type":"ListItem","position":2,"name":"Veleprodaja","item":"https:\/\/medicpro.hr\/veleprodaja\/trgovina\/"},{"@type":"ListItem","position":3,"name":"TEKU\u0106INA ZA ISPIRANJE O\u010cIJU Focus 500 ml"}]},{"@type":"WebSite","@id":"https:\/\/medicpro.hr\/veleprodaja\/#website","url":"https:\/\/medicpro.hr\/veleprodaja\/","name":"Medicpro.hr","description":"Medicinski potro\u0161ni materijal i oprema","publisher":{"@id":"https:\/\/medicpro.hr\/veleprodaja\/#organization"},"potentialAction":[{"@type":"SearchAction","target":{"@type":"EntryPoint","urlTemplate":"https:\/\/medicpro.hr\/veleprodaja\/?s={search_term_string}"},"query-input":{"@type":"PropertyValueSpecification","valueRequired":true,"valueName":"search_term_string"}}],"inLanguage":"hr"},{"@type":"Organization","@id":"https:\/\/medicpro.hr\/veleprodaja\/#organization","name":"Medicpro d.o.o.","url":"https:\/\/medicpro.hr\/veleprodaja\/","logo":{"@type":"ImageObject","inLanguage":"hr","@id":"https:\/\/medicpro.hr\/veleprodaja\/#\/schema\/logo\/image\/","url":"https:\/\/medicpro.hr\/veleprodaja\/wp-content\/uploads\/2025\/05\/medicpro_logo.svg","contentUrl":"https:\/\/medicpro.hr\/veleprodaja\/wp-content\/uploads\/2025\/05\/medicpro_logo.svg","width":226,"height":42,"caption":"Medicpro d.o.o."},"image":{"@id":"https:\/\/medicpro.hr\/veleprodaja\/#\/schema\/logo\/image\/"}}]}},"_links":{"self":[{"href":"https:\/\/medicpro.hr\/veleprodaja\/wp-json\/wp\/v2\/product\/2060362","targetHints":{"allow":["GET"]}}],"collection":[{"href":"https:\/\/medicpro.hr\/veleprodaja\/wp-json\/wp\/v2\/product"}],"about":[{"href":"https:\/\/medicpro.hr\/veleprodaja\/wp-json\/wp\/v2\/types\/product"}],"replies":[{"embeddable":true,"href":"https:\/\/medicpro.hr\/veleprodaja\/wp-json\/wp\/v2\/comments?post=2060362"}],"wp:featuredmedia":[{"embeddable":true,"href":"https:\/\/medicpro.hr\/veleprodaja\/wp-json\/wp\/v2\/media\/2060384"}],"wp:attachment":[{"href":"https:\/\/medicpro.hr\/veleprodaja\/wp-json\/wp\/v2\/media?parent=2060362"}],"wp:term":[{"taxonomy":"product_brand","embeddable":true,"href":"https:\/\/medicpro.hr\/veleprodaja\/wp-json\/wp\/v2\/product_brand?post=2060362"},{"taxonomy":"product_cat","embeddable":true,"href":"https:\/\/medicpro.hr\/veleprodaja\/wp-json\/wp\/v2\/product_cat?post=2060362"},{"taxonomy":"product_tag","embeddable":true,"href":"https:\/\/medicpro.hr\/veleprodaja\/wp-json\/wp\/v2\/product_tag?post=2060362"}],"curies":[{"name":"wp","href":"https:\/\/api.w.org\/{rel}","templated":true}]}}