{"id":2059948,"date":"2025-09-23T10:39:22","date_gmt":"2025-09-23T08:39:22","guid":{"rendered":"https:\/\/medicpro.hr\/veleprodaja\/?post_type=product&#038;p=2059948"},"modified":"2026-04-14T09:30:07","modified_gmt":"2026-04-14T07:30:07","slug":"torbica-za-cuvanje-inzulina-g","status":"publish","type":"product","link":"https:\/\/medicpro.hr\/veleprodaja\/proizvod\/torbica-za-cuvanje-inzulina-g\/","title":{"rendered":"TORBICA ZA \u010cUVANJE INZULINA, G"},"content":{"rendered":"<ul>\n<li><strong>Torbica ima sitne povr\u0161inske tragove oksidacije na metalnim drukerima\/gelu za hla\u0111enje. <\/strong><\/li>\n<li><strong>Navedeno ne utje\u010de na funkcionalnost ni \u010duvanje inzulina, a prikazano je na fotografijama u galeriji.<\/strong><\/li>\n<li><strong>Akcija vrijedi do isteka zaliha.<\/strong><\/li>\n<\/ul>\n<p>&nbsp;<\/p>\n<ul>\n<li>Torbica za\u00a0<strong>sigurno i efikasno \u010duvanje<\/strong>\u00a0i preno\u0161enje inzulina.<\/li>\n<li><strong>Torbica za hla\u0111enje inzulina<\/strong>\u00a0i odr\u017eavanje inzulina na temperaturi pogodnoj za sigurno kori\u0161tenje.<\/li>\n<li><strong>Izra\u0111ena od visokokvalitetnog izolacijskog materijala<\/strong>.<\/li>\n<li>Vodootporni patentni zatvara\u010di.<\/li>\n<li>Unutarnji mali d\u017eep od najlona s patentnim zatvara\u010dem pogodan za spremanje igala.<\/li>\n<li><strong>\u0160titi inzulin od temperature i svjetlosti<\/strong>.<\/li>\n<li>Dimenzije: 12 x 6,50 x 20 cm<\/li>\n<li><strong>U pakiranju se nalazi i gel jastu\u010di\u0107 za vi\u0161ekratnu upotrebu<\/strong>.<\/li>\n<li>Sadr\u017ei uklonjivi unutarnji panel za pohranu 5 inzulinskih penova i elasti\u010dne trake za dr\u017eanje 3 male bo\u010dice inzulina.<\/li>\n<li>U torbici se tako\u0111er nalazi pamu\u010dna za\u0161titna navlaka za gel jastu\u010di\u0107.<\/li>\n<li>Uklonjivi i podesivi remen za no\u0161enje torbice preko ramena.<\/li>\n<\/ul>\n","protected":false},"excerpt":{"rendered":"<p>Torbica ima sitne povr\u0161inske tragove oksidacije na metalnim drukerima\/gelu za hla\u0111enje. Navedeno ne utje\u010de na funkcionalnost ni \u010duvanje inzulina, a<\/p>\n","protected":false},"featured_media":2059952,"comment_status":"open","ping_status":"closed","template":"","meta":[],"product_brand":[],"product_cat":[702,703,715,716],"product_tag":[],"class_list":{"0":"post-2059948","1":"product","2":"type-product","3":"status-publish","4":"has-post-thumbnail","6":"product_cat-dijagnostika","7":"product_cat-trake-i-sredstva-za-dijagnostiku","8":"product_cat-oprema-za-ordinacije","9":"product_cat-ostala-oprema-za-ordinacije","11":"first","12":"instock","13":"sale","14":"taxable","15":"shipping-taxable","16":"purchasable","17":"product-type-simple"},"acf":[],"yoast_head":"<!-- This site is optimized with the Yoast SEO plugin v27.3 - https:\/\/yoast.com\/product\/yoast-seo-wordpress\/ -->\n<title>TORBICA ZA \u010cUVANJE INZULINA, G - Medicpro<\/title>\n<meta name=\"robots\" content=\"index, follow, max-snippet:-1, max-image-preview:large, max-video-preview:-1\" \/>\n<link rel=\"canonical\" href=\"https:\/\/medicpro.hr\/veleprodaja\/proizvod\/torbica-za-cuvanje-inzulina-g\/\" \/>\n<meta property=\"og:locale\" content=\"hr_HR\" \/>\n<meta property=\"og:type\" content=\"article\" \/>\n<meta property=\"og:title\" content=\"TORBICA ZA \u010cUVANJE INZULINA, G - Medicpro\" \/>\n<meta property=\"og:description\" content=\"Torbica ima sitne povr\u0161inske tragove oksidacije na metalnim drukerima\/gelu za hla\u0111enje. Navedeno ne utje\u010de na funkcionalnost ni \u010duvanje inzulina, a\" \/>\n<meta property=\"og:url\" content=\"https:\/\/medicpro.hr\/veleprodaja\/proizvod\/torbica-za-cuvanje-inzulina-g\/\" \/>\n<meta property=\"og:site_name\" content=\"Medicpro\" \/>\n<meta property=\"article:modified_time\" content=\"2026-04-14T07:30:07+00:00\" \/>\n<meta property=\"og:image\" content=\"https:\/\/medicpro.hr\/veleprodaja\/wp-content\/uploads\/2025\/09\/torbica-za-cuvanje-inzulina-G-2.jpg\" \/>\n\t<meta property=\"og:image:width\" content=\"1000\" \/>\n\t<meta property=\"og:image:height\" content=\"1000\" \/>\n\t<meta property=\"og:image:type\" content=\"image\/jpeg\" \/>\n<meta name=\"twitter:card\" content=\"summary_large_image\" \/>\n<meta name=\"twitter:label1\" content=\"Procijenjeno vrijeme \u010ditanja\" \/>\n\t<meta name=\"twitter:data1\" content=\"1 minuta\" \/>\n<script type=\"application\/ld+json\" class=\"yoast-schema-graph\">{\"@context\":\"https:\\\/\\\/schema.org\",\"@graph\":[{\"@type\":\"WebPage\",\"@id\":\"https:\\\/\\\/medicpro.hr\\\/veleprodaja\\\/proizvod\\\/torbica-za-cuvanje-inzulina-g\\\/\",\"url\":\"https:\\\/\\\/medicpro.hr\\\/veleprodaja\\\/proizvod\\\/torbica-za-cuvanje-inzulina-g\\\/\",\"name\":\"TORBICA ZA \u010cUVANJE INZULINA, G - Medicpro\",\"isPartOf\":{\"@id\":\"https:\\\/\\\/medicpro.hr\\\/veleprodaja\\\/#website\"},\"primaryImageOfPage\":{\"@id\":\"https:\\\/\\\/medicpro.hr\\\/veleprodaja\\\/proizvod\\\/torbica-za-cuvanje-inzulina-g\\\/#primaryimage\"},\"image\":{\"@id\":\"https:\\\/\\\/medicpro.hr\\\/veleprodaja\\\/proizvod\\\/torbica-za-cuvanje-inzulina-g\\\/#primaryimage\"},\"thumbnailUrl\":\"https:\\\/\\\/medicpro.hr\\\/veleprodaja\\\/wp-content\\\/uploads\\\/2025\\\/09\\\/torbica-za-cuvanje-inzulina-G-2.jpg\",\"datePublished\":\"2025-09-23T08:39:22+00:00\",\"dateModified\":\"2026-04-14T07:30:07+00:00\",\"breadcrumb\":{\"@id\":\"https:\\\/\\\/medicpro.hr\\\/veleprodaja\\\/proizvod\\\/torbica-za-cuvanje-inzulina-g\\\/#breadcrumb\"},\"inLanguage\":\"hr\",\"potentialAction\":[{\"@type\":\"ReadAction\",\"target\":[\"https:\\\/\\\/medicpro.hr\\\/veleprodaja\\\/proizvod\\\/torbica-za-cuvanje-inzulina-g\\\/\"]}]},{\"@type\":\"ImageObject\",\"inLanguage\":\"hr\",\"@id\":\"https:\\\/\\\/medicpro.hr\\\/veleprodaja\\\/proizvod\\\/torbica-za-cuvanje-inzulina-g\\\/#primaryimage\",\"url\":\"https:\\\/\\\/medicpro.hr\\\/veleprodaja\\\/wp-content\\\/uploads\\\/2025\\\/09\\\/torbica-za-cuvanje-inzulina-G-2.jpg\",\"contentUrl\":\"https:\\\/\\\/medicpro.hr\\\/veleprodaja\\\/wp-content\\\/uploads\\\/2025\\\/09\\\/torbica-za-cuvanje-inzulina-G-2.jpg\",\"width\":1000,\"height\":1000,\"caption\":\"torbica za \u010duvanje inzulina\"},{\"@type\":\"BreadcrumbList\",\"@id\":\"https:\\\/\\\/medicpro.hr\\\/veleprodaja\\\/proizvod\\\/torbica-za-cuvanje-inzulina-g\\\/#breadcrumb\",\"itemListElement\":[{\"@type\":\"ListItem\",\"position\":1,\"name\":\"Po\u010detna stranica\",\"item\":\"https:\\\/\\\/medicpro.hr\\\/veleprodaja\\\/\"},{\"@type\":\"ListItem\",\"position\":2,\"name\":\"Veleprodaja\",\"item\":\"https:\\\/\\\/medicpro.hr\\\/veleprodaja\\\/trgovina\\\/\"},{\"@type\":\"ListItem\",\"position\":3,\"name\":\"TORBICA ZA \u010cUVANJE INZULINA, G\"}]},{\"@type\":\"WebSite\",\"@id\":\"https:\\\/\\\/medicpro.hr\\\/veleprodaja\\\/#website\",\"url\":\"https:\\\/\\\/medicpro.hr\\\/veleprodaja\\\/\",\"name\":\"Medicpro.hr\",\"description\":\"Medicinski potro\u0161ni materijal i oprema\",\"publisher\":{\"@id\":\"https:\\\/\\\/medicpro.hr\\\/veleprodaja\\\/#organization\"},\"potentialAction\":[{\"@type\":\"SearchAction\",\"target\":{\"@type\":\"EntryPoint\",\"urlTemplate\":\"https:\\\/\\\/medicpro.hr\\\/veleprodaja\\\/?s={search_term_string}\"},\"query-input\":{\"@type\":\"PropertyValueSpecification\",\"valueRequired\":true,\"valueName\":\"search_term_string\"}}],\"inLanguage\":\"hr\"},{\"@type\":\"Organization\",\"@id\":\"https:\\\/\\\/medicpro.hr\\\/veleprodaja\\\/#organization\",\"name\":\"Medicpro d.o.o.\",\"url\":\"https:\\\/\\\/medicpro.hr\\\/veleprodaja\\\/\",\"logo\":{\"@type\":\"ImageObject\",\"inLanguage\":\"hr\",\"@id\":\"https:\\\/\\\/medicpro.hr\\\/veleprodaja\\\/#\\\/schema\\\/logo\\\/image\\\/\",\"url\":\"https:\\\/\\\/medicpro.hr\\\/veleprodaja\\\/wp-content\\\/uploads\\\/2025\\\/05\\\/medicpro_logo.svg\",\"contentUrl\":\"https:\\\/\\\/medicpro.hr\\\/veleprodaja\\\/wp-content\\\/uploads\\\/2025\\\/05\\\/medicpro_logo.svg\",\"width\":226,\"height\":42,\"caption\":\"Medicpro d.o.o.\"},\"image\":{\"@id\":\"https:\\\/\\\/medicpro.hr\\\/veleprodaja\\\/#\\\/schema\\\/logo\\\/image\\\/\"}}]}<\/script>\n<!-- \/ Yoast SEO plugin. -->","yoast_head_json":{"title":"TORBICA ZA \u010cUVANJE INZULINA, G - Medicpro","robots":{"index":"index","follow":"follow","max-snippet":"max-snippet:-1","max-image-preview":"max-image-preview:large","max-video-preview":"max-video-preview:-1"},"canonical":"https:\/\/medicpro.hr\/veleprodaja\/proizvod\/torbica-za-cuvanje-inzulina-g\/","og_locale":"hr_HR","og_type":"article","og_title":"TORBICA ZA \u010cUVANJE INZULINA, G - Medicpro","og_description":"Torbica ima sitne povr\u0161inske tragove oksidacije na metalnim drukerima\/gelu za hla\u0111enje. Navedeno ne utje\u010de na funkcionalnost ni \u010duvanje inzulina, a","og_url":"https:\/\/medicpro.hr\/veleprodaja\/proizvod\/torbica-za-cuvanje-inzulina-g\/","og_site_name":"Medicpro","article_modified_time":"2026-04-14T07:30:07+00:00","og_image":[{"width":1000,"height":1000,"url":"https:\/\/medicpro.hr\/veleprodaja\/wp-content\/uploads\/2025\/09\/torbica-za-cuvanje-inzulina-G-2.jpg","type":"image\/jpeg"}],"twitter_card":"summary_large_image","twitter_misc":{"Procijenjeno vrijeme \u010ditanja":"1 minuta"},"schema":{"@context":"https:\/\/schema.org","@graph":[{"@type":"WebPage","@id":"https:\/\/medicpro.hr\/veleprodaja\/proizvod\/torbica-za-cuvanje-inzulina-g\/","url":"https:\/\/medicpro.hr\/veleprodaja\/proizvod\/torbica-za-cuvanje-inzulina-g\/","name":"TORBICA ZA \u010cUVANJE INZULINA, G - Medicpro","isPartOf":{"@id":"https:\/\/medicpro.hr\/veleprodaja\/#website"},"primaryImageOfPage":{"@id":"https:\/\/medicpro.hr\/veleprodaja\/proizvod\/torbica-za-cuvanje-inzulina-g\/#primaryimage"},"image":{"@id":"https:\/\/medicpro.hr\/veleprodaja\/proizvod\/torbica-za-cuvanje-inzulina-g\/#primaryimage"},"thumbnailUrl":"https:\/\/medicpro.hr\/veleprodaja\/wp-content\/uploads\/2025\/09\/torbica-za-cuvanje-inzulina-G-2.jpg","datePublished":"2025-09-23T08:39:22+00:00","dateModified":"2026-04-14T07:30:07+00:00","breadcrumb":{"@id":"https:\/\/medicpro.hr\/veleprodaja\/proizvod\/torbica-za-cuvanje-inzulina-g\/#breadcrumb"},"inLanguage":"hr","potentialAction":[{"@type":"ReadAction","target":["https:\/\/medicpro.hr\/veleprodaja\/proizvod\/torbica-za-cuvanje-inzulina-g\/"]}]},{"@type":"ImageObject","inLanguage":"hr","@id":"https:\/\/medicpro.hr\/veleprodaja\/proizvod\/torbica-za-cuvanje-inzulina-g\/#primaryimage","url":"https:\/\/medicpro.hr\/veleprodaja\/wp-content\/uploads\/2025\/09\/torbica-za-cuvanje-inzulina-G-2.jpg","contentUrl":"https:\/\/medicpro.hr\/veleprodaja\/wp-content\/uploads\/2025\/09\/torbica-za-cuvanje-inzulina-G-2.jpg","width":1000,"height":1000,"caption":"torbica za \u010duvanje inzulina"},{"@type":"BreadcrumbList","@id":"https:\/\/medicpro.hr\/veleprodaja\/proizvod\/torbica-za-cuvanje-inzulina-g\/#breadcrumb","itemListElement":[{"@type":"ListItem","position":1,"name":"Po\u010detna stranica","item":"https:\/\/medicpro.hr\/veleprodaja\/"},{"@type":"ListItem","position":2,"name":"Veleprodaja","item":"https:\/\/medicpro.hr\/veleprodaja\/trgovina\/"},{"@type":"ListItem","position":3,"name":"TORBICA ZA \u010cUVANJE INZULINA, G"}]},{"@type":"WebSite","@id":"https:\/\/medicpro.hr\/veleprodaja\/#website","url":"https:\/\/medicpro.hr\/veleprodaja\/","name":"Medicpro.hr","description":"Medicinski potro\u0161ni materijal i oprema","publisher":{"@id":"https:\/\/medicpro.hr\/veleprodaja\/#organization"},"potentialAction":[{"@type":"SearchAction","target":{"@type":"EntryPoint","urlTemplate":"https:\/\/medicpro.hr\/veleprodaja\/?s={search_term_string}"},"query-input":{"@type":"PropertyValueSpecification","valueRequired":true,"valueName":"search_term_string"}}],"inLanguage":"hr"},{"@type":"Organization","@id":"https:\/\/medicpro.hr\/veleprodaja\/#organization","name":"Medicpro d.o.o.","url":"https:\/\/medicpro.hr\/veleprodaja\/","logo":{"@type":"ImageObject","inLanguage":"hr","@id":"https:\/\/medicpro.hr\/veleprodaja\/#\/schema\/logo\/image\/","url":"https:\/\/medicpro.hr\/veleprodaja\/wp-content\/uploads\/2025\/05\/medicpro_logo.svg","contentUrl":"https:\/\/medicpro.hr\/veleprodaja\/wp-content\/uploads\/2025\/05\/medicpro_logo.svg","width":226,"height":42,"caption":"Medicpro d.o.o."},"image":{"@id":"https:\/\/medicpro.hr\/veleprodaja\/#\/schema\/logo\/image\/"}}]}},"_links":{"self":[{"href":"https:\/\/medicpro.hr\/veleprodaja\/wp-json\/wp\/v2\/product\/2059948","targetHints":{"allow":["GET"]}}],"collection":[{"href":"https:\/\/medicpro.hr\/veleprodaja\/wp-json\/wp\/v2\/product"}],"about":[{"href":"https:\/\/medicpro.hr\/veleprodaja\/wp-json\/wp\/v2\/types\/product"}],"replies":[{"embeddable":true,"href":"https:\/\/medicpro.hr\/veleprodaja\/wp-json\/wp\/v2\/comments?post=2059948"}],"wp:featuredmedia":[{"embeddable":true,"href":"https:\/\/medicpro.hr\/veleprodaja\/wp-json\/wp\/v2\/media\/2059952"}],"wp:attachment":[{"href":"https:\/\/medicpro.hr\/veleprodaja\/wp-json\/wp\/v2\/media?parent=2059948"}],"wp:term":[{"taxonomy":"product_brand","embeddable":true,"href":"https:\/\/medicpro.hr\/veleprodaja\/wp-json\/wp\/v2\/product_brand?post=2059948"},{"taxonomy":"product_cat","embeddable":true,"href":"https:\/\/medicpro.hr\/veleprodaja\/wp-json\/wp\/v2\/product_cat?post=2059948"},{"taxonomy":"product_tag","embeddable":true,"href":"https:\/\/medicpro.hr\/veleprodaja\/wp-json\/wp\/v2\/product_tag?post=2059948"}],"curies":[{"name":"wp","href":"https:\/\/api.w.org\/{rel}","templated":true}]}}