{"id":2059892,"date":"2025-09-16T14:34:12","date_gmt":"2025-09-16T12:34:12","guid":{"rendered":"https:\/\/medicpro.hr\/veleprodaja\/?post_type=product&#038;p=2059892"},"modified":"2026-01-29T09:49:33","modified_gmt":"2026-01-29T08:49:33","slug":"inj-igla-safety-08x40-21g-zelena-a100-sm","status":"publish","type":"product","link":"https:\/\/medicpro.hr\/veleprodaja\/proizvod\/inj-igla-safety-08x40-21g-zelena-a100-sm\/","title":{"rendered":"INJ. IGLA SAFETY 0,8&#215;40 21G ZELENA a\u00b4100 SM"},"content":{"rendered":"<ul>\n<li>Sigurnosne injekcijske igle veli\u010dine 21G (Gauge) zelene boje.<\/li>\n<li>Sadr\u017ei sigurnosni \u0161titnik za za\u0161titu od uboda.<\/li>\n<li>Dvije metode aktivacije sigurnosnog \u0161titnika: pritiskom na tvrdu povr\u0161inu ili palcem \u2013 jednostavno jednom rukom.<\/li>\n<li>Du\u017eina igle iznosi 12,5 mm, dok je promjer 0,4 mm.<\/li>\n<li>Igle su kompatibilne sa \u0161pricama svih dimenzija koje imaju luer-slip i luer-lock nastavak.<\/li>\n<li>Lako ih se raspoznaje jer su kodirane razli\u010ditim bojama po internacionalnim standardima za raspoznavanje medicinskih instrumenata.<\/li>\n<li>Svaka igla je sterilna i zasebno zapakirana.<\/li>\n<li>Za jednokratnu upotrebu.<\/li>\n<li>Cijena se odnosi na pakiranje od 100 komada.<\/li>\n<\/ul>\n","protected":false},"excerpt":{"rendered":"<p>Sigurnosne injekcijske igle veli\u010dine 21G (Gauge) zelene boje. Sadr\u017ei sigurnosni \u0161titnik za za\u0161titu od uboda. Dvije metode aktivacije sigurnosnog \u0161titnika:<\/p>\n","protected":false},"featured_media":2060332,"comment_status":"open","ping_status":"closed","template":"","meta":[],"product_brand":[],"product_cat":[720,763],"product_tag":[],"class_list":{"0":"post-2059892","1":"product","2":"type-product","3":"status-publish","4":"has-post-thumbnail","6":"product_cat-injekcijski-materijal","7":"product_cat-injekcijske-igle","9":"first","10":"onbackorder","11":"taxable","12":"shipping-taxable","13":"purchasable","14":"product-type-simple"},"acf":[],"yoast_head":"<!-- This site is optimized with the Yoast SEO plugin v27.3 - https:\/\/yoast.com\/product\/yoast-seo-wordpress\/ -->\n<title>INJ. IGLA SAFETY 0,8x40 21G ZELENA a\u00b4100 SM - Medicpro<\/title>\n<meta name=\"robots\" content=\"index, follow, max-snippet:-1, max-image-preview:large, max-video-preview:-1\" \/>\n<link rel=\"canonical\" href=\"https:\/\/medicpro.hr\/veleprodaja\/proizvod\/inj-igla-safety-08x40-21g-zelena-a100-sm\/\" \/>\n<meta property=\"og:locale\" content=\"hr_HR\" \/>\n<meta property=\"og:type\" content=\"article\" \/>\n<meta property=\"og:title\" content=\"INJ. IGLA SAFETY 0,8x40 21G ZELENA a\u00b4100 SM - Medicpro\" \/>\n<meta property=\"og:description\" content=\"Sigurnosne injekcijske igle veli\u010dine 21G (Gauge) zelene boje. Sadr\u017ei sigurnosni \u0161titnik za za\u0161titu od uboda. Dvije metode aktivacije sigurnosnog \u0161titnika:\" \/>\n<meta property=\"og:url\" content=\"https:\/\/medicpro.hr\/veleprodaja\/proizvod\/inj-igla-safety-08x40-21g-zelena-a100-sm\/\" \/>\n<meta property=\"og:site_name\" content=\"Medicpro\" \/>\n<meta property=\"article:modified_time\" content=\"2026-01-29T08:49:33+00:00\" \/>\n<meta property=\"og:image\" content=\"https:\/\/medicpro.hr\/veleprodaja\/wp-content\/uploads\/2025\/09\/INJ-IGLA-SAFETY-08x40-21G-ZELENA-a\u00b4100-SM-2.jpg\" \/>\n\t<meta property=\"og:image:width\" content=\"1000\" \/>\n\t<meta property=\"og:image:height\" content=\"1000\" \/>\n\t<meta property=\"og:image:type\" content=\"image\/jpeg\" \/>\n<meta name=\"twitter:card\" content=\"summary_large_image\" \/>\n<meta name=\"twitter:label1\" content=\"Procijenjeno vrijeme \u010ditanja\" \/>\n\t<meta name=\"twitter:data1\" content=\"1 minuta\" \/>\n<script type=\"application\/ld+json\" class=\"yoast-schema-graph\">{\"@context\":\"https:\\\/\\\/schema.org\",\"@graph\":[{\"@type\":\"WebPage\",\"@id\":\"https:\\\/\\\/medicpro.hr\\\/veleprodaja\\\/proizvod\\\/inj-igla-safety-08x40-21g-zelena-a100-sm\\\/\",\"url\":\"https:\\\/\\\/medicpro.hr\\\/veleprodaja\\\/proizvod\\\/inj-igla-safety-08x40-21g-zelena-a100-sm\\\/\",\"name\":\"INJ. IGLA SAFETY 0,8x40 21G ZELENA a\u00b4100 SM - Medicpro\",\"isPartOf\":{\"@id\":\"https:\\\/\\\/medicpro.hr\\\/veleprodaja\\\/#website\"},\"primaryImageOfPage\":{\"@id\":\"https:\\\/\\\/medicpro.hr\\\/veleprodaja\\\/proizvod\\\/inj-igla-safety-08x40-21g-zelena-a100-sm\\\/#primaryimage\"},\"image\":{\"@id\":\"https:\\\/\\\/medicpro.hr\\\/veleprodaja\\\/proizvod\\\/inj-igla-safety-08x40-21g-zelena-a100-sm\\\/#primaryimage\"},\"thumbnailUrl\":\"https:\\\/\\\/medicpro.hr\\\/veleprodaja\\\/wp-content\\\/uploads\\\/2025\\\/09\\\/INJ-IGLA-SAFETY-08x40-21G-ZELENA-a\u00b4100-SM-2.jpg\",\"datePublished\":\"2025-09-16T12:34:12+00:00\",\"dateModified\":\"2026-01-29T08:49:33+00:00\",\"breadcrumb\":{\"@id\":\"https:\\\/\\\/medicpro.hr\\\/veleprodaja\\\/proizvod\\\/inj-igla-safety-08x40-21g-zelena-a100-sm\\\/#breadcrumb\"},\"inLanguage\":\"hr\",\"potentialAction\":[{\"@type\":\"ReadAction\",\"target\":[\"https:\\\/\\\/medicpro.hr\\\/veleprodaja\\\/proizvod\\\/inj-igla-safety-08x40-21g-zelena-a100-sm\\\/\"]}]},{\"@type\":\"ImageObject\",\"inLanguage\":\"hr\",\"@id\":\"https:\\\/\\\/medicpro.hr\\\/veleprodaja\\\/proizvod\\\/inj-igla-safety-08x40-21g-zelena-a100-sm\\\/#primaryimage\",\"url\":\"https:\\\/\\\/medicpro.hr\\\/veleprodaja\\\/wp-content\\\/uploads\\\/2025\\\/09\\\/INJ-IGLA-SAFETY-08x40-21G-ZELENA-a\u00b4100-SM-2.jpg\",\"contentUrl\":\"https:\\\/\\\/medicpro.hr\\\/veleprodaja\\\/wp-content\\\/uploads\\\/2025\\\/09\\\/INJ-IGLA-SAFETY-08x40-21G-ZELENA-a\u00b4100-SM-2.jpg\",\"width\":1000,\"height\":1000,\"caption\":\"INJ-IGLA-SAFETY-0,8x40-21G-ZELENA-a\u00b4100-SM\"},{\"@type\":\"BreadcrumbList\",\"@id\":\"https:\\\/\\\/medicpro.hr\\\/veleprodaja\\\/proizvod\\\/inj-igla-safety-08x40-21g-zelena-a100-sm\\\/#breadcrumb\",\"itemListElement\":[{\"@type\":\"ListItem\",\"position\":1,\"name\":\"Po\u010detna stranica\",\"item\":\"https:\\\/\\\/medicpro.hr\\\/veleprodaja\\\/\"},{\"@type\":\"ListItem\",\"position\":2,\"name\":\"Veleprodaja\",\"item\":\"https:\\\/\\\/medicpro.hr\\\/veleprodaja\\\/trgovina\\\/\"},{\"@type\":\"ListItem\",\"position\":3,\"name\":\"INJ. IGLA SAFETY 0,8&#215;40 21G ZELENA a\u00b4100 SM\"}]},{\"@type\":\"WebSite\",\"@id\":\"https:\\\/\\\/medicpro.hr\\\/veleprodaja\\\/#website\",\"url\":\"https:\\\/\\\/medicpro.hr\\\/veleprodaja\\\/\",\"name\":\"Medicpro.hr\",\"description\":\"Medicinski potro\u0161ni materijal i oprema\",\"publisher\":{\"@id\":\"https:\\\/\\\/medicpro.hr\\\/veleprodaja\\\/#organization\"},\"potentialAction\":[{\"@type\":\"SearchAction\",\"target\":{\"@type\":\"EntryPoint\",\"urlTemplate\":\"https:\\\/\\\/medicpro.hr\\\/veleprodaja\\\/?s={search_term_string}\"},\"query-input\":{\"@type\":\"PropertyValueSpecification\",\"valueRequired\":true,\"valueName\":\"search_term_string\"}}],\"inLanguage\":\"hr\"},{\"@type\":\"Organization\",\"@id\":\"https:\\\/\\\/medicpro.hr\\\/veleprodaja\\\/#organization\",\"name\":\"Medicpro d.o.o.\",\"url\":\"https:\\\/\\\/medicpro.hr\\\/veleprodaja\\\/\",\"logo\":{\"@type\":\"ImageObject\",\"inLanguage\":\"hr\",\"@id\":\"https:\\\/\\\/medicpro.hr\\\/veleprodaja\\\/#\\\/schema\\\/logo\\\/image\\\/\",\"url\":\"https:\\\/\\\/medicpro.hr\\\/veleprodaja\\\/wp-content\\\/uploads\\\/2025\\\/05\\\/medicpro_logo.svg\",\"contentUrl\":\"https:\\\/\\\/medicpro.hr\\\/veleprodaja\\\/wp-content\\\/uploads\\\/2025\\\/05\\\/medicpro_logo.svg\",\"width\":226,\"height\":42,\"caption\":\"Medicpro d.o.o.\"},\"image\":{\"@id\":\"https:\\\/\\\/medicpro.hr\\\/veleprodaja\\\/#\\\/schema\\\/logo\\\/image\\\/\"}}]}<\/script>\n<!-- \/ Yoast SEO plugin. -->","yoast_head_json":{"title":"INJ. IGLA SAFETY 0,8x40 21G ZELENA a\u00b4100 SM - Medicpro","robots":{"index":"index","follow":"follow","max-snippet":"max-snippet:-1","max-image-preview":"max-image-preview:large","max-video-preview":"max-video-preview:-1"},"canonical":"https:\/\/medicpro.hr\/veleprodaja\/proizvod\/inj-igla-safety-08x40-21g-zelena-a100-sm\/","og_locale":"hr_HR","og_type":"article","og_title":"INJ. IGLA SAFETY 0,8x40 21G ZELENA a\u00b4100 SM - Medicpro","og_description":"Sigurnosne injekcijske igle veli\u010dine 21G (Gauge) zelene boje. Sadr\u017ei sigurnosni \u0161titnik za za\u0161titu od uboda. Dvije metode aktivacije sigurnosnog \u0161titnika:","og_url":"https:\/\/medicpro.hr\/veleprodaja\/proizvod\/inj-igla-safety-08x40-21g-zelena-a100-sm\/","og_site_name":"Medicpro","article_modified_time":"2026-01-29T08:49:33+00:00","og_image":[{"width":1000,"height":1000,"url":"https:\/\/medicpro.hr\/veleprodaja\/wp-content\/uploads\/2025\/09\/INJ-IGLA-SAFETY-08x40-21G-ZELENA-a\u00b4100-SM-2.jpg","type":"image\/jpeg"}],"twitter_card":"summary_large_image","twitter_misc":{"Procijenjeno vrijeme \u010ditanja":"1 minuta"},"schema":{"@context":"https:\/\/schema.org","@graph":[{"@type":"WebPage","@id":"https:\/\/medicpro.hr\/veleprodaja\/proizvod\/inj-igla-safety-08x40-21g-zelena-a100-sm\/","url":"https:\/\/medicpro.hr\/veleprodaja\/proizvod\/inj-igla-safety-08x40-21g-zelena-a100-sm\/","name":"INJ. IGLA SAFETY 0,8x40 21G ZELENA a\u00b4100 SM - Medicpro","isPartOf":{"@id":"https:\/\/medicpro.hr\/veleprodaja\/#website"},"primaryImageOfPage":{"@id":"https:\/\/medicpro.hr\/veleprodaja\/proizvod\/inj-igla-safety-08x40-21g-zelena-a100-sm\/#primaryimage"},"image":{"@id":"https:\/\/medicpro.hr\/veleprodaja\/proizvod\/inj-igla-safety-08x40-21g-zelena-a100-sm\/#primaryimage"},"thumbnailUrl":"https:\/\/medicpro.hr\/veleprodaja\/wp-content\/uploads\/2025\/09\/INJ-IGLA-SAFETY-08x40-21G-ZELENA-a\u00b4100-SM-2.jpg","datePublished":"2025-09-16T12:34:12+00:00","dateModified":"2026-01-29T08:49:33+00:00","breadcrumb":{"@id":"https:\/\/medicpro.hr\/veleprodaja\/proizvod\/inj-igla-safety-08x40-21g-zelena-a100-sm\/#breadcrumb"},"inLanguage":"hr","potentialAction":[{"@type":"ReadAction","target":["https:\/\/medicpro.hr\/veleprodaja\/proizvod\/inj-igla-safety-08x40-21g-zelena-a100-sm\/"]}]},{"@type":"ImageObject","inLanguage":"hr","@id":"https:\/\/medicpro.hr\/veleprodaja\/proizvod\/inj-igla-safety-08x40-21g-zelena-a100-sm\/#primaryimage","url":"https:\/\/medicpro.hr\/veleprodaja\/wp-content\/uploads\/2025\/09\/INJ-IGLA-SAFETY-08x40-21G-ZELENA-a\u00b4100-SM-2.jpg","contentUrl":"https:\/\/medicpro.hr\/veleprodaja\/wp-content\/uploads\/2025\/09\/INJ-IGLA-SAFETY-08x40-21G-ZELENA-a\u00b4100-SM-2.jpg","width":1000,"height":1000,"caption":"INJ-IGLA-SAFETY-0,8x40-21G-ZELENA-a\u00b4100-SM"},{"@type":"BreadcrumbList","@id":"https:\/\/medicpro.hr\/veleprodaja\/proizvod\/inj-igla-safety-08x40-21g-zelena-a100-sm\/#breadcrumb","itemListElement":[{"@type":"ListItem","position":1,"name":"Po\u010detna stranica","item":"https:\/\/medicpro.hr\/veleprodaja\/"},{"@type":"ListItem","position":2,"name":"Veleprodaja","item":"https:\/\/medicpro.hr\/veleprodaja\/trgovina\/"},{"@type":"ListItem","position":3,"name":"INJ. IGLA SAFETY 0,8&#215;40 21G ZELENA a\u00b4100 SM"}]},{"@type":"WebSite","@id":"https:\/\/medicpro.hr\/veleprodaja\/#website","url":"https:\/\/medicpro.hr\/veleprodaja\/","name":"Medicpro.hr","description":"Medicinski potro\u0161ni materijal i oprema","publisher":{"@id":"https:\/\/medicpro.hr\/veleprodaja\/#organization"},"potentialAction":[{"@type":"SearchAction","target":{"@type":"EntryPoint","urlTemplate":"https:\/\/medicpro.hr\/veleprodaja\/?s={search_term_string}"},"query-input":{"@type":"PropertyValueSpecification","valueRequired":true,"valueName":"search_term_string"}}],"inLanguage":"hr"},{"@type":"Organization","@id":"https:\/\/medicpro.hr\/veleprodaja\/#organization","name":"Medicpro d.o.o.","url":"https:\/\/medicpro.hr\/veleprodaja\/","logo":{"@type":"ImageObject","inLanguage":"hr","@id":"https:\/\/medicpro.hr\/veleprodaja\/#\/schema\/logo\/image\/","url":"https:\/\/medicpro.hr\/veleprodaja\/wp-content\/uploads\/2025\/05\/medicpro_logo.svg","contentUrl":"https:\/\/medicpro.hr\/veleprodaja\/wp-content\/uploads\/2025\/05\/medicpro_logo.svg","width":226,"height":42,"caption":"Medicpro d.o.o."},"image":{"@id":"https:\/\/medicpro.hr\/veleprodaja\/#\/schema\/logo\/image\/"}}]}},"_links":{"self":[{"href":"https:\/\/medicpro.hr\/veleprodaja\/wp-json\/wp\/v2\/product\/2059892","targetHints":{"allow":["GET"]}}],"collection":[{"href":"https:\/\/medicpro.hr\/veleprodaja\/wp-json\/wp\/v2\/product"}],"about":[{"href":"https:\/\/medicpro.hr\/veleprodaja\/wp-json\/wp\/v2\/types\/product"}],"replies":[{"embeddable":true,"href":"https:\/\/medicpro.hr\/veleprodaja\/wp-json\/wp\/v2\/comments?post=2059892"}],"wp:featuredmedia":[{"embeddable":true,"href":"https:\/\/medicpro.hr\/veleprodaja\/wp-json\/wp\/v2\/media\/2060332"}],"wp:attachment":[{"href":"https:\/\/medicpro.hr\/veleprodaja\/wp-json\/wp\/v2\/media?parent=2059892"}],"wp:term":[{"taxonomy":"product_brand","embeddable":true,"href":"https:\/\/medicpro.hr\/veleprodaja\/wp-json\/wp\/v2\/product_brand?post=2059892"},{"taxonomy":"product_cat","embeddable":true,"href":"https:\/\/medicpro.hr\/veleprodaja\/wp-json\/wp\/v2\/product_cat?post=2059892"},{"taxonomy":"product_tag","embeddable":true,"href":"https:\/\/medicpro.hr\/veleprodaja\/wp-json\/wp\/v2\/product_tag?post=2059892"}],"curies":[{"name":"wp","href":"https:\/\/api.w.org\/{rel}","templated":true}]}}