{"id":356,"date":"2025-05-06T09:19:52","date_gmt":"2025-05-06T09:19:52","guid":{"rendered":"https:\/\/medicpro.kuhada.net\/?page_id=356"},"modified":"2025-09-11T09:39:34","modified_gmt":"2025-09-11T07:39:34","slug":"nacini-placanja","status":"publish","type":"page","link":"https:\/\/medicpro.hr\/veleprodaja\/nacini-placanja\/","title":{"rendered":"Na\u010dini pla\u0107anja"},"content":{"rendered":"<h4><span style=\"color: #3ea3cb;\"><strong>PLA\u0106ANJE ZA NARUD\u017dBE UNUTAR HRVATSKE<\/strong><\/span><\/h4>\n<p><strong>Pla\u0107anje za narud\u017ebe unutar Hrvatske mo\u017eete izvr\u0161iti na sljede\u0107e na\u010dine:<\/strong><\/p>\n<ul>\n<li>UPLATOM NA NA\u0160 POSLOVNI RA\u010cUN (op\u0107om uplatnicom ili internet bankarstvom)<\/li>\n<li>POUZE\u0106EM ODNOSNO GOTOVINOM PRILIKOM PREUZIMANJA PAKETA<\/li>\n<li>ONLINE PLATNIM KARTICAMA<\/li>\n<\/ul>\n<p>Omogu\u0107eno Vam je pla\u0107anje sljede\u0107im platnim karticama: MasterCard\u00ae, Maestro\u00ae, Visa te Diners Club i Discover.<\/p>\n<p>Prilikom <strong>osobnog preuzimanja robe u na\u0161em skladi\u0161tu<\/strong>, pla\u0107anje je mogu\u0107e izvr\u0161iti samo <strong>gotovinom<\/strong>. Mogu\u0107e je uplatu izvr\u0161iti i prilikom narud\u017ebe na na\u0161 poslovni ra\u010dun ili platnim karticama, a roba se izdaje nakon \u0161to evidentiramo uplatu na na\u0161em poslovnom ra\u010dunu (obi\u010dno 2-3 sata nakon \u0161to izvr\u0161ite uplatu odnosno sukladno terminskom planu banke) tj. odmah nakon uplate platnim karticama. <strong>Robu je mogu\u0107e podi\u0107i tek nakon \u0161to Vas o tome obavijestimo e-mailom ili telefonom.<\/strong><\/p>\n<p>Kod pla\u0107anja pouze\u0107em prilikom preuzimanja po\u0161iljke od kurira, pla\u0107anje je mogu\u0107e izvr\u0161iti gotovinom. Ukoliko odaberete pla\u0107anje <strong>pouze\u0107em<\/strong>, napla\u0107uje se naknada u iznosu od <strong>1,00 euro bez PDV-a <\/strong>bez obzira na to koju kurirsku slu\u017ebu odaberete. Naknada \u0107e biti prikazana na ra\u010dunu.<\/p>\n<p>&nbsp;<\/p>\n<h5><span style=\"color: #bb1c5e;\"><strong>PODACI ZA UPLATU NA NA\u0160 POSLOVNI RA\u010cUN:<\/strong><\/span><\/h5>\n<p>NAZIV PRIMATELJA: Medicpro d.o.o.<\/p>\n<p>IBAN PRIMATELJA: HR9724020061100534965, Erste&amp;Steierm\u00e4rkische Bank d.d.<\/p>\n<p>MODEL: 00<\/p>\n<p>POZIV NA BROJ ODOBRENJA: upi\u0161ite broj Va\u0161e web narud\u017ebe (koji ste dobili u potvrdi narud\u017ebe na e-mail)\/ odnosno broj ponude ako ste narud\u017ebu napravili preko e-maila ili telefona<\/p>\n<p>OPIS PLA\u0106ANJA: Pla\u0107anje po narud\u017ebi (ponudi) br. __<\/p>\n<p>&nbsp;<\/p>\n<p>Kada na web shopu prilikom narud\u017ebe odaberete na\u010din pla\u0107anja uplatom na poslovni ra\u010dun, u mailu potvrde narud\u017ebe koji \u0107e Vam sti\u0107i na Va\u0161u e-mail adresu <strong>primit \u0107ete sve potrebne podatke za uplatu kao i barkod<\/strong> koji mo\u017eete jednostavno o\u010ditati i na taj na\u010din Vam se polja za uplatu automatski popune unutar Va\u0161e mobilne aplikacije za pla\u0107anje.<\/p>\n<p>&nbsp;<\/p>\n<p><strong>Izjava o sigurnosti online pla\u0107anja<\/strong><\/p>\n<p>Prilikom pla\u0107anja na na\u0161em web shopu koristite CorvusPay sustav. Radi se o naprednom sustavu za siguran prihvat platnih kartica putem interneta.<\/p>\n<p>CorvusPay osigurava potpunu tajnost Va\u0161ih karti\u010dnih te osobnih podataka \u010dim ih upi\u0161ete u CorvusPay platni formular. Platni podaci koji se proslje\u0111uju od Va\u0161eg web preglednika do banke koja je izdala Va\u0161u karticu jesu \u0161ifrirani. Na\u0161 web shop nikada ne dolazi u kontakt s cjelovitim podacima Va\u0161e platne kartice. \u010cak su i djelatnicima CorvusPay-a su podaci nedostupni. Izolirana jezgra samostalno prenosi i upravlja osjetljivim podacima, pri \u010demu ih \u010duva i time ih \u010dini potpuno sigurnima.<\/p>\n<p>Formular za upis platnih podataka osiguran je SSL transportnom \u0161ifrom najve\u0107e pouzdanosti. Svi skladi\u0161teni podaci dodatno su za\u0161ti\u0107eni \u0161ifriranjem, kori\u0161tenjem kriptografskog ure\u0111aja certificiranog prema FIPS 140-2 Level 3 standardu. CorvusPay zadovoljava sve zahtjeve koji su vezani za sigurnost on-line pla\u0107anja, a propisani od strane vode\u0107ih karti\u010dnih brandova, tj. posluje sukladno normi \u2013 PCI DSS Level 1 (najvi\u0161i sigurnosni standard industrije platnih kartica). Prilikom pla\u0107anja kartica koje su uvr\u0161tene u 3-D Secure program, Va\u0161a banka (osim valjanost same kartice) dodatno potvr\u0111uje Va\u0161 identitet pomo\u0107u tokena ili lozinke.<\/p>\n<p>Sve prikupljene informacije CorvusPay smatra tajnima i tretira ih u skladu s tim, a koriste se isklju\u010divo u svrhe za koje su namijenjene. Va\u0161i osjetljivi podaci u potpunosti su sigurni, pri \u010demu je njihova privatnost zajam\u010dena najmodernijim za\u0161titnim mehanizmima. Prikupljaju se isklju\u010divo oni podaci koji su nu\u017eni za obavljanje posla sukladno propisanim zahtjevnim procedurama za on-line pla\u0107anje.<\/p>\n<p>Sigurnosne kontrole i operativne procedure primijenjene na CorvusPay infrastrukturi osiguravaju trenutnu pouzdanost samog CorvusPay sustava. CorvusPay odr\u017eava strogu kontrolu pristupa na na\u010din da redovito prati sigurnost i radi dubinske provjere kako bi se sprije\u010dile ranjivosti mre\u017ee. Planskim provo\u0111enjem odredbi o informacijskoj sigurnosti trajno se odr\u017eava i unaprje\u0111uje stupanj sigurnosti sustava za\u0161titom Va\u0161ih karti\u010dnih podataka.<\/p>\n<p>&nbsp;<\/p>\n<h4><span style=\"color: #3ea3cb;\"><strong>PLA\u0106ANJE ZA NARUD\u017dBE IZ SLOVENIJE<\/strong><\/span><\/h4>\n<p><strong>Pla\u0107anje narud\u017ebi iz Slovenije mo\u017eete izvr\u0161iti na sljede\u0107e na\u010dine:<\/strong><\/p>\n<ul>\n<li>UPLATOM NA NA\u0160 POSLOVNI RA\u010cUN (op\u0107om uplatnicom ili internet bankarstvom)<\/li>\n<li>POUZE\u0106EM ODNOSNO GOTOVINOM PRILIKOM PREUZIMANJA PAKETA<\/li>\n<li>ONLINE PLATNIM KARTICAMA<\/li>\n<\/ul>\n<p>Prilikom <strong>osobnog preuzimanja robe u na\u0161em skladi\u0161tu<\/strong>, pla\u0107anje je mogu\u0107e izvr\u0161iti samo <strong>gotovinom<\/strong>. Mogu\u0107e je uplatu izvr\u0161iti i prilikom narud\u017ebe na na\u0161 poslovni ra\u010dun ili platnim karticama, a roba se izdaje nakon \u0161to evidentiramo uplatu na na\u0161em poslovnom ra\u010dunu tj. odmah nakon uplate ukoliko pla\u0107ate platnim karticama. <strong>Robu je mogu\u0107e podi\u0107i tek nakon \u0161to Vas o tome obavijestimo e-mailom ili telefonom.<\/strong><\/p>\n<p>Kod pla\u0107anja pouze\u0107em prilikom preuzimanja po\u0161iljke od kurira, pla\u0107anje je mogu\u0107e izvr\u0161iti gotovinom. Ukoliko odaberete pla\u0107anje <strong>pouze\u0107em<\/strong>, napla\u0107uje se naknada u iznosu od <strong>2,65 eura bez PDV-a <\/strong>bez obzira na to koju kurirsku slu\u017ebu odaberete. Naknada \u0107e biti prikazana na ra\u010dunu.<\/p>\n<p>&nbsp;<\/p>\n<h5><span style=\"color: #bb1c5e;\"><strong>PODACI ZA UPLATU NA NA\u0160 POSLOVNI RA\u010cUN:<\/strong><\/span><\/h5>\n<p>NAZIV PRIMATELJA: Medicpro d.o.o.<\/p>\n<p>IBAN PRIMATELJA: HR9724020061100534965, Erste&amp;Steierm\u00e4rkische Bank d.d.<\/p>\n<p>MODEL: 00<\/p>\n<p>POZIV NA BROJ ODOBRENJA: upi\u0161ite broj Va\u0161e web narud\u017ebe (koji ste dobili u potvrdi narud\u017ebe na e-mail)\/ odnosno broj ponude ako ste narud\u017ebu napravili preko e-maila ili telefona<\/p>\n<p>OPIS PLA\u0106ANJA: Pla\u0107anje po narud\u017ebi (ponudi) br. __<\/p>\n<p>&nbsp;<\/p>\n<p>Kada na web shopu prilikom narud\u017ebe odaberete na\u010din pla\u0107anja uplatom na poslovni ra\u010dun, u mailu potvrde narud\u017ebe koji \u0107e Vam sti\u0107i na Va\u0161u e-mail adresu <strong>primit \u0107ete sve potrebne podatke za uplatu kao i barkod<\/strong> koji mo\u017eete jednostavno o\u010ditati i na taj na\u010din Vam se polja za uplatu automatski popune unutar Va\u0161e mobilne aplikacije za pla\u0107anje.<\/p>\n<p>&nbsp;<\/p>\n<h4><span style=\"color: #3ea3cb;\"><strong>PLA\u0106ANJE ZA NARUD\u017dBE IZ OSTALIH EU ZEMALJA<\/strong><\/span><\/h4>\n<p><strong>Pla\u0107anje narud\u017ebi iz ostalih EU zemalja mo\u017eete izvr\u0161iti na sljede\u0107e na\u010dine:<\/strong><\/p>\n<ul>\n<li>UPLATOM NA NA\u0160 POSLOVNI RA\u010cUN (op\u0107om uplatnicom ili internet bankarstvom)<\/li>\n<li>ONLINE PLATNIM KARTICAMA<\/li>\n<\/ul>\n<p>&nbsp;<\/p>\n<h5><span style=\"color: #bb1c5e;\">PODACI ZA UPLATU NA NA\u0160 POSLOVNI RA\u010cUN:<\/span><\/h5>\n<p>NAZIV PRIMATELJA: Medicpro d.o.o.<\/p>\n<p>IBAN PRIMATELJA: HR9724020061100534965, Erste&amp;Steierm\u00e4rkische Bank d.d.<\/p>\n<p>MODEL: 00<\/p>\n<p>POZIV NA BROJ ODOBRENJA: upi\u0161ite broj Va\u0161e web narud\u017ebe (koji ste dobili u potvrdi narud\u017ebe na e-mail)\/ odnosno broj ponude ako ste narud\u017ebu napravili preko e-maila ili telefona<\/p>\n<p>OPIS PLA\u0106ANJA: Pla\u0107anje po narud\u017ebi (ponudi) br. __<\/p>\n<p>&nbsp;<\/p>\n<p>Kada na web shopu prilikom narud\u017ebe odaberete na\u010din pla\u0107anja uplatom na poslovni ra\u010dun, u mailu potvrde narud\u017ebe koji \u0107e Vam sti\u0107i na Va\u0161u e-mail adresu primit \u0107ete sve potrebne podatke za uplatu kao i barkod koji mo\u017eete jednostavno o\u010ditati i na taj na\u010din Vam se polja za uplatu automatski popune unutar Va\u0161e mobilne aplikacije za pla\u0107anje.<\/p>\n","protected":false},"excerpt":{"rendered":"<p>PLA\u0106ANJE ZA NARUD\u017dBE UNUTAR HRVATSKE Pla\u0107anje za narud\u017ebe unutar Hrvatske mo\u017eete izvr\u0161iti na sljede\u0107e na\u010dine: UPLATOM NA NA\u0160 POSLOVNI RA\u010cUN<\/p>\n","protected":false},"author":1,"featured_media":0,"parent":0,"menu_order":0,"comment_status":"closed","ping_status":"closed","template":"","meta":{"footnotes":""},"class_list":["post-356","page","type-page","status-publish","hentry"],"acf":[],"yoast_head":"<!-- This site is optimized with the Yoast SEO plugin v27.3 - https:\/\/yoast.com\/product\/yoast-seo-wordpress\/ -->\n<title>Na\u010dini pla\u0107anja - Medicpro<\/title>\n<meta name=\"robots\" content=\"index, follow, max-snippet:-1, max-image-preview:large, max-video-preview:-1\" \/>\n<link rel=\"canonical\" href=\"https:\/\/medicpro.hr\/veleprodaja\/nacini-placanja\/\" \/>\n<meta property=\"og:locale\" content=\"hr_HR\" \/>\n<meta property=\"og:type\" content=\"article\" \/>\n<meta property=\"og:title\" content=\"Na\u010dini pla\u0107anja - Medicpro\" \/>\n<meta property=\"og:description\" content=\"PLA\u0106ANJE ZA NARUD\u017dBE UNUTAR HRVATSKE Pla\u0107anje za narud\u017ebe unutar Hrvatske mo\u017eete izvr\u0161iti na sljede\u0107e na\u010dine: UPLATOM NA NA\u0160 POSLOVNI RA\u010cUN\" \/>\n<meta property=\"og:url\" content=\"https:\/\/medicpro.hr\/veleprodaja\/nacini-placanja\/\" \/>\n<meta property=\"og:site_name\" content=\"Medicpro\" \/>\n<meta property=\"article:modified_time\" content=\"2025-09-11T07:39:34+00:00\" \/>\n<meta name=\"twitter:card\" content=\"summary_large_image\" \/>\n<meta name=\"twitter:label1\" content=\"Procijenjeno vrijeme \u010ditanja\" \/>\n\t<meta name=\"twitter:data1\" content=\"6 minuta\" \/>\n<script type=\"application\/ld+json\" class=\"yoast-schema-graph\">{\"@context\":\"https:\\\/\\\/schema.org\",\"@graph\":[{\"@type\":\"WebPage\",\"@id\":\"https:\\\/\\\/medicpro.hr\\\/veleprodaja\\\/nacini-placanja\\\/\",\"url\":\"https:\\\/\\\/medicpro.hr\\\/veleprodaja\\\/nacini-placanja\\\/\",\"name\":\"Na\u010dini pla\u0107anja - Medicpro\",\"isPartOf\":{\"@id\":\"https:\\\/\\\/medicpro.hr\\\/veleprodaja\\\/#website\"},\"datePublished\":\"2025-05-06T09:19:52+00:00\",\"dateModified\":\"2025-09-11T07:39:34+00:00\",\"breadcrumb\":{\"@id\":\"https:\\\/\\\/medicpro.hr\\\/veleprodaja\\\/nacini-placanja\\\/#breadcrumb\"},\"inLanguage\":\"hr\",\"potentialAction\":[{\"@type\":\"ReadAction\",\"target\":[\"https:\\\/\\\/medicpro.hr\\\/veleprodaja\\\/nacini-placanja\\\/\"]}]},{\"@type\":\"BreadcrumbList\",\"@id\":\"https:\\\/\\\/medicpro.hr\\\/veleprodaja\\\/nacini-placanja\\\/#breadcrumb\",\"itemListElement\":[{\"@type\":\"ListItem\",\"position\":1,\"name\":\"Po\u010detna stranica\",\"item\":\"https:\\\/\\\/medicpro.hr\\\/veleprodaja\\\/\"},{\"@type\":\"ListItem\",\"position\":2,\"name\":\"Na\u010dini pla\u0107anja\"}]},{\"@type\":\"WebSite\",\"@id\":\"https:\\\/\\\/medicpro.hr\\\/veleprodaja\\\/#website\",\"url\":\"https:\\\/\\\/medicpro.hr\\\/veleprodaja\\\/\",\"name\":\"Medicpro.hr\",\"description\":\"Medicinski potro\u0161ni materijal i oprema\",\"publisher\":{\"@id\":\"https:\\\/\\\/medicpro.hr\\\/veleprodaja\\\/#organization\"},\"potentialAction\":[{\"@type\":\"SearchAction\",\"target\":{\"@type\":\"EntryPoint\",\"urlTemplate\":\"https:\\\/\\\/medicpro.hr\\\/veleprodaja\\\/?s={search_term_string}\"},\"query-input\":{\"@type\":\"PropertyValueSpecification\",\"valueRequired\":true,\"valueName\":\"search_term_string\"}}],\"inLanguage\":\"hr\"},{\"@type\":\"Organization\",\"@id\":\"https:\\\/\\\/medicpro.hr\\\/veleprodaja\\\/#organization\",\"name\":\"Medicpro d.o.o.\",\"url\":\"https:\\\/\\\/medicpro.hr\\\/veleprodaja\\\/\",\"logo\":{\"@type\":\"ImageObject\",\"inLanguage\":\"hr\",\"@id\":\"https:\\\/\\\/medicpro.hr\\\/veleprodaja\\\/#\\\/schema\\\/logo\\\/image\\\/\",\"url\":\"https:\\\/\\\/medicpro.hr\\\/veleprodaja\\\/wp-content\\\/uploads\\\/2025\\\/05\\\/medicpro_logo.svg\",\"contentUrl\":\"https:\\\/\\\/medicpro.hr\\\/veleprodaja\\\/wp-content\\\/uploads\\\/2025\\\/05\\\/medicpro_logo.svg\",\"width\":226,\"height\":42,\"caption\":\"Medicpro d.o.o.\"},\"image\":{\"@id\":\"https:\\\/\\\/medicpro.hr\\\/veleprodaja\\\/#\\\/schema\\\/logo\\\/image\\\/\"}}]}<\/script>\n<!-- \/ Yoast SEO plugin. -->","yoast_head_json":{"title":"Na\u010dini pla\u0107anja - Medicpro","robots":{"index":"index","follow":"follow","max-snippet":"max-snippet:-1","max-image-preview":"max-image-preview:large","max-video-preview":"max-video-preview:-1"},"canonical":"https:\/\/medicpro.hr\/veleprodaja\/nacini-placanja\/","og_locale":"hr_HR","og_type":"article","og_title":"Na\u010dini pla\u0107anja - Medicpro","og_description":"PLA\u0106ANJE ZA NARUD\u017dBE UNUTAR HRVATSKE Pla\u0107anje za narud\u017ebe unutar Hrvatske mo\u017eete izvr\u0161iti na sljede\u0107e na\u010dine: UPLATOM NA NA\u0160 POSLOVNI RA\u010cUN","og_url":"https:\/\/medicpro.hr\/veleprodaja\/nacini-placanja\/","og_site_name":"Medicpro","article_modified_time":"2025-09-11T07:39:34+00:00","twitter_card":"summary_large_image","twitter_misc":{"Procijenjeno vrijeme \u010ditanja":"6 minuta"},"schema":{"@context":"https:\/\/schema.org","@graph":[{"@type":"WebPage","@id":"https:\/\/medicpro.hr\/veleprodaja\/nacini-placanja\/","url":"https:\/\/medicpro.hr\/veleprodaja\/nacini-placanja\/","name":"Na\u010dini pla\u0107anja - Medicpro","isPartOf":{"@id":"https:\/\/medicpro.hr\/veleprodaja\/#website"},"datePublished":"2025-05-06T09:19:52+00:00","dateModified":"2025-09-11T07:39:34+00:00","breadcrumb":{"@id":"https:\/\/medicpro.hr\/veleprodaja\/nacini-placanja\/#breadcrumb"},"inLanguage":"hr","potentialAction":[{"@type":"ReadAction","target":["https:\/\/medicpro.hr\/veleprodaja\/nacini-placanja\/"]}]},{"@type":"BreadcrumbList","@id":"https:\/\/medicpro.hr\/veleprodaja\/nacini-placanja\/#breadcrumb","itemListElement":[{"@type":"ListItem","position":1,"name":"Po\u010detna stranica","item":"https:\/\/medicpro.hr\/veleprodaja\/"},{"@type":"ListItem","position":2,"name":"Na\u010dini pla\u0107anja"}]},{"@type":"WebSite","@id":"https:\/\/medicpro.hr\/veleprodaja\/#website","url":"https:\/\/medicpro.hr\/veleprodaja\/","name":"Medicpro.hr","description":"Medicinski potro\u0161ni materijal i oprema","publisher":{"@id":"https:\/\/medicpro.hr\/veleprodaja\/#organization"},"potentialAction":[{"@type":"SearchAction","target":{"@type":"EntryPoint","urlTemplate":"https:\/\/medicpro.hr\/veleprodaja\/?s={search_term_string}"},"query-input":{"@type":"PropertyValueSpecification","valueRequired":true,"valueName":"search_term_string"}}],"inLanguage":"hr"},{"@type":"Organization","@id":"https:\/\/medicpro.hr\/veleprodaja\/#organization","name":"Medicpro d.o.o.","url":"https:\/\/medicpro.hr\/veleprodaja\/","logo":{"@type":"ImageObject","inLanguage":"hr","@id":"https:\/\/medicpro.hr\/veleprodaja\/#\/schema\/logo\/image\/","url":"https:\/\/medicpro.hr\/veleprodaja\/wp-content\/uploads\/2025\/05\/medicpro_logo.svg","contentUrl":"https:\/\/medicpro.hr\/veleprodaja\/wp-content\/uploads\/2025\/05\/medicpro_logo.svg","width":226,"height":42,"caption":"Medicpro d.o.o."},"image":{"@id":"https:\/\/medicpro.hr\/veleprodaja\/#\/schema\/logo\/image\/"}}]}},"_links":{"self":[{"href":"https:\/\/medicpro.hr\/veleprodaja\/wp-json\/wp\/v2\/pages\/356","targetHints":{"allow":["GET"]}}],"collection":[{"href":"https:\/\/medicpro.hr\/veleprodaja\/wp-json\/wp\/v2\/pages"}],"about":[{"href":"https:\/\/medicpro.hr\/veleprodaja\/wp-json\/wp\/v2\/types\/page"}],"author":[{"embeddable":true,"href":"https:\/\/medicpro.hr\/veleprodaja\/wp-json\/wp\/v2\/users\/1"}],"replies":[{"embeddable":true,"href":"https:\/\/medicpro.hr\/veleprodaja\/wp-json\/wp\/v2\/comments?post=356"}],"version-history":[{"count":7,"href":"https:\/\/medicpro.hr\/veleprodaja\/wp-json\/wp\/v2\/pages\/356\/revisions"}],"predecessor-version":[{"id":2059837,"href":"https:\/\/medicpro.hr\/veleprodaja\/wp-json\/wp\/v2\/pages\/356\/revisions\/2059837"}],"wp:attachment":[{"href":"https:\/\/medicpro.hr\/veleprodaja\/wp-json\/wp\/v2\/media?parent=356"}],"curies":[{"name":"wp","href":"https:\/\/api.w.org\/{rel}","templated":true}]}}